000
CXUS55 KJKL 011000
CF6JKL
PRELIMINARY LOCAL CLIMATOLOGICAL DATA (WS FORM: F-6)
STATION: JACKSON KY
MONTH: FEBRUARY
YEAR: 2021
LATITUDE: 37 35 N
LONGITUDE: 83 19 W
TEMPERATURE IN F: :PCPN: SNOW: WIND :SUNSHINE: SKY :PK WND
================================================================================
1 2 3 4 5 6A 6B 7 8 9 10 11 12 13 14 15 16 17 18
12Z AVG MX 2MIN
DY MAX MIN AVG DEP HDD CDD WTR SNW DPTH SPD SPD DIR MIN PSBL S-S WX SPD DR
================================================================================
1 36 26 31 -5 34 0 0.18 2.1 T 7.5 14 310 M M 10 1 23 300
2 33 25 29 -7 36 0 0.08 0.7 2 7.8 17 310 M M 6 1 27 320
3 40 25 33 -3 32 0 0.00 0.0 1 4.6 12 260 M M 5 19 300
4 47 27 37 1 28 0 0.05 0.0 T 5.1 18 190 M M 4 35 180
5 42 32 37 0 28 0 0.04 0.0 0 7.6 17 300 M M 6 1 27 270
6 43 33 38 1 27 0 0.00 0.0 0 3.6 7 260 M M 1 14 260
7 39 25 32 -5 33 0 0.09 0.8 1 2.3 13 320 M M 7 1 18 300
8 44 18 31 -6 34 0 0.00 0.0 T 2.7 9 330 M M 2 13 340
9 43 34 39 2 26 0 0.01 0.0 0 2.3 7 10 M M 8 1 11 350
10 38 32 35 -3 30 0 0.31 0.0 0 2.9 8 10 M M 10 16 15 10
11 33 26 30 -8 35 0 0.60 T T 3.7 7 40 M M 10 146 17 50
12 30 26 28 -10 37 0 T T T 0.9 7 320 M M 10 16 10 40
13 31 27 29 -9 36 0 T 0.0 0 1.4 8 340 M M 10 126 13 330
14 28 26 27 -11 38 0 T T T 2.2 6 30 M M 10 16 13 70
15 32 26 29 -10 36 0 0.99 T T 1.5 9 230 M M 10 146 19 200
16 32 14 23 -16 42 0 0.05 3.5 T 4.5 13 270 M M 10 16 23 250
17 23 13 18 -21 47 0 0.01 0.3 2 1.2 6 50 M M 8 1 14 40
18 32 23 28 -12 37 0 0.28 3.6 4 2.3 9 320 M M 10 1246 13 300
19 28 20 24 -16 41 0 T T 3 3.3 9 290 M M 10 16 15 290
20 32 13 23 -17 42 0 0.00 0.0 3 0.8 8 300 M M 3 1 13 310
21 49 20 35 -5 30 0 0.00 0.0 2 3.4 9 180 M M 0 17 170
22 47 36 42 2 23 0 0.35 0.0 T 7.9 16 270 M M 7 1 30 200
23 60 35 48 7 17 0 0.00 0.0 0 8.0 17 300 M M 0 30 260
24 73 43 58 17 7 0 T 0.0 0 7.7 17 230 M M 3 34 220
25 54 34 44 3 21 0 0.01 0.0 0 4.6 9 30 M M 2 8 16 50
26 48 33 41 -1 24 0 0.20 0.0 0 4.8 10 50 M M 5 1 17 40
27 57 47 52 10 13 0 1.14 0.0 0 4.2 9 280 M M 10 12 16 270
28 66 55 61 19 4 0 3.70 0.0 0 5.2 15 200 M M 10 123 28 170
================================================================================
SM 1160 794 838 0 8.09 11.0 114.0 M 187
================================================================================
AV 41.4 28.4 4.1 FASTST M M 7 MAX(MPH)
MISC ----> 18 190 35 180
================================================================================
NOTES:
# LAST OF SEVERAL OCCURRENCES
COLUMN 17 PEAK WIND IN M.P.H.
PRELIMINARY LOCAL CLIMATOLOGICAL DATA (WS FORM: F-6) , PAGE 2
STATION: JACKSON KY
MONTH: FEBRUARY
YEAR: 2021
LATITUDE: 37 35 N
LONGITUDE: 83 19 W
[TEMPERATURE DATA] [PRECIPITATION DATA] SYMBOLS USED IN COLUMN 16
AVERAGE MONTHLY: 34.9 TOTAL FOR MONTH: 8.09 1 = FOG OR MIST
DPTR FM NORMAL: -3.9 DPTR FM NORMAL: 4.34 2 = FOG REDUCING VISIBILITY
HIGHEST: 73 ON 24 GRTST 24HR 3.70 ON 28-28 TO 1/4 MILE OR LESS
LOWEST: 13 ON 20,17 3 = THUNDER
SNOW, ICE PELLETS, HAIL 4 = ICE PELLETS
TOTAL MONTH: 11.0 INCHES 5 = HAIL
GRTST 24HR 3.6 ON 18-18 6 = FREEZING RAIN OR DRIZZLE
GRTST DEPTH: 4 ON 18 7 = DUSTSTORM OR SANDSTORM:
VSBY 1/2 MILE OR LESS
8 = SMOKE OR HAZE
[NO. OF DAYS WITH] [WEATHER - DAYS WITH] 9 = BLOWING SNOW
X = TORNADO
MAX 32 OR BELOW: 9 0.01 INCH OR MORE: 17
MAX 90 OR ABOVE: 0 0.10 INCH OR MORE: 9
MIN 32 OR BELOW: 19 0.50 INCH OR MORE: 4
MIN 0 OR BELOW: 0 1.00 INCH OR MORE: 2
[HDD (BASE 65) ]
TOTAL THIS MO. 838 CLEAR (SCALE 0-3) 6
DPTR FM NORMAL 104 PTCLDY (SCALE 4-7) 9
TOTAL FM JUL 1 3096 CLOUDY (SCALE 8-10) 13
DPTR FM NORMAL -204
[CDD (BASE 65) ]
TOTAL THIS MO. 0
DPTR FM NORMAL 0 [PRESSURE DATA]
TOTAL FM JAN 1 0 HIGHEST SLP 30.48 ON 20
DPTR FM NORMAL 0 LOWEST SLP 29.59 ON 15
[REMARKS]
#FINAL-02-21#