000
CXUS53 KJKL 011310
CF6JKL
PRELIMINARY LOCAL CLIMATOLOGICAL DATA (WS FORM: F-6)
STATION: JACKSON KY
MONTH: AUGUST
YEAR: 2023
LATITUDE: 37 35 N
LONGITUDE: 83 19 W
TEMPERATURE IN F: :PCPN: SNOW: WIND :SUNSHINE: SKY :PK WND
================================================================================
1 2 3 4 5 6A 6B 7 8 9 10 11 12 13 14 15 16 17 18
12Z AVG MX 2MIN
DY MAX MIN AVG DEP HDD CDD WTR SNW DPTH SPD SPD DIR MIN PSBL S-S WX SPD DR
================================================================================
1 80 62 71 -5 0 6 0.00 0.0 0 0.8 6 130 M M 0 12 50
2 83 61 72 -4 0 7 0.00 0.0 0 1.0 6 180 M M 3 11 220
3 77 68 73 -3 0 8 0.80 0.0 0 0.4 7 310 M M 10 1 11 310
4 85 67 76 0 0 11 0.00 0.0 0 0.3 6 320 M M 5 12 8 310
5 88 66 77 1 0 12 0.00 0.0 0 0.8 6 150 M M 1 12 11 170
6 87 71 79 3 0 14 0.05 0.0 0 1.4 8 160 M M 4 1 18 270
7 84 69 77 1 0 12 0.77 T 0 4.5 14 290 M M 6 135 28 290
8 79 65 72 -3 0 7 T 0.0 0 1.8 9 310 M M 5 15 310
9 81 64 73 -2 0 8 T 0.0 0 1.7 9 170 M M 3 1 15 160
10 80 68 74 -1 0 9 1.03 0.0 0 3.0 12 310 M M 8 1 20 300
11 85 64 75 0 0 10 0.00 0.0 0 0.4 9 300 M M 3 12 14 290
12 83 68 76 1 0 11 0.00 0.0 0 2.2 9 170 M M 1 3 17 270
13 85 69 77 2 0 12 0.46 0.0 0 1.2 14 310 M M 5 13 24 280
14 83 70 77 2 0 12 0.35 0.0 0 2.7 10 170 M M 6 1 18 160
15 81 65 73 -2 0 8 0.00 0.0 0 2.9 13 310 M M 5 21 220
16 76 63 70 -5 0 5 0.00 0.0 0 0.4 5 160 M M 9 7 140
17 82 60 71 -4 0 6 0.00 0.0 0 1.6 8 180 M M 5 12 16 230
18 79 63 71 -4 0 6 0.00 0.0 0 1.9 9 330 M M 3 15 350
19 80 59 70 -5 0 5 0.00 0.0 0 1.4 7 130 M M 0 14 120
20 89 63 76 1 0 11 0.00 0.0 0 1.3 7 180 M M 0 12 180
21 89 69 79 4 0 14 0.00 0.0 0 0.3 6 320 M M 1 9 220
22 88 71 80 5 0 15 0.00 0.0 0 0.3 6 330 M M 2 12 10 20
23 90 67 79 5 0 14 0.00 0.0 0 0.5 6 290 M M 0 9 290
24 87 71 79 5 0 14 0.03 0.0 0 1.1 10 180 M M 1 13 22 340
25 91 69 80 6 0 15 1.36 0.0 0 2.7 22 320 M M 4 123 38 320
26 86 68 77 3 0 12 1.39 0.0 0 1.0 21 340 M M 6 123 40 340
27 77 68 73 -1 0 8 0.02 0.0 0 0.1 5 40 M M 9 12 9 80
28 79 65 72 -2 0 7 0.43 0.0 0 0.2 6 330 M M 6 12 10 10
29 75 65 70 -4 0 5 0.27 0.0 0 0.6 9 300 M M 9 123 14 290
30 77 61 69 -5 0 4 0.00 0.0 0 0.6 7 310 M M 5 12 9 330
31 71 57 64 -9 1 0 0.00 0.0 0 0.1 5 110 M M 5 10 200
================================================================================
SM 2557 2036 1 288 6.96 T 39.2 M 130
================================================================================
AV 82.5 65.7 1.3 FASTST M M 4 MAX(MPH)
MISC ----> 22 320 40 340
================================================================================
NOTES:
# LAST OF SEVERAL OCCURRENCES
COLUMN 17 PEAK WIND IN M.P.H.
PRELIMINARY LOCAL CLIMATOLOGICAL DATA (WS FORM: F-6) , PAGE 2
STATION: JACKSON KY
MONTH: AUGUST
YEAR: 2023
LATITUDE: 37 35 N
LONGITUDE: 83 19 W
[TEMPERATURE DATA] [PRECIPITATION DATA] SYMBOLS USED IN COLUMN 16
AVERAGE MONTHLY: 74.1 TOTAL FOR MONTH: 6.96 1 = FOG OR MIST
DPTR FM NORMAL: -0.8 DPTR FM NORMAL: 2.70 2 = FOG REDUCING VISIBILITY
HIGHEST: 91 ON 25 GRTST 24HR 2.64 ON 25-26 TO 1/4 MILE OR LESS
LOWEST: 57 ON 31 3 = THUNDER
SNOW, ICE PELLETS, HAIL 4 = ICE PELLETS
TOTAL MONTH: T 5 = HAIL
GRTST 24HR T ON 7- 7 6 = FREEZING RAIN OR DRIZZLE
GRTST DEPTH: 0 7 = DUSTSTORM OR SANDSTORM:
VSBY 1/2 MILE OR LESS
8 = SMOKE OR HAZE
[NO. OF DAYS WITH] [WEATHER - DAYS WITH] 9 = BLOWING SNOW
X = TORNADO
MAX 32 OR BELOW: 0 0.01 INCH OR MORE: 12
MAX 90 OR ABOVE: 2 0.10 INCH OR MORE: 9
MIN 32 OR BELOW: 0 0.50 INCH OR MORE: 5
MIN 0 OR BELOW: 0 1.00 INCH OR MORE: 3
[HDD (BASE 65) ]
TOTAL THIS MO. 1 CLEAR (SCALE 0-3) 12
DPTR FM NORMAL 0 PTCLDY (SCALE 4-7) 15
TOTAL FM JUL 1 1 CLOUDY (SCALE 8-10) 4
DPTR FM NORMAL 1
[CDD (BASE 65) ]
TOTAL THIS MO. 288
DPTR FM NORMAL -18 [PRESSURE DATA]
TOTAL FM JAN 1 907 HIGHEST SLP 30.19 ON 21
DPTR FM NORMAL -127 LOWEST SLP 29.72 ON 10
[REMARKS]
#FINAL-08-23#