000
CXUS53 KJKL 071305
CLMJKL
CLIMATE REPORT
NATIONAL WEATHER SERVICE JACKSON KY
805 AM EST THU MAR 07 2024
...................................
...THE JACKSON KY CLIMATE SUMMARY FOR THE MONTH OF FEBRUARY 2024...
CLIMATE NORMAL PERIOD 1991 TO 2020
CLIMATE RECORD PERIOD 1981 TO 2024
WEATHER OBSERVED NORMAL DEPART LAST YEAR`S
VALUE DATE(S) VALUE FROM VALUE DATE(S)
NORMAL
................................................................
TEMPERATURE (F)
RECORD
HIGH 80 02/23/2018
02/21/2018
02/20/2018
LOW -8 02/04/1996
HIGHEST 72 02/26 71 1 80 02/22
LOWEST 17 02/18 10 7 17 02/04
AVG. MAXIMUM 56.5 48.8 7.7 57.5
AVG. MINIMUM 36.1 30.5 5.6 38.8
MEAN 46.3 39.7 6.6 48.2
DAYS MAX >= 90 0 0.0 0.0 0
DAYS MAX <= 32 1 3.5 -2.5 2
DAYS MIN <= 32 14 17.0 -3.0 8
DAYS MIN <= 0 0 0.1 -0.1 0
PRECIPITATION (INCHES)
RECORD
MAXIMUM 8.87 2019
MINIMUM 1.20 2007
TOTALS 5.66 4.06 1.60 5.14
DAILY AVG. 0.20 0.15 0.05 0.18
DAYS >= .01 11 13.8 -2.8 11
DAYS >= .10 8 8.5 -0.5 5
DAYS >= .50 5 2.7 2.3 2
DAYS >= 1.00 2 0.9 1.1 2
GREATEST
24 HR. TOTAL 1.92 02/12 TO 02/13 3.84
SNOWFALL (INCHES)
RECORDS
TOTAL 21.5 2015
TOTALS 1.1 6.7 -5.6 0.4
SINCE 7/1 15.4 19.0 -3.6 3.1
SNOWDEPTH AVG. 0 0
DAYS >= 1.0 1 2.1 -1.1 0
GREATEST
SNOW DEPTH 1 02/17 T
24 HR TOTAL 1.1 02/16 TO 02/16 0.5
DEGREE DAYS
HEATING TOTAL 535 710 -175 466
SINCE 7/1 2713 3228 -515 2636
COOLING TOTAL 0 1 -1 3
SINCE 1/1 0 1 -1 3
................................................................
WIND (MPH)
AVERAGE WIND SPEED 5.0
HIGHEST WIND SPEED/DIRECTION 21/300 DATE 02/28
HIGHEST GUST SPEED/DIRECTION 35/230 DATE 02/15
SKY COVER
POSSIBLE SUNSHINE (PERCENT) MM
AVERAGE SKY COVER 0.35
NUMBER OF DAYS FAIR 17
NUMBER OF DAYS PC 5
NUMBER OF DAYS CLOUDY 7
AVERAGE RH (PERCENT) 60
WEATHER CONDITIONS. NUMBER OF DAYS WITH
THUNDERSTORM 3 MIXED PRECIP 0
HEAVY RAIN 5 RAIN 7
LIGHT RAIN 12 FREEZING RAIN 0
LT FREEZING RAIN 0 HAIL 0
HEAVY SNOW 0 SNOW 1
LIGHT SNOW 4 SLEET 0
FOG 11 FOG W/VIS <= 1/4 MILE 6
HAZE 0
- INDICATES NEGATIVE NUMBERS.
R INDICATES RECORD WAS SET OR TIED.
MM INDICATES DATA IS MISSING.
T INDICATES TRACE AMOUNT.
$$
CARICO