000
CXUS53 KJKL 011732
CLSJKL
CLIMATE REPORT
NATIONAL WEATHER SERVICE JACKSON KY
1232 PM EST FRI DEC 01 2023
...................................
...THE JACKSON KY CLIMATE SUMMARY FOR THE SEASON, FROM
9/1/2023 TO 11/30/2023...
CLIMATE NORMAL PERIOD 1991 TO 2020
CLIMATE RECORD PERIOD 1981 TO 2023
WEATHER OBSERVED NORMAL DEPART LAST YEAR`S
VALUE DATE(S) VALUE FROM VALUE DATE(S)
NORMAL
................................................................
TEMPERATURE (F)
RECORD
HIGH 98 09/10/2019
LOW 13 11/13/2019
11/14/1986
HIGHEST 87 09/03 MM MM 91 09/21
09/04
09/06
LOWEST 20 11/29 MM MM 21 11/19
11/20
AVG. MAXIMUM 69.5 68.4 1.1 67.8
AVG. MINIMUM 50.5 48.8 1.7 48.3
MEAN 60.0 58.6 1.4 58.1
DAYS MAX >= 90 0 2.2 -2.2 1
DAYS MAX <= 32 0 0.5 -0.5 0
DAYS MIN <= 32 7 9.6 -2.6 11
DAYS MIN <= 0 0 0.0 0.0 0
PRECIPITATION (INCHES)
RECORD
MAXIMUM 19.20 2018
MINIMUM 4.32 2001
TOTALS 4.98 10.37 -5.39 4.95
DAILY AVG. 0.06 0.11 -0.05 0.05
DAYS >= .01 21 28.7 -7.7 31
DAYS >= .10 13 18.2 -5.2 13
DAYS >= .50 5 7.1 -2.1 3
DAYS >= 1.00 0 2.5 -2.5 0
GREATEST
24 HR. TOTAL MM MM
SNOWFALL (INCHES)
RECORDS
TOTAL 5.1 1995
24 HR TOTAL 4.3 11/28/1995 TO 11/28/1995
TOTALS T 0.8 -0.8 T
SINCE 7/1 T 0.8 -0.8 MM
SNOWDEPTH AVG. 0 0
DAYS >= 1.0 0 0.4 -0.4 0
GREATEST
24 HR TOTAL T 11/27 TO 11/27 T
DEGREE DAYS
HEATING TOTAL 646 783 -137 778
SINCE 7/1 647 784 -137 MM
COOLING TOTAL 215 201 14 171
SINCE 1/1 1122 1235 -113 MM
................................................................
WIND (MPH)
AVERAGE WIND SPEED 2.4
RESULTANT WIND SPEED/DIRECTION 1/140
HIGHEST WIND SPEED/DIRECTION 20/310 DATE 10/31
HIGHEST GUST SPEED/DIRECTION 34/330 DATE 11/26
SKY COVER
POSSIBLE SUNSHINE (PERCENT) MM
NUMBER OF DAYS FAIR 53
NUMBER OF DAYS PC 23
NUMBER OF DAYS CLOUDY 15
AVERAGE RH (PERCENT) 70
WEATHER CONDITIONS. NUMBER OF DAYS WITH
THUNDERSTORM 3 MIXED PRECIP 0
HEAVY RAIN 8 RAIN 14
LIGHT RAIN 28 FREEZING RAIN 0
LT FREEZING RAIN 0 HAIL 0
HEAVY SNOW 0 SNOW 0
LIGHT SNOW 1 SLEET 0
FOG 39 FOG W/VIS <= 1/4 MILE 14
HAZE 6
- INDICATES NEGATIVE NUMBERS.
R INDICATES RECORD WAS SET OR TIED.
MM INDICATES DATA IS MISSING.
T INDICATES TRACE AMOUNT.
$$