000
CXHW50 PHFO 011250
CF6JRF
PRELIMINARY LOCAL CLIMATOLOGICAL DATA (WS FORM: F-6)
STATION: KALAELOA ARPT/OAHU HI
MONTH: APRIL
YEAR: 2023
LATITUDE: 21 19 N
LONGITUDE: 158 4 W
TEMPERATURE IN F: :PCPN: SNOW: WIND :SUNSHINE: SKY :PK WND
================================================================================
1 2 3 4 5 6A 6B 7 8 9 10 11 12 13 14 15 16 17 18
12Z AVG MX 2MIN
DY MAX MIN AVG DEP HDD CDD WTR SNW DPTH SPD SPD DIR MIN PSBL S-S WX SPD DR
================================================================================
1 80 69 75 0 0 10 0.02 M M 4.0 9 20 M M 4 14 20
2 80 68 74 -1 0 9 0.74 M M 5.8 14 10 M M 6 1 24 350
3 85 66 76 1 0 11 0.01 M M 7.1 18 110 M M 4 27 90
4 84 67 76 1 0 11 0.03 M M 8.1 15 360 M M 2 23 40
5 85 69 77 2 0 12 0.00 M M 7.8 16 30 M M 2 26 360
6 85 71 78 3 0 13 T M M 7.8 18 50 M M 4 29 40
7 83 68 76 1 0 11 T M M 6.9 16 50 M M 3 26 50
8 83 67 75 0 0 10 0.00 M M 6.4 15 350 M M 3 21 100
9 81 68 75 0 0 10 T M M 7.5 16 350 M M 4 8 24 350
10 85 67 76 0 0 11 T M M 7.6 17 40 M M 3 27 360
11 86 69 78 2 0 13 T M M 7.9 17 30 M M 3 27 10
12 85 71 78 2 0 13 0.00 M M 8.0 18 20 M M 1 27 360
13 85 69 77 1 0 12 0.00 M M 7.7 17 80 M M 3 24 70
14 86 69 78 2 0 13 0.00 M M 6.9 14 10 M M 1 23 340
15 86 65 76 0 0 11 0.00 M M 5.8 15 30 M M 2 22 320
16 83 66 75 -1 0 10 0.06 M M 6.6 15 110 M M 2 1 18 100
17 83 69 76 0 0 11 T M M 7.4 16 110 M M 2 19 110
18 81 71 76 0 0 11 0.29 M M 16.5 33 150 M M 6 18 39 150
19 83 72 78 2 0 13 0.88 M M 12.1 35 170 M M 3 1 49 150
20 82 74 78 2 0 13 0.01 M M 5.0 13 120 M M 7 16 140
21 84 70 77 1 0 12 0.01 M M 6.4 16 120 M M 2 1 19 120
22 84 69 77 1 0 12 0.00 M M 7.8 17 110 M M 4 21 110
23 83 65 74 -2 0 9 0.00 M M 6.4 13 170 M M 3 15 150
24 82 67 75 -1 0 10 0.01 M M 5.6 13 170 M M 5 15 180
25 85 73 79 3 0 14 T M M 8.9 15 350 M M 6 24 340
26 85 73 79 3 0 14 0.00 M M 7.7 17 110 M M 6 20 110
27 76 70 73 -3 0 8 T M M 6.0 14 260 M M 9 18 16 270
28 82 71 77 1 0 12 0.00 M M 4.9 12 130 M M 4 1 14 20
29 85 68 77 1 0 12 0.00 M M 7.5 15 80 M M 3 23 40
30 85 69 77 1 0 12 0.00 M M 6.4 13 10 M M 2 20 360
================================================================================
SM 2502 2070 0 343 2.06 M 220.5 M 109
================================================================================
AV 83.4 69.0 7.3 FASTST M M 4 MAX(MPH)
MISC ----> 35 170 49 150
================================================================================
NOTES:
# LAST OF SEVERAL OCCURRENCES
COLUMN 17 PEAK WIND IN M.P.H.
PRELIMINARY LOCAL CLIMATOLOGICAL DATA (WS FORM: F-6) , PAGE 2
STATION: KALAELOA ARPT/OAHU HI
MONTH: APRIL
YEAR: 2023
LATITUDE: 21 19 N
LONGITUDE: 158 4 W
[TEMPERATURE DATA] [PRECIPITATION DATA] SYMBOLS USED IN COLUMN 16
AVERAGE MONTHLY: 76.2 TOTAL FOR MONTH: 2.06 1 = FOG OR MIST
DPTR FM NORMAL: 0.5 DPTR FM NORMAL: 1.43 2 = FOG REDUCING VISIBILITY
HIGHEST: 86 ON 15,14 GRTST 24HR 1.15 ON 18-19 TO 1/4 MILE OR LESS
LOWEST: 65 ON 23,15 3 = THUNDER
SNOW, ICE PELLETS, HAIL 4 = ICE PELLETS
TOTAL MONTH: M 5 = HAIL
GRTST 24HR M ON M 6 = FREEZING RAIN OR DRIZZLE
GRTST DEPTH: M ON M 7 = DUSTSTORM OR SANDSTORM:
VSBY 1/2 MILE OR LESS
8 = SMOKE OR HAZE
[NO. OF DAYS WITH] [WEATHER - DAYS WITH] 9 = BLOWING SNOW
X = TORNADO
MAX 32 OR BELOW: 0 0.01 INCH OR MORE: 10
MAX 90 OR ABOVE: 0 0.10 INCH OR MORE: 3
MIN 32 OR BELOW: 0 0.50 INCH OR MORE: 2
MIN 0 OR BELOW: 0 1.00 INCH OR MORE: 0
[HDD (BASE 65) ]
TOTAL THIS MO. 0 CLEAR (SCALE 0-3) 15
DPTR FM NORMAL 0 PTCLDY (SCALE 4-7) 14
TOTAL FM JUL 1 0 CLOUDY (SCALE 8-10) 1
DPTR FM NORMAL 0
[CDD (BASE 65) ]
TOTAL THIS MO. 343
DPTR FM NORMAL 23 [PRESSURE DATA]
TOTAL FM JAN 1 1228 HIGHEST SLP 30.17 ON 11
DPTR FM NORMAL 169 LOWEST SLP 29.79 ON 19
[REMARKS]
#FINAL-04-23#