000
CXHW50 PHFO 011250
CF6JRF
PRELIMINARY LOCAL CLIMATOLOGICAL DATA (WS FORM: F-6)
STATION: KALAELOA ARPT/OAHU HI
MONTH: NOVEMBER
YEAR: 2021
LATITUDE: 21 19 N
LONGITUDE: 158 4 W
TEMPERATURE IN F: :PCPN: SNOW: WIND :SUNSHINE: SKY :PK WND
================================================================================
1 2 3 4 5 6A 6B 7 8 9 10 11 12 13 14 15 16 17 18
12Z AVG MX 2MIN
DY MAX MIN AVG DEP HDD CDD WTR SNW DPTH SPD SPD DIR MIN PSBL S-S WX SPD DR
================================================================================
1 M M M M M M 0.00 M M M M M M M M M M
2 M M M M M M 0.00 M M M M M M M M M M
3 M M M M M M 0.00 M M M M M M M M M M
4 M M M M M M 0.00 M M M M M M M M M M
5 88 75 82 4 0 17 T M M 7.1 17 110 M M 5 8 27 80
6 90 71 81 3 0 16 0.00 M M 7.7 17 90 M M 3 27 120
7 90 72 81 3 0 16 0.00 M M 6.0 14 60 M M 5 23 40
8 88 70 79 2 0 14 T M M 4.6 14 120 M M 5 19 130
9 86 70 78 1 0 13 0.00 M M 5.5 16 140 M M 3 18 140
10 74 67 71 -6 0 6 0.00 M M 4.0 6 40 M M 0 M M
11 M M M M M M 0.00 M M M M M M M M M M
12 86 71 79 2 0 14 0.02 M M 5.6 12 150 M M 2 14 130
13 85 72 79 2 0 14 0.00 M M 4.6 12 150 M M 1 13 140
14 82 70 76 -1 0 11 T M M 5.0 23 170 M M 4 27 180
15 84 72 78 1 0 13 T M M 5.3 17 290 M M 7 20 300
16 86 73 80 3 0 15 0.01 M M 3.3 9 180 M M 5 12 170
17 87 72 80 4 0 15 0.00 M M 5.1 12 210 M M 1 14 220
18 90 71 81 5 0 16 0.00 M M 6.3 15 130 M M 2 19 130
19 92 71 82 6 0 17 0.00 M M 5.8 17 140 M M 2 20 130
20 87 69 78 2 0 13 0.00 M M 6.3 15 150 M M 1 17 150
21 90 69 80 4 0 15 0.00 M M 5.5 15 110 M M 1 20 110
22 88 68 78 2 0 13 T M M 5.4 15 110 M M 6 19 100
23 88 72 80 4 0 15 0.00 M M 6.8 21 130 M M 4 26 110
24 87 67 77 1 0 12 0.00 M M 6.4 18 130 M M 1 24 130
25 89 68 79 3 0 14 0.00 M M 6.4 18 130 M M 1 22 140
26 88 71 80 4 0 15 0.00 M M 5.6 14 130 M M 1 17 130
27 85 64 75 -1 0 10 T M M 4.5 14 140 M M 6 16 130
28 86 69 78 2 0 13 T M M 6.5 17 30 M M 3 8 24 20
29 84 71 78 2 0 13 T M M 7.5 17 40 M M 2 26 30
30 87 70 79 3 0 14 T M M 6.9 16 110 M M 2 23 110
================================================================================
SM 2167 1755 0 344 0.03 M 143.7 M 73
================================================================================
AV 86.7 70.2 5.7 FASTST M M 3 MAX(MPH)
MISC ----> 23 170 # 27 80
================================================================================
NOTES:
# LAST OF SEVERAL OCCURRENCES
COLUMN 17 PEAK WIND IN M.P.H.
PRELIMINARY LOCAL CLIMATOLOGICAL DATA (WS FORM: F-6) , PAGE 2
STATION: KALAELOA ARPT/OAHU HI
MONTH: NOVEMBER
YEAR: 2021
LATITUDE: 21 19 N
LONGITUDE: 158 4 W
[TEMPERATURE DATA] [PRECIPITATION DATA] SYMBOLS USED IN COLUMN 16
AVERAGE MONTHLY: 78.4 TOTAL FOR MONTH: 0.03 1 = FOG OR MIST
DPTR FM NORMAL: 1.6 DPTR FM NORMAL: -1.74 2 = FOG REDUCING VISIBILITY
HIGHEST: 92 ON 19 GRTST 24HR 0.02 ON 12-13 TO 1/4 MILE OR LESS
LOWEST: 64 ON 27 3 = THUNDER
SNOW, ICE PELLETS, HAIL 4 = ICE PELLETS
TOTAL MONTH: M 5 = HAIL
GRTST 24HR M ON M 6 = FREEZING RAIN OR DRIZZLE
GRTST DEPTH: M ON M 7 = DUSTSTORM OR SANDSTORM:
VSBY 1/2 MILE OR LESS
8 = SMOKE OR HAZE
[NO. OF DAYS WITH] [WEATHER - DAYS WITH] 9 = BLOWING SNOW
X = TORNADO
MAX 32 OR BELOW: 0 0.01 INCH OR MORE: 2
MAX 90 OR ABOVE: 5 0.10 INCH OR MORE: 0
MIN 32 OR BELOW: 0 0.50 INCH OR MORE: 0
MIN 0 OR BELOW: 0 1.00 INCH OR MORE: 0
[HDD (BASE 65) ]
TOTAL THIS MO. 0 CLEAR (SCALE 0-3) 15
DPTR FM NORMAL 0 PTCLDY (SCALE 4-7) 10
TOTAL FM JUL 1 0 CLOUDY (SCALE 8-10) 5
DPTR FM NORMAL 0
[CDD (BASE 65) ]
TOTAL THIS MO. 344
DPTR FM NORMAL -8 [PRESSURE DATA]
TOTAL FM JAN 1 4348 HIGHEST SLP 30.17 ON 7
DPTR FM NORMAL 246 LOWEST SLP 29.91 ON 30
[REMARKS]
#FINAL-11-21#