000
CXHW53 PHFO 011250
CF6KOA
PRELIMINARY LOCAL CLIMATOLOGICAL DATA (WS FORM: F-6)
STATION: KONA HI
MONTH: OCTOBER
YEAR: 2022
LATITUDE: 19 38 N
LONGITUDE: 156 0 W
TEMPERATURE IN F: :PCPN: SNOW: WIND :SUNSHINE: SKY :PK WND
================================================================================
1 2 3 4 5 6A 6B 7 8 9 10 11 12 13 14 15 16 17 18
12Z AVG MX 2MIN
DY MAX MIN AVG DEP HDD CDD WTR SNW DPTH SPD SPD DIR MIN PSBL S-S WX SPD DR
================================================================================
1 88 74 81 0 0 16 0.00 M M 6.7 14 240 M M 3 17 230
2 87 75 81 0 0 16 0.02 M M 7.8 15 310 M M 6 18 290
3 87 75 81 0 0 16 0.00 M M 7.9 17 140 M M 6 22 130
4 86 76 81 0 0 16 0.06 M M 8.4 16 160 M M 7 1 20 170
5 88 76 82 1 0 17 0.06 M M 7.4 17 190 M M 4 21 170
6 87 75 81 0 0 16 0.01 M M 7.1 14 240 M M 5 16 230
7 88 77 83 2 0 18 T M M 6.6 15 230 M M 5 19 210
8 87 78 83 2 0 18 0.00 M M 7.4 14 310 M M 4 17 320
9 87 76 82 1 0 17 0.00 M M 6.3 12 260 M M 3 14 260
10 88 75 82 1 0 17 0.00 M M 7.9 14 360 M M 3 16 10
11 89 78 84 3 0 19 0.00 M M 8.7 15 140 M M 3 18 300
12 89 75 82 1 0 17 0.00 M M 9.1 18 200 M M 1 21 200
13 89 78 84 4 0 19 0.00 M M 7.0 14 310 M M 5 19 320
14 88 76 82 2 0 17 0.00 M M 7.6 20 330 M M 3 23 340
15 91 77 84 4 0 19 0.00 M M 10.8 24 340 M M 4 27 350
16 88 78 83 3 0 18 0.00 M M 6.5 15 200 M M 6 18 200
17 87 75 81 1 0 16 0.00 M M 6.9 13 210 M M 1 17 200
18 87 75 81 1 0 16 0.00 M M 6.0 10 280 M M 1 13 280
19 86 74 80 0 0 15 0.00 M M 6.6 13 300 M M 1 16 310
20 86 73 80 0 0 15 0.00 M M 7.1 17 140 M M 3 21 140
21 90 77 84 4 0 19 0.00 M M 10.2 17 160 M M 1 21 160
22 90 78 84 4 0 19 0.00 M M 11.7 23 150 M M 3 29 160
23 87 77 82 2 0 17 0.00 M M 7.4 16 140 M M 5 20 140
24 89 75 82 2 0 17 0.00 M M 7.4 16 150 M M 3 20 140
25 88 76 82 2 0 17 0.00 M M 8.0 14 180 M M 4 17 200
26 87 75 81 1 0 16 0.03 M M 7.0 14 120 M M 5 17 120
27 83 73 78 -2 0 13 0.05 M M 8.2 17 140 M M 7 17 130
28 86 71 79 -1 0 14 0.00 M M 7.8 13 250 M M 1 17 220
29 87 73 80 0 0 15 T M M 9.5 23 30 M M 3 27 30
30 87 74 81 1 0 16 T M M 7.1 14 180 M M 2 19 320
31 87 75 81 1 0 16 0.00 M M 7.4 17 50 M M 2 23 60
================================================================================
SM 2714 2340 0 517 0.23 M 241.5 M 110
================================================================================
AV 87.5 75.5 7.8 FASTST M M 4 MAX(MPH)
MISC ----> 24 340 29 160
================================================================================
NOTES:
# LAST OF SEVERAL OCCURRENCES
COLUMN 17 PEAK WIND IN M.P.H.
PRELIMINARY LOCAL CLIMATOLOGICAL DATA (WS FORM: F-6) , PAGE 2
STATION: KONA HI
MONTH: OCTOBER
YEAR: 2022
LATITUDE: 19 38 N
LONGITUDE: 156 0 W
[TEMPERATURE DATA] [PRECIPITATION DATA] SYMBOLS USED IN COLUMN 16
AVERAGE MONTHLY: 81.5 TOTAL FOR MONTH: 0.23 1 = FOG OR MIST
DPTR FM NORMAL: 1.2 DPTR FM NORMAL: -0.66 2 = FOG REDUCING VISIBILITY
HIGHEST: 91 ON 15 GRTST 24HR 0.07 ON 5- 6 TO 1/4 MILE OR LESS
LOWEST: 71 ON 28 3 = THUNDER
SNOW, ICE PELLETS, HAIL 4 = ICE PELLETS
TOTAL MONTH: M 5 = HAIL
GRTST 24HR M ON M 6 = FREEZING RAIN OR DRIZZLE
GRTST DEPTH: M ON M 7 = DUSTSTORM OR SANDSTORM:
VSBY 1/2 MILE OR LESS
8 = SMOKE OR HAZE
[NO. OF DAYS WITH] [WEATHER - DAYS WITH] 9 = BLOWING SNOW
X = TORNADO
MAX 32 OR BELOW: 0 0.01 INCH OR MORE: 6
MAX 90 OR ABOVE: 3 0.10 INCH OR MORE: 0
MIN 32 OR BELOW: 0 0.50 INCH OR MORE: 0
MIN 0 OR BELOW: 0 1.00 INCH OR MORE: 0
[HDD (BASE 65) ]
TOTAL THIS MO. 0 CLEAR (SCALE 0-3) 17
DPTR FM NORMAL 0 PTCLDY (SCALE 4-7) 14
TOTAL FM JUL 1 0 CLOUDY (SCALE 8-10) 0
DPTR FM NORMAL 0
[CDD (BASE 65) ]
TOTAL THIS MO. 517
DPTR FM NORMAL 41 [PRESSURE DATA]
TOTAL FM JAN 1 4272 HIGHEST SLP 30.08 ON 25
DPTR FM NORMAL 181 LOWEST SLP 29.86 ON 1
[REMARKS]
#FINAL-10-22#