000
CXUS53 KIND 010600
CF6LAF
PRELIMINARY LOCAL CLIMATOLOGICAL DATA (WS FORM: F-6)
STATION: LAFAYETTE IN
MONTH: JUNE
YEAR: 2022
LATITUDE: 40 25 N
LONGITUDE: 86 56 W
TEMPERATURE IN F: :PCPN: SNOW: WIND :SUNSHINE: SKY :PK WND
================================================================================
1 2 3 4 5 6A 6B 7 8 9 10 11 12 13 14 15 16 17 18
12Z AVG MX 2MIN
DY MAX MIN AVG DEP HDD CDD WTR SNW DPTH SPD SPD DIR MIN PSBL S-S WX SPD DR
================================================================================
1 81 65 73 6 0 8 T M M 6.5 17 270 M M 4 25 290
2 79 57 68 1 0 3 T M M 6.1 16 280 M M 5 23 290
3 83 49 66 -2 0 1 0.00 M M 5.9 17 280 M M 0 8 29 290
4 82 47 65 -3 0 0 0.00 M M 3.3 12 40 M M 0 17 40
5 84 55 70 2 0 5 0.00 M M 3.9 12 170 M M 3 20 160
6 82 57 70 2 0 5 T M M 5.5 21 290 M M 4 3 30 290
7 76 59 68 -1 0 3 0.00 M M 6.5 15 40 M M 6 18 19 10
8 76 53 65 -4 0 0 0.20 M M 5.3 31 330 M M 3 1 42 340
9 79 55 67 -2 0 2 0.00 M M 6.4 15 320 M M 5 1 24 290
10 80 51 66 -4 0 1 0.02 M M 2.4 15 310 M M 5 1 23 290
11 78 57 68 -2 0 3 0.58 M M 4.2 13 10 M M 7 1 20 180
12 82 63 73 3 0 8 1.09 M M 2.0 10 320 M M 5 123 13 230
13 91 67 79 9 0 14 0.08 M M 3.5 13 230 M M 3 1238 22 230
14 95 72 84 13 0 19 0.00 M M 5.8 13 250 M M 0 19 180
15 93 75 84 13 0 19 0.00 M M 6.9 15 190 M M 0 24 210
16 96 72 84 13 0 19 0.00 M M 7.8 16 260 M M 1 23 240
17 88 68 78 7 0 13 0.00 M M 6.8 18 300 M M 1 1 27 280
18 80 60 70 -2 0 5 0.00 M M 8.9 15 70 M M 0 21 320
19 83 50 67 -5 0 2 0.00 M M 2.9 9 130 M M 0 15 160
20 90 54 72 0 0 7 0.00 M M 4.6 13 230 M M 0 19 230
21 96 61 79 7 0 14 0.00 M M 5.3 15 260 M M 0 24 210
22 89 72 81 9 0 16 0.00 M M 6.8 17 310 M M 1 25 310
23 88 59 74 2 0 9 0.00 M M 3.8 12 30 M M 0 17 320
24 90 55 73 0 0 8 0.00 M M 1.9 9 350 M M 0 13 360
25 82 60 71 -2 0 6 T M M 2.2 12 180 M M 2 1 21 180
26 83 63 73 0 0 8 0.05 M M 9.9 22 270 M M 4 138 32 270
27 79 53 66 -7 0 1 0.00 M M 6.6 18 340 M M 0 27 360
28 83 52 68 -5 0 3 0.00 M M 2.1 10 250 M M 0 16 280
29 88 55 72 -1 0 7 0.00 M M 4.3 14 260 M M 0 19 250
30 91 60 76 3 0 11 0.00 M M 4.5 15 230 M M 0 23 240
================================================================================
SM 2547 1776 0 220 2.02 M 152.6 M 59
================================================================================
AV 84.9 59.2 5.1 FASTST M M 2 MAX(MPH)
MISC ----> 31 330 42 340
================================================================================
NOTES:
# LAST OF SEVERAL OCCURRENCES
COLUMN 17 PEAK WIND IN M.P.H.
PRELIMINARY LOCAL CLIMATOLOGICAL DATA (WS FORM: F-6) , PAGE 2
STATION: LAFAYETTE IN
MONTH: JUNE
YEAR: 2022
LATITUDE: 40 25 N
LONGITUDE: 86 56 W
[TEMPERATURE DATA] [PRECIPITATION DATA] SYMBOLS USED IN COLUMN 16
AVERAGE MONTHLY: 72.1 TOTAL FOR MONTH: 2.02 1 = FOG OR MIST
DPTR FM NORMAL: 1.4 DPTR FM NORMAL: -2.54 2 = FOG REDUCING VISIBILITY
HIGHEST: 96 ON 21,16 GRTST 24HR 1.67 ON 11-12 TO 1/4 MILE OR LESS
LOWEST: 47 ON 4 3 = THUNDER
SNOW, ICE PELLETS, HAIL 4 = ICE PELLETS
TOTAL MONTH: M 5 = HAIL
GRTST 24HR M ON M 6 = FREEZING RAIN OR DRIZZLE
GRTST DEPTH: M ON M 7 = DUSTSTORM OR SANDSTORM:
VSBY 1/2 MILE OR LESS
8 = SMOKE OR HAZE
[NO. OF DAYS WITH] [WEATHER - DAYS WITH] 9 = BLOWING SNOW
X = TORNADO
MAX 32 OR BELOW: 0 0.01 INCH OR MORE: 6
MAX 90 OR ABOVE: 8 0.10 INCH OR MORE: 3
MIN 32 OR BELOW: 0 0.50 INCH OR MORE: 2
MIN 0 OR BELOW: 0 1.00 INCH OR MORE: 1
[HDD (BASE 65) ]
TOTAL THIS MO. 0 CLEAR (SCALE 0-3) 19
DPTR FM NORMAL -24 PTCLDY (SCALE 4-7) 11
TOTAL FM JUL 1 5378 CLOUDY (SCALE 8-10) 0
DPTR FM NORMAL -443
[CDD (BASE 65) ]
TOTAL THIS MO. 220
DPTR FM NORMAL 27 [PRESSURE DATA]
TOTAL FM JAN 1 350 HIGHEST SLP M ON M
DPTR FM NORMAL 83 LOWEST SLP 29.65 ON 6
[REMARKS]
#FINAL-06-22#