000
CXUS52 KTBW 021758
CF6LAL
PRELIMINARY LOCAL CLIMATOLOGICAL DATA (WS FORM: F-6)
STATION: LAKELAND LINDER
MONTH: MARCH
YEAR: 2024
LATITUDE: 28 0 N
LONGITUDE: 82 3 W
TEMPERATURE IN F: :PCPN: SNOW: WIND :SUNSHINE: SKY :PK WND
================================================================================
1 2 3 4 5 6A 6B 7 8 9 10 11 12 13 14 15 16 17 18
12Z AVG MX 2MIN
DY MAX MIN AVG DEP HDD CDD WTR SNW DPTH SPD SPD DIR MIN PSBL S-S WX SPD DR
================================================================================
1 82 64 73 6 0 8 0.00 0.0 0 7.8 16 150 M M 6 1 24 150
2 81 64 73 6 0 8 0.00 0.0 0 3.9 12 200 M M 4 1 17 190
3 82 66 74 7 0 9 0.23 0.0 0 4.3 18 360 M M 6 27 360
4 80 63 72 5 0 7 0.00 0.0 0 6.7 12 110 M M 3 M M
5 82 65 74 7 0 9 0.00 0.0 0 7.5 12 120 M M 6 1 23 120
6 82 67 75 8 0 10 0.90 0.0 0 7.3 14 240 M M 4 3 22 240
7 81 63 72 4 0 7 0.01 0.0 0 2.8 7 160 M M 5 1 M M
8 87 67 77 9 0 12 0.00 0.0 0 4.0 10 160 M M 6 1 M M
9 88 71 80 12 0 15 0.03 0.0 0 9.7 18 250 M M 5 1 29 240
10 84 66 75 7 0 10 0.39 0.0 0 10.2 14 290 M M 3 23 350
11 76 51 64 -4 1 0 0.00 0.0 0 8.1 12 50 M M 0 17 360
12 80 51 66 -2 0 1 0.00 0.0 0 4.5 9 140 M M 3 M M
13 83 59 71 3 0 6 0.00 0.0 0 2.0 8 300 M M 2 M M
14 86 63 75 7 0 10 0.00 0.0 0 2.9 9 110 M M 1 M M
15 88 65 77 9 0 12 0.00 0.0 0 3.1 8 170 M M 1 M M
16 87 64 76 7 0 11 0.00 0.0 0 2.0 13 290 M M 3 12 20 290
17 86 66 76 7 0 11 0.00 0.0 0 3.8 12 270 M M 6 12 17 250
18 85 69 77 8 0 12 0.00 0.0 0 8.2 15 290 M M 7 12 23 310
19 83 54 69 0 0 4 0.00 0.0 0 10.2 20 360 M M 1 28 360
20 78 47 63 -6 2 0 0.00 0.0 0 2.3 7 90 M M 0 M M
21 82 54 68 -1 0 3 0.00 0.0 0 7.1 17 100 M M 2 21 100
22 83 65 74 5 0 9 0.57 0.0 0 11.0 22 160 M M 7 1 28 140
23 82 62 72 2 0 7 0.04 0.0 0 8.6 16 260 M M 5 28 310
24 78 59 69 -1 0 4 0.00 0.0 0 12.4 22 60 M M 4 28 60
25 81 60 71 1 0 6 0.00 0.0 0 12.9 21 90 M M 4 28 90
26 86 65 76 6 0 11 0.00 0.0 0 8.3 17 150 M M 3 27 150
27 86 69 78 8 0 13 0.00 0.0 0 8.2 30 350 M M 3 1 39 350
28 80 67 74 4 0 9 0.11 0.0 0 9.4 22 330 M M 5 29 330
29 79 55 67 -3 0 2 0.00 0.0 0 3.8 9 80 M M 0 M M
30 83 54 69 -1 0 4 0.00 0.0 0 3.5 10 260 M M 1 M M
31 83 57 70 0 0 5 0.00 0.0 0 1.4 7 160 M M 5 12 M M
================================================================================
SM 2564 1912 3 235 2.28 0.0 197.9 M 111
================================================================================
AV 82.7 61.7 6.4 FASTST M M 4 MAX(MPH)
MISC ----> 30 350 39 350
================================================================================
NOTES:
# LAST OF SEVERAL OCCURRENCES
COLUMN 17 PEAK WIND IN M.P.H.
PRELIMINARY LOCAL CLIMATOLOGICAL DATA (WS FORM: F-6) , PAGE 2
STATION: LAKELAND LINDER
MONTH: MARCH
YEAR: 2024
LATITUDE: 28 0 N
LONGITUDE: 82 3 W
[TEMPERATURE DATA] [PRECIPITATION DATA] SYMBOLS USED IN COLUMN 16
AVERAGE MONTHLY: 72.2 TOTAL FOR MONTH: 2.28 1 = FOG OR MIST
DPTR FM NORMAL: 3.9 DPTR FM NORMAL: -0.78 2 = FOG REDUCING VISIBILITY
HIGHEST: 88 ON 15, 9 GRTST 24HR 0.90 ON 6- 6 TO 1/4 MILE OR LESS
LOWEST: 47 ON 20 3 = THUNDER
SNOW, ICE PELLETS, HAIL 4 = ICE PELLETS
TOTAL MONTH: 0.0 INCH 5 = HAIL
GRTST 24HR 0.0 6 = FREEZING RAIN OR DRIZZLE
GRTST DEPTH: 0 7 = DUSTSTORM OR SANDSTORM:
VSBY 1/2 MILE OR LESS
8 = SMOKE OR HAZE
[NO. OF DAYS WITH] [WEATHER - DAYS WITH] 9 = BLOWING SNOW
X = TORNADO
MAX 32 OR BELOW: 0 0.01 INCH OR MORE: 8
MAX 90 OR ABOVE: 0 0.10 INCH OR MORE: 5
MIN 32 OR BELOW: 0 0.50 INCH OR MORE: 2
MIN 0 OR BELOW: 0 1.00 INCH OR MORE: 0
[HDD (BASE 65) ]
TOTAL THIS MO. 3 CLEAR (SCALE 0-3) 11
DPTR FM NORMAL -34 PTCLDY (SCALE 4-7) 20
TOTAL FM JUL 1 342 CLOUDY (SCALE 8-10) 0
DPTR FM NORMAL -99
[CDD (BASE 65) ]
TOTAL THIS MO. 235
DPTR FM NORMAL 87 [PRESSURE DATA]
TOTAL FM JAN 1 366 HIGHEST SLP M ON M
DPTR FM NORMAL 85 LOWEST SLP M ON M
[REMARKS]
#FINAL-03-24#