000
CXUS53 KGRR 010910
CF6LAN
PRELIMINARY LOCAL CLIMATOLOGICAL DATA (WS FORM: F-6)
STATION: LANSING
MONTH: JULY
YEAR: 2021
LATITUDE: 42 46 N
LONGITUDE: 84 36 W
TEMPERATURE IN F: :PCPN: SNOW: WIND :SUNSHINE: SKY :PK WND
================================================================================
1 2 3 4 5 6A 6B 7 8 9 10 11 12 13 14 15 16 17 18
12Z AVG MX 2MIN
DY MAX MIN AVG DEP HDD CDD WTR SNW DPTH SPD SPD DIR MIN PSBL S-S WX SPD DR
================================================================================
1 80 59 70 -1 0 5 0.00 0.0 0 8.1 17 350 M M 3 1 25 360
2 77 54 66 -5 0 1 0.00 0.0 0 6.9 16 340 M M 1 22 10
3 84 55 70 -2 0 5 0.01 0.0 0 9.1 22 260 M M 3 8 30 250
4 90 64 77 5 0 12 0.00 0.0 0 5.8 13 270 M M 0 18 18 250
5 90 70 80 8 0 15 0.00 0.0 0 12.8 24 250 M M 0 18 36 250
6 91 74 83 11 0 18 0.02 0.0 0 10.4 18 250 M M 2 138 25 260
7 89 71 80 8 0 15 0.00 0.0 0 6.4 15 240 M M 3 138 21 310
8 80 61 71 -1 0 6 0.27 0.0 0 6.0 23 240 M M 9 138 31 250
9 77 59 68 -4 0 3 0.00 0.0 0 5.1 12 40 M M 7 1 16 330
10 78 53 66 -6 0 1 0.00 0.0 0 4.6 12 60 M M 2 17 60
11 74 63 69 -3 0 4 T 0.0 0 7.9 16 40 M M 7 22 40
12 72 63 68 -4 0 3 0.05 0.0 0 6.9 12 70 M M 10 18 15 70
13 81 68 75 3 0 10 0.38 0.0 0 8.3 21 230 M M 8 138 26 230
14 85 63 74 2 0 9 0.00 0.0 M 7.5 15 250 M M 1 128 19 210
15 80 67 74 2 0 9 0.00 0.0 M 11.4 22 260 M M 4 30 220
16 73 64 69 -3 0 4 0.08 0.0 M 6.1 15 90 M M 9 18 24 90
17 81 65 73 1 0 8 0.06 0.0 M 6.9 16 60 M M 6 1 21 30
18 84 57 71 -1 0 6 0.00 0.0 0 1.2 7 290 M M 0 1 10 10
19 85 63 74 2 0 9 0.00 0.0 0 4.6 13 300 M M 1 18 18 280
20 86 64 75 3 0 10 0.00 0.0 0 7.9 20 20 M M 3 38 27 20
21 77 58 68 -4 0 3 0.00 0.0 0 5.6 13 30 M M 6 17 40
22 81 56 69 -3 0 4 0.00 0.0 0 4.4 13 150 M M 0 17 180
23 81 63 72 0 0 7 0.28 0.0 0 7.0 23 300 M M 7 138 30 310
24 87 71 79 7 0 14 0.57 0.0 0 10.4 33 300 M M 3 1238 47 300
25 88 67 78 6 0 13 0.00 0.0 0 7.2 17 270 M M 0 1 24 260
26 89 62 76 4 0 11 0.00 0.0 0 5.0 13 280 M M 0 18 280
27 86 68 77 5 0 12 0.00 0.0 0 6.7 16 280 M M 0 23 270
28 86 63 75 3 0 10 T 0.0 0 2.6 10 170 M M 0 1 13 180
29 87 66 77 5 0 12 0.01 0.0 M 10.2 18 310 M M 6 138 29 310
30 76 56 66 -6 0 1 0.00 0.0 0 5.6 13 350 M M 3 8 17 350
31 79 53 66 -6 0 1 0.00 0.0 0 5.3 16 250 M M 1 26 300
================================================================================
SM 2554 1940 0 241 1.73 0.0 213.9 M 105
================================================================================
AV 82.4 62.6 6.9 FASTST M M 3 MAX(MPH)
MISC ----> 33 300 47 300
================================================================================
NOTES:
# LAST OF SEVERAL OCCURRENCES
COLUMN 17 PEAK WIND IN M.P.H.
PRELIMINARY LOCAL CLIMATOLOGICAL DATA (WS FORM: F-6) , PAGE 2
STATION: LANSING
MONTH: JULY
YEAR: 2021
LATITUDE: 42 46 N
LONGITUDE: 84 36 W
[TEMPERATURE DATA] [PRECIPITATION DATA] SYMBOLS USED IN COLUMN 16
AVERAGE MONTHLY: 72.5 TOTAL FOR MONTH: 1.73 1 = FOG OR MIST
DPTR FM NORMAL: 0.7 DPTR FM NORMAL: -1.21 2 = FOG REDUCING VISIBILITY
HIGHEST: 91 ON 6 GRTST 24HR 0.57 ON 24-24 TO 1/4 MILE OR LESS
LOWEST: 53 ON 31,10 3 = THUNDER
SNOW, ICE PELLETS, HAIL 4 = ICE PELLETS
TOTAL MONTH: 0.0 INCH 5 = HAIL
GRTST 24HR 0.0 6 = FREEZING RAIN OR DRIZZLE
GRTST DEPTH: 0 7 = DUSTSTORM OR SANDSTORM:
VSBY 1/2 MILE OR LESS
8 = SMOKE OR HAZE
[NO. OF DAYS WITH] [WEATHER - DAYS WITH] 9 = BLOWING SNOW
X = TORNADO
MAX 32 OR BELOW: 0 0.01 INCH OR MORE: 10
MAX 90 OR ABOVE: 3 0.10 INCH OR MORE: 4
MIN 32 OR BELOW: 0 0.50 INCH OR MORE: 1
MIN 0 OR BELOW: 0 1.00 INCH OR MORE: 0
[HDD (BASE 65) ]
TOTAL THIS MO. 0 CLEAR (SCALE 0-3) 19
DPTR FM NORMAL -10 PTCLDY (SCALE 4-7) 8
TOTAL FM JUL 1 0 CLOUDY (SCALE 8-10) 4
DPTR FM NORMAL 0
[CDD (BASE 65) ]
TOTAL THIS MO. 241
DPTR FM NORMAL 19 [PRESSURE DATA]
TOTAL FM JAN 1 531 HIGHEST SLP 30.25 ON 18
DPTR FM NORMAL 125 LOWEST SLP 29.73 ON 24
[REMARKS]
#FINAL-07-21#