000
CXUS53 KGRR 131303
CF6LAN
PRELIMINARY LOCAL CLIMATOLOGICAL DATA (WS FORM: F-6)
STATION: LANSING
MONTH: MARCH
YEAR: 2021
LATITUDE: 42 46 N
LONGITUDE: 84 36 W
TEMPERATURE IN F: :PCPN: SNOW: WIND :SUNSHINE: SKY :PK WND
================================================================================
1 2 3 4 5 6A 6B 7 8 9 10 11 12 13 14 15 16 17 18
12Z AVG MX 2MIN
DY MAX MIN AVG DEP HDD CDD WTR SNW DPTH SPD SPD DIR MIN PSBL S-S WX SPD DR
================================================================================
1 37 17 27 -2 38 0 0.00 0.0 1 13.9 25 300 M M 6 34 300
2 39 14 27 -3 38 0 0.00 0.0 1 10.8 23 210 M M 0 34 210
3 51 29 40 10 25 0 0.00 0.0 0 10.5 20 260 M M 1 29 220
4 33 22 28 -2 37 0 0.00 0.0 0 8.5 17 360 M M 4 26 10
5 42 18 30 -1 35 0 0.00 0.0 0 8.8 18 330 M M 1 27 340
6 40 21 31 0 34 0 0.00 0.0 0 9.1 18 280 M M 0 26 310
7 40 17 29 -3 36 0 0.00 0.0 0 2.8 9 170 M M 1 15 300
8 62 33 48 16 17 0 0.00 0.0 0 12.4 28 260 M M 1 36 260
9 63 29 46 14 19 0 0.00 0.0 0 6.9 17 160 M M 0 18 23 150
10 70 43 57 24 8 0 0.00 0.0 0 16.8 32 210 M M 4 47 210
11 63 42 53 20 12 0 0.09 0.0 0 19.3 33 230 M M 4 1 49 240
12 53 28 41 8 24 0 0.00 0.0 0 11.8 26 270 M M 0 36 270
13 52 18 35 1 30 0 0.00 0.0 0 M M M M M 0 M M
14 48 25 37 3 28 0 0.00 0.0 0 M M M M M 0 M M
15 39 21 30 -4 35 0 0.01 T 0 15.7 23 100 M M 3 36 100
16 44 28 36 1 29 0 0.00 0.0 0 M M M M M 9 18 M M
17 59 25 42 7 23 0 0.00 0.0 0 M M M M M 1 18 M M
18 43 30 37 1 28 0 T 0.0 0 M M M M M 6 M M
19 49 27 38 2 27 0 0.00 0.0 0 M M M M M 0 M M
20 58 22 40 4 25 0 0.00 0.0 0 M M M M M 0 M M
21 66 28 47 10 18 0 0.00 0.0 0 8.1 12 170 M M 0 12 170
22 68 39 54 17 11 0 0.00 0.0 0 12.6 29 220 M M 1 29 220
23 73 45 59 21 6 0 T 0.0 0 8.1 15 170 M M 7 22 170
24 68 51 60 22 5 0 0.08 0.0 0 14.0 29 230 M M 7 41 230
25 56 39 48 9 17 0 0.31 0.0 0 10.5 23 260 M M 8 1 30 260
26 50 36 43 4 22 0 0.84 0.0 0 12.8 29 20 M M 10 1 45 10
27 57 34 46 6 19 0 0.07 0.0 0 7.4 21 180 M M 7 1 30 180
28 53 33 43 3 22 0 0.12 0.0 0 16.6 30 290 M M 10 1 41 300
29 52 26 39 -1 26 0 0.00 0.0 0 11.4 22 170 M M 1 32 180
30 69 46 58 17 7 0 0.06 0.0 0 18.2 29 210 M M 3 1 40 180
31 47 29 38 -3 27 0 0.03 T 0 14.1 26 260 M M 5 35 280
================================================================================
SM 1644 915 728 0 1.61 T 281.1 M 100
================================================================================
AV 53.0 29.5 11.7 FASTST M M 3 MAX(MPH)
MISC ----> 33 230 49 240
================================================================================
NOTES:
# LAST OF SEVERAL OCCURRENCES
COLUMN 17 PEAK WIND IN M.P.H.
PRELIMINARY LOCAL CLIMATOLOGICAL DATA (WS FORM: F-6) , PAGE 2
STATION: LANSING
MONTH: MARCH
YEAR: 2021
LATITUDE: 42 46 N
LONGITUDE: 84 36 W
[TEMPERATURE DATA] [PRECIPITATION DATA] SYMBOLS USED IN COLUMN 16
AVERAGE MONTHLY: 41.3 TOTAL FOR MONTH: 1.61 1 = FOG OR MIST
DPTR FM NORMAL: 6.2 DPTR FM NORMAL: -0.45 2 = FOG REDUCING VISIBILITY
HIGHEST: 73 ON 23 GRTST 24HR 1.15 ON 25-26 TO 1/4 MILE OR LESS
LOWEST: 14 ON 2 3 = THUNDER
SNOW, ICE PELLETS, HAIL 4 = ICE PELLETS
TOTAL MONTH: T 5 = HAIL
GRTST 24HR T ON 15-15 6 = FREEZING RAIN OR DRIZZLE
GRTST DEPTH: 4 ON M 7 = DUSTSTORM OR SANDSTORM:
VSBY 1/2 MILE OR LESS
8 = SMOKE OR HAZE
[NO. OF DAYS WITH] [WEATHER - DAYS WITH] 9 = BLOWING SNOW
X = TORNADO
MAX 32 OR BELOW: 0 0.01 INCH OR MORE: 9
MAX 90 OR ABOVE: 0 0.10 INCH OR MORE: 3
MIN 32 OR BELOW: 20 0.50 INCH OR MORE: 1
MIN 0 OR BELOW: 0 1.00 INCH OR MORE: 0
[HDD (BASE 65) ]
TOTAL THIS MO. 728 CLEAR (SCALE 0-3) 18
DPTR FM NORMAL -201 PTCLDY (SCALE 4-7) 9
TOTAL FM JUL 1 5477 CLOUDY (SCALE 8-10) 4
DPTR FM NORMAL -388
[CDD (BASE 65) ]
TOTAL THIS MO. 0
DPTR FM NORMAL -1 [PRESSURE DATA]
TOTAL FM JAN 1 0 HIGHEST SLP 30.63 ON 20
DPTR FM NORMAL -1 LOWEST SLP 29.50 ON 26
[REMARKS]
#FINAL-03-21#
CORRECTED MARCH 25 PRECIPITATION FROM 0.13 TO 0.31