000
CXUS55 KVEF 282059
CF6LAS
PRELIMINARY LOCAL CLIMATOLOGICAL DATA (WS FORM: F-6)
STATION: LAS VEGAS NV
MONTH: JUNE
YEAR: 2023
LATITUDE: 36 4 N
LONGITUDE: 115 10 W
TEMPERATURE IN F: :PCPN: SNOW: WIND :SUNSHINE: SKY :PK WND
================================================================================
1 2 3 4 5 6A 6B 7 8 9 10 11 12 13 14 15 16 17 18
12Z AVG MX 2MIN
DY MAX MIN AVG DEP HDD CDD WTR SNW DPTH SPD SPD DIR MIN PSBL S-S WX SPD DR
================================================================================
1 91 69 80 -3 0 15 0.00 0.0 0 6.9 24 270 M M 3 33 280
2 93 72 83 0 0 18 0.00 0.0 0 6.1 15 250 M M 3 21 260
3 96 74 85 1 0 20 0.00 0.0 0 4.7 14 180 M M 2 20 200
4 97 76 87 3 0 22 0.00 0.0 0 5.0 17 70 M M 2 24 130
5 98 74 86 2 0 21 0.00 0.0 0 8.4 22 180 M M 3 35 180
6 91 72 82 -3 0 17 0.00 0.0 0 8.1 21 170 M M 1 32 180
7 82 69 76 -9 0 11 T 0.0 0 7.8 17 290 M M 8 23 260
8 87 66 77 -8 0 12 0.00 0.0 0 5.3 15 220 M M 3 25 200
9 91 72 82 -4 0 17 0.00 0.0 0 5.6 18 110 M M 4 28 130
10 92 73 83 -3 0 18 0.00 0.0 0 5.5 16 130 M M 8 24 120
11 86 70 78 -8 0 13 T 0.0 0 8.4 22 260 M M 7 3 30 270
12 85 68 77 -10 0 12 T 0.0 0 4.9 22 340 M M 6 3 28 330
13 92 68 80 -7 0 15 0.00 0.0 0 4.2 14 260 M M 2 18 250
14 94 74 84 -3 0 19 0.00 0.0 0 7.1 26 330 M M 4 35 340
15 96 78 87 -1 0 22 T 0.0 0 7.0 29 40 M M 8 3 38 20
16 83 63 73 -15 0 8 0.20 0.0 0 9.2 26 320 M M 6 1 37 340
17 98 69 84 -4 0 19 0.00 0.0 0 5.5 16 260 M M 1 25 200
18 98 78 88 0 0 23 0.00 0.0 0 12.5 24 220 M M 2 38 220
19 93 77 85 -4 0 20 0.00 0.0 0 18.9 32 200 M M 2 50 190
20 92 72 82 -7 0 17 0.00 0.0 0 12.6 30 240 M M 4 46 240
21 95 73 84 -5 0 19 0.00 0.0 0 8.2 17 230 M M 4 22 210
22 94 71 83 -7 0 18 0.00 0.0 0 10.3 25 230 M M 4 40 250
23 91 67 79 -11 0 14 0.00 0.0 0 8.4 29 230 M M 1 40 230
24 96 68 82 -8 0 17 0.00 0.0 0 6.1 17 160 M M 2 28 140
25 97 72 85 -5 0 20 0.00 0.0 0 9.8 21 230 M M 0 30 250
26 97 74 86 -5 0 21 0.00 0.0 0 11.1 22 230 M M 1 32 230
27 98 71 85 -6 0 20 0.00 0.0 0 5.9 16 200 M M 1 25 190
28 98 75 87 -4 0 22 0.00 0.0 0 6.8 20 90 M M 2 26 80
29 99 76 88 -3 0 23 0.00 0.0 0 4.9 14 50 M M 1 19 30
30 102 79 91 -1 0 26 0.00 0.0 0 3.7 16 30 M M 1 25 20
================================================================================
SM 2802 2160 0 539 0.20 0.0 228.9 M 96
================================================================================
AV 93.4 72.0 7.6 FASTST M M 3 MAX(MPH)
MISC ----> 32 200 50 190
================================================================================
NOTES:
# LAST OF SEVERAL OCCURRENCES
COLUMN 17 PEAK WIND IN M.P.H.
PRELIMINARY LOCAL CLIMATOLOGICAL DATA (WS FORM: F-6) , PAGE 2
STATION: LAS VEGAS NV
MONTH: JUNE
YEAR: 2023
LATITUDE: 36 4 N
LONGITUDE: 115 10 W
[TEMPERATURE DATA] [PRECIPITATION DATA] SYMBOLS USED IN COLUMN 16
AVERAGE MONTHLY: 82.7 TOTAL FOR MONTH: 0.20 1 = FOG OR MIST
DPTR FM NORMAL: -4.9 DPTR FM NORMAL: 0.16 2 = FOG REDUCING VISIBILITY
HIGHEST: 102 ON 30 GRTST 24HR 0.20 ON 16-16 TO 1/4 MILE OR LESS
LOWEST: 63 ON 16 3 = THUNDER
SNOW, ICE PELLETS, HAIL 4 = ICE PELLETS
TOTAL MONTH: 0.0 INCH 5 = HAIL
GRTST 24HR 0.0 6 = FREEZING RAIN OR DRIZZLE
GRTST DEPTH: 0 7 = DUSTSTORM OR SANDSTORM:
VSBY 1/2 MILE OR LESS
8 = SMOKE OR HAZE
[NO. OF DAYS WITH] [WEATHER - DAYS WITH] 9 = BLOWING SNOW
X = TORNADO
MAX 32 OR BELOW: 0 0.01 INCH OR MORE: 1
MAX 90 OR ABOVE: 25 0.10 INCH OR MORE: 1
MIN 32 OR BELOW: 0 0.50 INCH OR MORE: 0
MIN 0 OR BELOW: 0 1.00 INCH OR MORE: 0
[HDD (BASE 65) ]
TOTAL THIS MO. 0 CLEAR (SCALE 0-3) 18
DPTR FM NORMAL -1 PTCLDY (SCALE 4-7) 11
TOTAL FM JUL 1 2302 CLOUDY (SCALE 8-10) 1
DPTR FM NORMAL 469
[CDD (BASE 65) ]
TOTAL THIS MO. 539
DPTR FM NORMAL -140 [PRESSURE DATA]
TOTAL FM JAN 1 1124 HIGHEST SLP 29.99 ON 16
DPTR FM NORMAL -118 LOWEST SLP 29.54 ON 18
[REMARKS]
#FINAL-06-23#