000
CXUS56 KLOX 020028 RRA
CF6LAX
PRELIMINARY LOCAL CLIMATOLOGICAL DATA (WS FORM: F-6)
STATION: LOS ANGELES INTL AIRPORT CA
MONTH: NOVEMBER
YEAR: 2021
LATITUDE: 33 55 N
LONGITUDE: 118 24 W
TEMPERATURE IN F: :PCPN: SNOW: WIND :SUNSHINE: SKY :PK WND
================================================================================
1 2 3 4 5 6A 6B 7 8 9 10 11 12 13 14 15 16 17 18
12Z AVG MX 2MIN
DY MAX MIN AVG DEP HDD CDD WTR SNW DPTH SPD SPD DIR MIN PSBL S-S WX SPD DR
================================================================================
1 64 53 59 -6 6 0 0.00 M M 7.2 20 270 M M 6 128 24 270
2 65 56 61 -4 4 0 0.00 M M 6.0 14 260 M M 8 18 17 260
3 65 58 62 -3 3 0 0.00 M M 5.1 16 270 M M 9 128 19 290
4 64 57 61 -4 4 0 T M M 5.3 12 280 M M 8 128 16 290
5 66 56 61 -4 4 0 0.00 M M 5.5 14 260 M M 9 128 18 280
6 62 56 59 -5 6 0 0.00 M M 5.8 14 280 M M 10 18 19 280
7 62 56 59 -5 6 0 0.00 M M 5.3 14 280 M M 8 18 16 270
8 68 56 62 -2 3 0 0.00 M M 6.0 13 270 M M 6 18 15 120
9 66 56 61 -3 4 0 0.00 M M 7.4 17 250 M M 8 8 24 220
10 71 59 65 1 0 0 0.00 M M 5.1 14 260 M M 3 18 17 250
11 84 57 71 8 0 6 0.00 M M 3.0 9 280 M M 0 1 13 280
12 91 62 77 14 0 12 0.00 M M 3.8 12 270 M M 2 14 280
13 91 64 78 15 0 13 0.00 M M 4.9 12 270 M M 0 16 240
14 86 59 73 10 0 8 0.00 M M 6.2 13 270 M M 0 16 280
15 76 57 67 5 0 2 0.00 M M 5.1 14 260 M M 5 1 16 250
16 63 57 60 -2 5 0 0.00 M M 5.2 13 250 M M 8 18 17 190
17 66 56 61 -1 4 0 0.00 M M 6.5 14 280 M M 5 18 20 280
18 64 53 59 -3 6 0 0.00 M M 5.6 14 260 M M 7 18 19 290
19 65 58 62 0 3 0 0.00 M M 5.7 15 270 M M 9 18 18 270
20 62 57 60 -1 5 0 0.00 M M 3.9 15 260 M M 8 18 19 260
21 88 51 70 9 0 5 0.00 M M 3.2 16 100 M M 1 18 20 110
22 85 57 71 10 0 6 0.00 M M 6.5 15 270 M M 4 20 280
23 71 58 65 4 0 0 0.00 M M 5.9 12 270 M M 4 18 190
24 71 54 63 3 2 0 0.00 M M 6.4 14 20 M M 2 19 280
25 77 51 64 4 1 0 0.00 M M 3.9 13 240 M M 1 8 21 180
26 76 51 64 4 1 0 0.00 M M 4.4 14 270 M M 3 8 17 270
27 78 50 64 4 1 0 0.00 M M 5.4 12 270 M M 0 15 270
28 71 50 61 1 4 0 0.00 M M 5.4 14 280 M M 0 1 18 280
29 73 53 63 4 2 0 0.00 M M 3.6 12 250 M M 1 12 15 240
30 61 53 57 -2 8 0 0.00 M M 3.7 12 260 M M 5 128 15 270
================================================================================
SM 2152 1671 82 52 T M 157.0 M 140
================================================================================
AV 71.7 55.7 5.2 FASTST M M 5 MAX(MPH)
MISC ----> 20 270 # 24 270
================================================================================
NOTES:
# LAST OF SEVERAL OCCURRENCES
COLUMN 17 PEAK WIND IN M.P.H.
PRELIMINARY LOCAL CLIMATOLOGICAL DATA (WS FORM: F-6) , PAGE 2
STATION: LOS ANGELES INTL AIRPORT CA
MONTH: NOVEMBER
YEAR: 2021
LATITUDE: 33 55 N
LONGITUDE: 118 24 W
[TEMPERATURE DATA] [PRECIPITATION DATA] SYMBOLS USED IN COLUMN 16
AVERAGE MONTHLY: 63.7 TOTAL FOR MONTH: T 1 = FOG OR MIST
DPTR FM NORMAL: 1.4 DPTR FM NORMAL: -0.82 2 = FOG REDUCING VISIBILITY
HIGHEST: 91 ON 13,12 GRTST 24HR T ON 4- 4 TO 1/4 MILE OR LESS
LOWEST: 50 ON 28,27 3 = THUNDER
SNOW, ICE PELLETS, HAIL 4 = ICE PELLETS
TOTAL MONTH: M 5 = HAIL
GRTST 24HR M ON M 6 = FREEZING RAIN OR DRIZZLE
GRTST DEPTH: M ON M 7 = DUSTSTORM OR SANDSTORM:
VSBY 1/2 MILE OR LESS
8 = SMOKE OR HAZE
[NO. OF DAYS WITH] [WEATHER - DAYS WITH] 9 = BLOWING SNOW
X = TORNADO
MAX 32 OR BELOW: 0 0.01 INCH OR MORE: 0
MAX 90 OR ABOVE: 2 0.10 INCH OR MORE: 0
MIN 32 OR BELOW: 0 0.50 INCH OR MORE: 0
MIN 0 OR BELOW: 0 1.00 INCH OR MORE: 0
[HDD (BASE 65) ]
TOTAL THIS MO. 82 CLEAR (SCALE 0-3) 10
DPTR FM NORMAL -29 PTCLDY (SCALE 4-7) 13
TOTAL FM JUL 1 130 CLOUDY (SCALE 8-10) 7
DPTR FM NORMAL -12
[CDD (BASE 65) ]
TOTAL THIS MO. 52
DPTR FM NORMAL 22 [PRESSURE DATA]
TOTAL FM JAN 1 590 HIGHEST SLP 30.28 ON 25
DPTR FM NORMAL -125 LOWEST SLP 29.90 ON 23
[REMARKS]
#FINAL-11-21#