000
CXUS54 KLUB 011316
CLMLBB
CLIMATE REPORT
NATIONAL WEATHER SERVICE LUBBOCK TX
816 AM CDT FRI SEP 01 2023
...................................
...THE LUBBOCK CLIMATE SUMMARY FOR THE MONTH OF AUGUST 2023...
CLIMATE NORMAL PERIOD 1991 TO 2020
CLIMATE RECORD PERIOD 1911 TO 2023
WEATHER OBSERVED NORMAL DEPART LAST YEAR`S
VALUE DATE(S) VALUE FROM VALUE DATE(S)
NORMAL
................................................................
TEMPERATURE (F)
RECORD
HIGH 109 08/26/2019
LOW 43 08/31/1915
HIGHEST 107 08/11 103 08/03
08/12
08/17
LOWEST 59 08/31 63 08/24
AVG. MAXIMUM 99.2 92.2 7.0 91.4
AVG. MINIMUM 71.7 67.5 4.2 69.8
MEAN 85.5 79.9 5.6 80.6
DAYS MAX >= 90 30 22.3 7.7 22
DAYS MAX <= 32 0 0.0 0.0 0
DAYS MIN <= 32 0 0.0 0.0 0
DAYS MIN <= 0 0 0.0 0.0 0
PRECIPITATION (INCHES)
RECORD
MAXIMUM 8.85 1966
MINIMUM T 1943
TOTALS 0.09 1.74 -1.65 5.95
DAILY AVG. 0.00 0.06 -0.06 0.19
DAYS >= .01 2 6.4 -4.4 11
DAYS >= .10 0 3.8 -3.8 7
DAYS >= .50 0 1.0 -1.0 4
DAYS >= 1.00 0 0.3 -0.3 2
GREATEST
24 HR. TOTAL 0.07 08/12 TO 08/12
SNOWFALL (INCHES)
RECORDS
TOTAL T 2017
24 HR TOTAL 0.0
SNOW DEPTH 0.0
TOTALS 0.0 0.0 0.0 0.0
SINCE 7/1 0.0 0.0 0.0 0
SNOWDEPTH AVG. 0 0
DAYS >= TRACE 0 0.0 0.0 0
DAYS >= 1.0 0 0.0 0.0 0
GREATEST
SNOW DEPTH 0 0
24 HR TOTAL 0 0
DEGREE DAYS
HEATING TOTAL 0 0 0 0
SINCE 7/1 0 0 0 0
COOLING TOTAL 645 460 185 493
SINCE 1/1 1923 1644 279 0
................................................................
WIND (MPH)
AVERAGE WIND SPEED 9.8
HIGHEST WIND SPEED/DIRECTION 35/010 DATE 08/13
HIGHEST GUST SPEED/DIRECTION 45/010 DATE 08/13
SKY COVER
POSSIBLE SUNSHINE (PERCENT) MM
AVERAGE SKY COVER 0.37
NUMBER OF DAYS FAIR 16
NUMBER OF DAYS PC 14
NUMBER OF DAYS CLOUDY 1
AVERAGE RH (PERCENT) 42
WEATHER CONDITIONS. NUMBER OF DAYS WITH
THUNDERSTORM 4 MIXED PRECIP 0
HEAVY RAIN 0 RAIN 0
LIGHT RAIN 6 FREEZING RAIN 0
LT FREEZING RAIN 0 HAIL 0
HEAVY SNOW 0 SNOW 0
LIGHT SNOW 0 SLEET 0
FOG 0 FOG W/VIS <= 1/4 MILE 0
HAZE 1
- INDICATES NEGATIVE NUMBERS.
R INDICATES RECORD WAS SET OR TIED.
MM INDICATES DATA IS MISSING.
T INDICATES TRACE AMOUNT.
$$