000
CXUS54 KHGX 011510
CF6LBX
PRELIMINARY LOCAL CLIMATOLOGICAL DATA (WS FORM: F-6)
STATION: ANGLETON/LAKE_JACKS
MONTH: DECEMBER
YEAR: 2023
LATITUDE: 29 6 N
LONGITUDE: 95 28 W
TEMPERATURE IN F: :PCPN: SNOW: WIND :SUNSHINE: SKY :PK WND
================================================================================
1 2 3 4 5 6A 6B 7 8 9 10 11 12 13 14 15 16 17 18
12Z AVG MX 2MIN
DY MAX MIN AVG DEP HDD CDD WTR SNW DPTH SPD SPD DIR MIN PSBL S-S WX SPD DR
================================================================================
1 75 65 70 10 0 5 0.57 0.0 0 4.6 15 50 M M 9 123 19 60
2 66 57 62 3 3 0 T 0.0 0 4.8 10 10 M M 9 12 25 270
3 72 47 60 1 5 0 0.00 0.0 0 2.4 9 200 M M 0 12 11 200
4 73 46 60 1 5 0 0.00 0.0 0 3.1 18 350 M M 0 1 26 360
5 69 46 58 -1 7 0 0.00 0.0 0 3.7 9 60 M M 0 1 12 70
6 65 43 54 -5 11 0 0.00 0.0 0 4.9 15 70 M M 0 1 22 60
7 72 40 56 -2 9 0 0.00 0.0 0 5.2 16 170 M M 2 1 22 170
8 79 63 71 13 0 6 T 0.0 0 13.7 29 190 M M 9 43 180
9 80 60 70 12 0 5 0.67 0.0 0 8.9 26 350 M M 8 138 42 340
10 61 36 49 -9 16 0 0.00 0.0 0 10.5 23 350 M M 2 34 350
11 65 30 48 -10 17 0 0.00 0.0 0 2.8 13 160 M M 0 17 120
12 67 43 55 -3 10 0 0.00 0.0 0 8.5 17 90 M M 2 25 120
13 64 55 60 3 5 0 T 0.0 0 8.9 15 60 M M 1 24 80
14 68 55 62 5 3 0 0.00 0.0 0 10.1 17 80 M M 5 27 60
15 67 61 64 7 1 0 0.34 0.0 0 8.4 17 80 M M 10 18 28 130
16 64 44 54 -3 11 0 0.36 0.0 0 10.5 17 350 M M 4 1 27 360
17 67 37 52 -5 13 0 0.00 0.0 0 2.8 9 50 M M 0 1 13 40
18 74 40 57 0 8 0 0.00 0.0 0 3.0 10 350 M M 0 12 15 30
19 67 39 53 -3 12 0 0.00 0.0 0 7.7 16 120 M M 0 25 130
20 69 57 63 7 2 0 T 0.0 0 9.0 18 90 M M 6 26 80
21 69 61 65 9 0 0 0.00 0.0 0 8.1 14 110 M M 7 1 20 80
22 70 63 67 11 0 2 0.00 0.0 0 5.2 9 80 M M 10 1 16 190
23 74 60 67 11 0 2 1.25 0.0 0 7.5 21 150 M M 9 13 29 150
24 71 53 62 6 3 0 0.30 0.0 0 6.8 22 350 M M 7 12 30 350
25 58 47 53 -3 12 0 0.00 0.0 0 8.1 18 330 M M 1 12 31 360
26 60 42 51 -5 14 0 0.00 0.0 0 4.7 13 150 M M 7 16 140
27 68 42 55 0 10 0 0.00 0.0 0 5.0 16 360 M M 0 1 20 350
28 59 37 48 -7 17 0 0.00 0.0 0 4.5 17 350 M M 0 25 340
29 56 34 45 -10 20 0 0.00 0.0 0 4.2 13 320 M M 0 19 320
30 69 32 51 -4 14 0 0.00 0.0 0 2.3 10 170 M M 0 15 230
31 74 41 58 3 7 0 0.00 0.0 0 4.2 17 170 M M 3 12 26 190
================================================================================
SM 2112 1476 235 20 3.49 0.0 194.1 M 111
================================================================================
AV 68.1 47.6 6.3 FASTST M M 4 MAX(MPH)
MISC ----> 29 190 43 180
================================================================================
NOTES:
# LAST OF SEVERAL OCCURRENCES
COLUMN 17 PEAK WIND IN M.P.H.
PRELIMINARY LOCAL CLIMATOLOGICAL DATA (WS FORM: F-6) , PAGE 2
STATION: ANGLETON/LAKE_JACKS
MONTH: DECEMBER
YEAR: 2023
LATITUDE: 29 6 N
LONGITUDE: 95 28 W
[TEMPERATURE DATA] [PRECIPITATION DATA] SYMBOLS USED IN COLUMN 16
AVERAGE MONTHLY: 57.9 TOTAL FOR MONTH: 3.49 1 = FOG OR MIST
DPTR FM NORMAL: 0.9 DPTR FM NORMAL: -0.21 2 = FOG REDUCING VISIBILITY
HIGHEST: 80 ON 9 GRTST 24HR 1.87 ON 30- 1 TO 1/4 MILE OR LESS
LOWEST: 30 ON 11 3 = THUNDER
SNOW, ICE PELLETS, HAIL 4 = ICE PELLETS
TOTAL MONTH: 0.0 INCH 5 = HAIL
GRTST 24HR 0.0 6 = FREEZING RAIN OR DRIZZLE
GRTST DEPTH: 0 7 = DUSTSTORM OR SANDSTORM:
VSBY 1/2 MILE OR LESS
8 = SMOKE OR HAZE
[NO. OF DAYS WITH] [WEATHER - DAYS WITH] 9 = BLOWING SNOW
X = TORNADO
MAX 32 OR BELOW: 0 0.01 INCH OR MORE: 6
MAX 90 OR ABOVE: 0 0.10 INCH OR MORE: 6
MIN 32 OR BELOW: 2 0.50 INCH OR MORE: 3
MIN 0 OR BELOW: 0 1.00 INCH OR MORE: 1
[HDD (BASE 65) ]
TOTAL THIS MO. 235 CLEAR (SCALE 0-3) 18
DPTR FM NORMAL -48 PTCLDY (SCALE 4-7) 6
TOTAL FM JUL 1 439 CLOUDY (SCALE 8-10) 7
DPTR FM NORMAL 1
[CDD (BASE 65) ]
TOTAL THIS MO. 20
DPTR FM NORMAL -17 [PRESSURE DATA]
TOTAL FM JAN 1 3561 HIGHEST SLP 30.42 ON 13
DPTR FM NORMAL 343 LOWEST SLP 29.74 ON 24
[REMARKS]
#FINAL-12-23#