000
CXUS54 KLCH 011725
CLMLCH
CLIMATE REPORT
NATIONAL WEATHER SERVICE LAKE CHARLES, LA
1225 PM CDT SAT JUL 01 2023
...................................
...THE LAKE CHARLES CLIMATE SUMMARY FOR THE MONTH OF JUNE 2023...
CLIMATE NORMAL PERIOD: 1991 TO 2020
CLIMATE RECORD PERIOD: 1895 TO 2023
WEATHER OBSERVED NORMAL DEPART LAST YEAR`S
VALUE DATE(S) VALUE FROM VALUE DATE(S)
NORMAL
................................................................
TEMPERATURE (F)
RECORD
HIGH 106 06/27/1930
LOW 51 06/17/1917
HIGHEST 96 06/30 MM MM 99 06/26
LOWEST 65 06/01 MM MM 67 06/05
06/04
AVG. MAXIMUM 89.8 90.5 -0.7 91.6
AVG. MINIMUM 73.2 73.7 -0.5 74.1
MEAN 81.5 82.1 -0.6 82.8
DAYS MAX >= 90 17 17.2 -0.2 23
DAYS MAX <= 32 0 0.0 0.0 0
DAYS MIN <= 32 0 0.0 0.0 0
DAYS MIN <= 0 0 0.0 0.0 0
PRECIPITATION (INCHES)
RECORD
MAXIMUM 25.33 1989
MINIMUM 0.02 1936
TOTALS 2.38 6.54 -4.16 3.78
DAILY AVG. 0.08 0.22 -0.14 0.13
DAYS >= .01 8 10.8 -2.8 8
DAYS >= .10 6 7.5 -1.5 6
DAYS >= .50 2 4.2 -2.2 4
DAYS >= 1.00 0 2.1 -2.1 1
GREATEST
24 HR. TOTAL 0.76 06/21 TO 06/22
DEGREE DAYS
COOLING TOTAL 501 513 -12 542
SINCE 1/1 1157 1135 22 MM
................................................................
WIND (MPH)
AVERAGE WIND SPEED 7.1
HIGHEST WIND SPEED/DIRECTION 31/090 DATE 06/05
HIGHEST GUST SPEED/DIRECTION 42/080 DATE 06/05
SKY COVER
POSSIBLE SUNSHINE (PERCENT) MM
AVERAGE SKY COVER 0.16
NUMBER OF DAYS FAIR 29
NUMBER OF DAYS PC 1
NUMBER OF DAYS CLOUDY 0
AVERAGE RH (PERCENT) 79
WEATHER CONDITIONS. NUMBER OF DAYS WITH
THUNDERSTORM 10 MIXED PRECIP 0
HEAVY RAIN 4 RAIN 4
LIGHT RAIN 8 FREEZING RAIN 0
LT FREEZING RAIN 0 HAIL 0
HEAVY SNOW 0 SNOW 0
LIGHT SNOW 0 SLEET 0
FOG 18 FOG W/VIS <= 1/4 MILE 0
HAZE 6
- INDICATES NEGATIVE NUMBERS.
R INDICATES RECORD WAS SET OR TIED.
MM INDICATES DATA IS MISSING.
T INDICATES TRACE AMOUNT.
$$