000
CXUS52 KMLB 010647
CF6LEE
PRELIMINARY LOCAL CLIMATOLOGICAL DATA (WS FORM: F-6)
STATION: LEESBURG
MONTH: AUGUST
YEAR: 2022
LATITUDE: 28 49 N
LONGITUDE: 81 49 W
TEMPERATURE IN F: :PCPN: SNOW: WIND :SUNSHINE: SKY :PK WND
================================================================================
1 2 3 4 5 6A 6B 7 8 9 10 11 12 13 14 15 16 17 18
12Z AVG MX 2MIN
DY MAX MIN AVG DEP HDD CDD WTR SNW DPTH SPD SPD DIR MIN PSBL S-S WX SPD DR
================================================================================
1 96 78 87 4 0 22 T 0.0 0 5.7 16 70 M M 1 3 22 70
2 96 74 85 2 0 20 0.33 0.0 0 5.6 24 150 M M 2 13 32 150
3 93 75 84 0 0 19 T 0.0 0 5.5 14 120 M M 2 3 18 110
4 94 75 85 1 0 20 0.19 0.0 0 7.2 26 40 M M 2 13 32 40
5 93 76 85 1 0 20 0.32 0.0 0 6.4 25 40 M M 1 13 36 40
6 89 76 83 -1 0 18 0.43 0.0 0 5.5 21 120 M M 1 13 28 110
7 94 75 85 1 0 20 0.18 0.0 0 6.4 18 120 M M 2 3 25 120
8 91 75 83 -1 0 18 0.24 0.0 0 5.6 25 120 M M 1 138 35 110
9 91 77 84 0 0 19 0.00 0.0 0 6.7 22 100 M M 1 3 30 100
10 93 75 84 0 0 19 0.25 0.0 0 5.1 32 50 M M 4 13 47 50
11 86 78 82 -2 0 17 0.03 0.0 0 5.8 12 110 M M 1 16 310
12 92 75 84 0 0 19 0.00 0.0 0 4.1 12 290 M M 1 3 17 290
13 92 75 84 0 0 19 T 0.0 0 4.1 13 360 M M 5 18 10
14 90 74 82 -2 0 17 0.62 0.0 0 4.3 14 60 M M 5 13 18 60
15 92 75 84 0 0 19 0.00 0.0 0 3.5 12 90 M M 3 16 50
16 93 73 83 -1 0 18 0.00 0.0 0 4.6 12 280 M M 1 18 280
17 89 75 82 -2 0 17 T 0.0 0 4.8 15 280 M M 2 3 24 280
18 91 74 83 0 0 18 0.11 0.0 0 2.8 18 310 M M 2 13 26 320
19 93 74 84 1 0 19 0.04 0.0 0 5.8 14 120 M M 2 3 21 310
20 94 73 84 1 0 19 0.00 0.0 0 3.8 18 110 M M 0 3 25 110
21 95 79 87 4 0 22 0.00 0.0 0 4.3 14 120 M M 0 16 110
22 93 77 85 2 0 20 0.00 0.0 0 5.2 14 50 M M 1 18 330
23 93 75 84 1 0 19 T 0.0 0 4.0 20 340 M M 1 3 28 340
24 95 74 85 2 0 20 1.97 0.0 0 4.8 22 120 M M 2 123 27 120
25 93 74 84 1 0 19 0.56 0.0 0 5.2 17 90 M M 2 13 25 250
26 93 75 84 1 0 19 1.67 0.0 0 4.2 18 60 M M 1 13 25 100
27 89 75 82 -1 0 17 0.25 0.0 0 3.5 17 80 M M 4 138 24 70
28 91 74 83 0 0 18 1.27 0.0 0 4.8 21 140 M M 6 13 29 120
29 90 75 83 0 0 18 0.00 0.0 0 5.0 10 100 M M 3 14 100
30 89 77 83 0 0 18 0.02 0.0 0 5.3 15 160 M M 1 138 19 150
31 93 72 83 0 0 18 1.26 0.0 0 6.0 21 190 M M 2 13 30 190
================================================================================
SM 2856 2329 0 585 9.74 0.0 155.6 M 62
================================================================================
AV 92.1 75.1 5.0 FASTST M M 2 MAX(MPH)
MISC ----> 32 50 47 50
================================================================================
NOTES:
# LAST OF SEVERAL OCCURRENCES
COLUMN 17 PEAK WIND IN M.P.H.
PRELIMINARY LOCAL CLIMATOLOGICAL DATA (WS FORM: F-6) , PAGE 2
STATION: LEESBURG
MONTH: AUGUST
YEAR: 2022
LATITUDE: 28 49 N
LONGITUDE: 81 49 W
[TEMPERATURE DATA] [PRECIPITATION DATA] SYMBOLS USED IN COLUMN 16
AVERAGE MONTHLY: 83.6 TOTAL FOR MONTH: 9.74 1 = FOG OR MIST
DPTR FM NORMAL: 0.3 DPTR FM NORMAL: 3.11 2 = FOG REDUCING VISIBILITY
HIGHEST: 96 ON 2, 1 GRTST 24HR 2.23 ON 25-26 TO 1/4 MILE OR LESS
LOWEST: 72 ON 31 3 = THUNDER
SNOW, ICE PELLETS, HAIL 4 = ICE PELLETS
TOTAL MONTH: 0.0 INCH 5 = HAIL
GRTST 24HR 0.0 6 = FREEZING RAIN OR DRIZZLE
GRTST DEPTH: 0 7 = DUSTSTORM OR SANDSTORM:
VSBY 1/2 MILE OR LESS
8 = SMOKE OR HAZE
[NO. OF DAYS WITH] [WEATHER - DAYS WITH] 9 = BLOWING SNOW
X = TORNADO
MAX 32 OR BELOW: 0 0.01 INCH OR MORE: 18
MAX 90 OR ABOVE: 26 0.10 INCH OR MORE: 15
MIN 32 OR BELOW: 0 0.50 INCH OR MORE: 6
MIN 0 OR BELOW: 0 1.00 INCH OR MORE: 4
[HDD (BASE 65) ]
TOTAL THIS MO. 0 CLEAR (SCALE 0-3) 25
DPTR FM NORMAL 0 PTCLDY (SCALE 4-7) 6
TOTAL FM JUL 1 0 CLOUDY (SCALE 8-10) 0
DPTR FM NORMAL 0
[CDD (BASE 65) ]
TOTAL THIS MO. 585
DPTR FM NORMAL 16 [PRESSURE DATA]
TOTAL FM JAN 1 2701 HIGHEST SLP M ON M
DPTR FM NORMAL 225 LOWEST SLP 29.87 ON 15
[REMARKS]
#FINAL-08-22#
USED LAKE FORESTRY CENTER RAWS STATION (TT686) FOR PRECIP ON 8/6 & 8/10 DUE TO ASOS ISSUES