000
CXUS53 KLMK 010710
CF6LEX
PRELIMINARY LOCAL CLIMATOLOGICAL DATA (WS FORM: F-6)
STATION: LEXINGTON KY
MONTH: AUGUST
YEAR: 2022
LATITUDE: 38 1 N
LONGITUDE: 84 36 W
TEMPERATURE IN F: :PCPN: SNOW: WIND :SUNSHINE: SKY :PK WND
================================================================================
1 2 3 4 5 6A 6B 7 8 9 10 11 12 13 14 15 16 17 18
12Z AVG MX 2MIN
DY MAX MIN AVG DEP HDD CDD WTR SNW DPTH SPD SPD DIR MIN PSBL S-S WX SPD DR
================================================================================
1 86 73 80 3 0 15 T 0.0 0 11.7 22 170 M M 7 31 250
2 88 70 79 2 0 14 0.00 0.0 0 6.7 15 270 M M 1 1 19 320
3 92 70 81 4 0 16 0.00 0.0 0 6.3 20 180 M M 1 3 27 190
4 87 71 79 2 0 14 0.41 0.0 0 7.2 20 260 M M 2 3 34 250
5 80 72 76 0 0 11 0.41 0.0 0 6.2 17 160 M M 5 138 23 160
6 85 70 78 2 0 13 0.57 0.0 0 6.5 17 210 M M 6 13 23 210
7 90 70 80 4 0 15 T 0.0 0 7.2 18 210 M M 1 3 27 250
8 91 70 81 5 0 16 0.00 0.0 0 7.6 16 230 M M 1 22 240
9 90 71 81 5 0 16 0.80 0.0 0 7.8 25 290 M M 2 13 37 290
10 86 72 79 3 0 14 0.62 0.0 0 5.1 16 320 M M 6 13 24 330
11 85 71 78 2 0 13 0.03 0.0 0 4.1 12 340 M M 4 1 18 340
12 80 61 71 -5 0 6 0.00 0.0 0 8.8 16 20 M M 0 23 30
13 84 57 71 -5 0 6 0.00 0.0 0 3.7 12 70 M M 0 17 60
14 83 67 75 -1 0 10 T 0.0 0 7.0 18 210 M M 5 26 210
15 79 68 74 -2 0 9 0.00 0.0 0 5.8 13 40 M M 7 12 16 20
16 83 61 72 -4 0 7 0.00 0.0 0 5.4 15 40 M M 1 1 18 30
17 82 61 72 -4 0 7 0.00 0.0 0 4.3 14 20 M M 1 1 18 20
18 86 60 73 -3 0 8 0.00 0.0 0 3.5 10 340 M M 2 18 14 20
19 89 59 74 -2 0 9 0.00 0.0 0 3.2 9 190 M M 1 1 14 80
20 86 70 78 2 0 13 T 0.0 0 7.2 14 200 M M 4 3 20 220
21 81 69 75 -1 0 10 0.26 0.0 0 8.1 18 220 M M 4 13 25 200
22 85 67 76 1 0 11 0.00 0.0 0 4.5 14 320 M M 4 128 19 320
23 86 60 73 -2 0 8 0.00 0.0 0 2.4 10 10 M M 3 12 14 240
24 88 61 75 0 0 10 0.00 0.0 0 3.8 10 350 M M 3 14 20
25 89 61 75 0 0 10 0.00 0.0 0 2.8 13 280 M M 2 8 19 240
26 90 65 78 3 0 13 T 0.0 0 3.6 15 320 M M 2 3 20 330
27 89 66 78 3 0 13 0.00 0.0 0 6.2 13 40 M M 1 1 19 80
28 93 70 82 8 0 17 0.00 0.0 M 7.4 15 190 M M 1 19 160
29 87 73 80 6 0 15 0.65 0.0 0 7.3 26 170 M M 3 13 38 160
30 85 67 76 2 0 11 0.52 0.0 0 6.1 16 330 M M 5 13 22 320
31 83 58 71 -3 0 6 0.00 0.0 0 2.2 10 270 M M 1 16 250
================================================================================
SM 2668 2061 0 356 4.27 0.0 179.7 M 86
================================================================================
AV 86.1 66.5 5.8 FASTST M M 3 MAX(MPH)
MISC ----> 26 170 38 160
================================================================================
NOTES:
# LAST OF SEVERAL OCCURRENCES
COLUMN 17 PEAK WIND IN M.P.H.
PRELIMINARY LOCAL CLIMATOLOGICAL DATA (WS FORM: F-6) , PAGE 2
STATION: LEXINGTON KY
MONTH: AUGUST
YEAR: 2022
LATITUDE: 38 1 N
LONGITUDE: 84 36 W
[TEMPERATURE DATA] [PRECIPITATION DATA] SYMBOLS USED IN COLUMN 16
AVERAGE MONTHLY: 76.3 TOTAL FOR MONTH: 4.27 1 = FOG OR MIST
DPTR FM NORMAL: 0.6 DPTR FM NORMAL: 0.56 2 = FOG REDUCING VISIBILITY
HIGHEST: 93 ON 28 GRTST 24HR 1.42 ON 9-10 TO 1/4 MILE OR LESS
LOWEST: 57 ON 13 3 = THUNDER
SNOW, ICE PELLETS, HAIL 4 = ICE PELLETS
TOTAL MONTH: 0.0 INCH 5 = HAIL
GRTST 24HR 0.0 6 = FREEZING RAIN OR DRIZZLE
GRTST DEPTH: 0 7 = DUSTSTORM OR SANDSTORM:
VSBY 1/2 MILE OR LESS
8 = SMOKE OR HAZE
[NO. OF DAYS WITH] [WEATHER - DAYS WITH] 9 = BLOWING SNOW
X = TORNADO
MAX 32 OR BELOW: 0 0.01 INCH OR MORE: 9
MAX 90 OR ABOVE: 6 0.10 INCH OR MORE: 8
MIN 32 OR BELOW: 0 0.50 INCH OR MORE: 5
MIN 0 OR BELOW: 0 1.00 INCH OR MORE: 0
[HDD (BASE 65) ]
TOTAL THIS MO. 0 CLEAR (SCALE 0-3) 20
DPTR FM NORMAL -1 PTCLDY (SCALE 4-7) 11
TOTAL FM JUL 1 0 CLOUDY (SCALE 8-10) 0
DPTR FM NORMAL 0
[CDD (BASE 65) ]
TOTAL THIS MO. 356
DPTR FM NORMAL 23 [PRESSURE DATA]
TOTAL FM JAN 1 1327 HIGHEST SLP M ON M
DPTR FM NORMAL 239 LOWEST SLP 29.85 ON 15
[REMARKS]
#FINAL-08-22#