000
CSUS54 KSHV 011500
CF6LFK
PRELIMINARY LOCAL CLIMATOLOGICAL DATA (WS FORM: F-6)
STATION: LUFKIN
MONTH: AUGUST
YEAR: 2020
LATITUDE: 31 14 N
LONGITUDE: 94 45 W
TEMPERATURE IN F: :PCPN: SNOW: WIND :SUNSHINE: SKY :PK WND
================================================================================
1 2 3 4 5 6A 6B 7 8 9 10 11 12 13 14 15 16 17 18
12Z AVG MX 2MIN
DY MAX MIN AVG DEP HDD CDD WTR SNW DPTH SPD SPD DIR MIN PSBL S-S WX SPD DR
================================================================================
1 91 72 82 -1 0 17 0.00 0.0 0 2.3 9 310 M M 4 1 12 330
2 92 70 81 -2 0 16 T 0.0 0 2.0 16 80 M M 4 123 19 20
3 96 69 83 0 0 18 0.00 0.0 0 2.7 10 350 M M 0 17 320
4 97 73 85 2 0 20 0.00 0.0 0 2.7 9 270 M M 2 13 280
5 94 75 85 2 0 20 0.00 0.0 0 4.5 15 60 M M 2 3 20 70
6 95 74 85 2 0 20 0.00 0.0 0 5.8 10 130 M M 3 14 120
7 96 75 86 3 0 21 0.00 0.0 0 4.2 15 90 M M 1 1 18 70
8 96 74 85 2 0 20 0.00 0.0 0 4.7 21 150 M M 2 18 25 150
9 97 74 86 3 0 21 0.00 0.0 0 5.4 20 130 M M 2 13 25 180
10 97 75 86 3 0 21 T 0.0 0 6.3 14 150 M M 1 1 20 210
11 98 75 87 4 0 22 0.00 0.0 0 6.6 14 150 M M 2 1 20 220
12 98 77 88 5 0 23 0.00 0.0 0 5.8 15 200 M M 1 19 210
13 100 76 88 5 0 23 0.00 0.0 0 5.1 13 150 M M 1 17 240
14 99 76 88 5 0 23 0.00 0.0 0 5.6 14 180 M M 0 18 220
15 102 77 90 7 0 25 0.00 0.0 0 5.1 13 220 M M 2 17 240
16 103 73 88 5 0 23 0.95 0.0 0 4.2 28 290 M M 2 13 45 320
17 95 71 83 0 0 18 0.20 0.0 M 3.4 15 290 M M 0 13 26 320
18 96 71 84 1 0 19 0.00 0.0 0 2.6 12 350 M M 1 18 350
19 93 67 80 -3 0 15 0.00 0.0 0 3.6 12 50 M M 1 16 360
20 92 69 81 -2 0 16 0.00 0.0 0 3.6 13 10 M M 2 17 340
21 94 65 80 -3 0 15 0.00 0.0 0 1.9 9 280 M M 1 15 290
22 93 66 80 -3 0 15 0.00 0.0 0 1.6 12 290 M M 1 3 16 310
23 96 71 84 2 0 19 0.00 0.0 0 3.7 15 70 M M 4 18 80
24 96 71 84 2 0 19 0.00 0.0 0 4.8 14 90 M M 1 19 50
25 96 73 85 3 0 20 0.00 0.0 0 8.0 18 70 M M 3 25 100
26 95 79 87 5 0 22 0.05 0.0 0 10.1 26 150 M M 3 33 150
27 93 74 84 2 0 19 0.46 0.0 0 9.5 23 20 M M 4 1 37 30
28 92 75 84 2 0 19 0.11 0.0 0 5.7 24 120 M M 4 138 30 140
29 97 75 86 4 0 21 T 0.0 0 5.7 12 150 M M 5 1 17 260
30 96 78 87 5 0 22 0.00 0.0 0 6.2 14 250 M M 2 19 240
31 98 79 89 8 0 24 T 0.0 0 8.7 17 140 M M 4 138 23 130
================================================================================
SM 2973 2269 0 616 1.77 0.0 152.1 M 65
================================================================================
AV 95.9 73.2 4.9 FASTST M M 2 MAX(MPH)
MISC ----> # 28 290 # 45 320
================================================================================
NOTES:
# LAST OF SEVERAL OCCURRENCES
COLUMN 17 PEAK WIND IN M.P.H.
PRELIMINARY LOCAL CLIMATOLOGICAL DATA (WS FORM: F-6) , PAGE 2
STATION: LUFKIN
MONTH: AUGUST
YEAR: 2020
LATITUDE: 31 14 N
LONGITUDE: 94 45 W
[TEMPERATURE DATA] [PRECIPITATION DATA] SYMBOLS USED IN COLUMN 16
AVERAGE MONTHLY: 84.6 TOTAL FOR MONTH: 1.77 1 = FOG OR MIST
DPTR FM NORMAL: 1.7 DPTR FM NORMAL: -1.57 2 = FOG REDUCING VISIBILITY
HIGHEST: 103 ON 16 GRTST 24HR 0.95 ON 16-16 TO 1/4 MILE OR LESS
LOWEST: 65 ON 21 3 = THUNDER
SNOW, ICE PELLETS, HAIL 4 = ICE PELLETS
TOTAL MONTH: 0.0 INCH 5 = HAIL
GRTST 24HR 0.0 6 = FREEZING RAIN OR DRIZZLE
GRTST DEPTH: 0 7 = DUSTSTORM OR SANDSTORM:
VSBY 1/2 MILE OR LESS
8 = SMOKE OR HAZE
[NO. OF DAYS WITH] [WEATHER - DAYS WITH] 9 = BLOWING SNOW
X = TORNADO
MAX 32 OR BELOW: 0 0.01 INCH OR MORE: 5
MAX 90 OR ABOVE: 31 0.10 INCH OR MORE: 4
MIN 32 OR BELOW: 0 0.50 INCH OR MORE: 1
MIN 0 OR BELOW: 0 1.00 INCH OR MORE: 0
[HDD (BASE 65) ]
TOTAL THIS MO. 0 CLEAR (SCALE 0-3) 23
DPTR FM NORMAL 0 PTCLDY (SCALE 4-7) 8
TOTAL FM JUL 1 0 CLOUDY (SCALE 8-10) 0
DPTR FM NORMAL 0
[CDD (BASE 65) ]
TOTAL THIS MO. 616
DPTR FM NORMAL 64 [PRESSURE DATA]
TOTAL FM JAN 1 2285 HIGHEST SLP 30.13 ON 9
DPTR FM NORMAL 262 LOWEST SLP 29.56 ON 27
[REMARKS]
#FINAL-08-20#