000
CXUS51 KOKX 020025
CLMLGA
NYCCLMLGA 000
TTAA00 OKX 020023
CLIMATE REPORT
NATIONAL WEATHER SERVICE NEW YORK, NY
823 PM EDT MON MAY 01 2023
...................................
...THE LAGUARDIA NY CLIMATE SUMMARY FOR THE MONTH OF APRIL 2023...
CLIMATE NORMAL PERIOD 1991 TO 2020
CLIMATE RECORD PERIOD 1939 TO 2023
WEATHER OBSERVED NORMAL DEPART LAST YEAR`S
VALUE DATE(S) VALUE FROM VALUE DATE(S)
NORMAL
................................................................
TEMPERATURE (F)
RECORD
HIGH 94 04/17/2002
LOW 22 04/07/1982
04/06/1982
HIGHEST 89 04/13 MM MM 71 04/12
04/14
04/14
LOWEST 38 04/03 MM MM 39 04/02
AVG. MAXIMUM 65.2 61.3 3.9 59.4
AVG. MINIMUM 48.8 46.0 2.8 45.3
MEAN 57.0 53.6 3.4 52.4
DAYS MAX >= 90 0 0.0 0.0 0
DAYS MAX <= 32 0 0.0 0.0 0
DAYS MIN <= 32 0 0.6 -0.6 0
DAYS MIN <= 0 0 0.0 0.0 0
PRECIPITATION (INCHES)
RECORD
MAXIMUM 11.78 2007
MINIMUM 0.99 1985
TOTALS 8.25 3.85 4.40 4.20
DAILY AVG. 0.28 0.13 0.15 0.14
DAYS >= .01 8 11.2 -3.2 13
DAYS >= .10 6 6.4 -0.4 7
DAYS >= .50 3 2.2 0.8 3
DAYS >= 1.00 3 0.9 2.1 1
GREATEST
24 HR. TOTAL 3.09 04/30 TO 04/30 2.06 04/18 TO 04/19
STORM TOTAL 3.09 1.14
(MM/DD(HH)) MM
SNOWFALL (INCHES)
RECORDS
TOTAL 8.2 1982
24 HR TOTAL 8.2 MM
TOTALS 0.0 0.4 -0.4 0.0
LIQUID EQUIV 0.00 0.00 0.00 0.00
SINCE 7/1 3.4 29.8 -26.4 MM
LIQUID 7/1 0.34 2.90 MM
DAYS >= TRACE 0 0.0 0.0 0
DAYS >= 1.0 0 0.0 0.0 0
GREATEST
SNOW DEPTH 0 0 MM
24 HR TOTAL MM MM
STORM TOTAL 0.0 0.0
(MM/DD(HH)) MM
DEGREE DAYS
HEATING TOTAL 265 351 -86 374
SINCE 7/1 3664 4256 -592 MM
COOLING TOTAL 34 10 24 0
SINCE 1/1 34 11 23 MM
................................................................
WIND (MPH)
AVERAGE WIND SPEED 10.7
HIGHEST WIND SPEED/DIRECTION 35/310 DATE 04/02
HIGHEST GUST SPEED/DIRECTION 45/300 DATE 04/02
SKY COVER
POSSIBLE SUNSHINE (PERCENT) MM
AVERAGE SKY COVER 0.66
NUMBER OF DAYS FAIR 5
NUMBER OF DAYS PC 11
NUMBER OF DAYS CLOUDY 14
AVERAGE RH (PERCENT) 56
WEATHER CONDITIONS. NUMBER OF DAYS WITH
THUNDERSTORM 3 MIXED PRECIP 0
HEAVY RAIN 3 RAIN 5
LIGHT RAIN 12 FREEZING RAIN 0
LT FREEZING RAIN 0 HAIL 0
HEAVY SNOW 0 SNOW 0
LIGHT SNOW 0 SLEET 0
FOG 12 FOG W/VIS <= 1/4 MILE 4
HAZE 6
- INDICATES NEGATIVE NUMBERS.
R INDICATES RECORD WAS SET OR TIED.
MM INDICATES DATA IS MISSING.
T INDICATES TRACE AMOUNT.
$$