714
CXUS51 KOKX 020148
CLSLGA
CLIMATE REPORT
NATIONAL WEATHER SERVICE NEW YORK NY
943 PM EDT TUE SEP 1 2020
...................................
...THE LAGUARDIA NY CLIMATE SUMMARY FOR THE SEASON, FROM
6/1/2020 TO 8/31/2020...
CLIMATE NORMAL PERIOD 1981 TO 2010
CLIMATE RECORD PERIOD 1939 TO 2020
WEATHER OBSERVED NORMAL DEPART LAST YEAR`S
VALUE DATE(S) VALUE FROM VALUE
NORMAL
.............................................................
TEMPERATURE (F)
RECORD
HIGH 107 07/03/1966
LOW 46 06/11/1972
06/01/1945
HIGHEST 97 07/28 MM MM
07/20
07/27
LOWEST 54 06/01 MM MM
AVG. MAXIMUM 86.9 83.2 3.7
AVG. MINIMUM 72.1 67.4 4.7
MEAN 79.5 75.3 4.2
DAYS MAX >= 90 34 15.3 18.7
DAYS MAX <= 32 0 0.0 0.0
DAYS MIN <= 32 0 0.0 0.0
DAYS MIN <= 0 0 0.0 0.0
PRECIPITATION (INCHES)
RECORD
MAXIMUM 24.11 2011
MINIMUM 4.30 1966
TOTALS 10.74 12.56 -1.82 14.14
DAILY AVG. 0.12 0.14 -0.02
DAYS >= .01 33 29.1 3.9
DAYS >= .10 21 19.2 1.8
DAYS >= .50 5 8.4 -3.4
DAYS >= 1.00 2 3.4 -1.4
GREATEST
24 HR. TOTAL 2.45 MM
STORM TOTAL MM
(MM/DD(HH)) MM
SNOWFALL (INCHES)
RECORDS
TOTAL T 2011
2009
2008
24 HR TOTAL MM
TOTALS 0.0 0.0 0.0
LIQUID EQUIV 0.00 0.00 0.00
SINCE 7/1 0.0 0.0 0.0
LIQUID 7/1 0.00
DAYS >= TRACE 0 0.0 0.0
DAYS >= 1.0 0 0.0 0.0
GREATEST
SNOW DEPTH 0 MM
24 HR TOTAL 0.0 MM
STORM TOTAL MM
(MM/DD(HH)) MM
DEGREE_DAYS
HEATING TOTAL 2 17 -15
SINCE 7/1 0 1 -1
COOLING TOTAL 1364 966 398
SINCE 1/1 1410 1033 377
..............................................................
WIND (MPH)
AVERAGE WIND SPEED 8.9
HIGHEST WIND SPEED/DIRECTION 53/160 DATE 08/04
HIGHEST GUST SPEED/DIRECTION 69/170 DATE 08/04
SKY COVER
POSSIBLE SUNSHINE (PERCENT) MM
AVERAGE SKY COVER 0.60
NUMBER OF DAYS FAIR 6
NUMBER OF DAYS PC 65
NUMBER OF DAYS CLOUDY 21
AVERAGE RH (PERCENT) 58
WEATHER CONDITIONS. NUMBER OF DAYS WITH
0
16
0
0
0
0
0
HAZE 10
- INDICATES NEGATIVE NUMBERS.
R INDICATES RECORD WAS SET OR TIED.
MM INDICATES DATA IS MISSING.
T INDICATES TRACE AMOUNT.
$$