000
CXUS54 KFWD 020337
CF6LHB
PRELIMINARY LOCAL CLIMATOLOGICAL DATA (WS FORM: F-6)
STATION: HEARNE
MONTH: FEBRUARY
YEAR: 2020
LATITUDE: 30 52 N
LONGITUDE: 96 36 W
TEMPERATURE IN F: :PCPN: SNOW: WIND :SUNSHINE: SKY :PK WND
================================================================================
1 2 3 4 5 6A 6B 7 8 9 10 11 12 13 14 15 16 17 18
12Z AVG MX 2MIN
DY MAX MIN AVG DEP HDD CDD WTR SNW DPTH SPD SPD DIR MIN PSBL S-S WX SPD DR
================================================================================
1 70 31 51 M 14 0 0.00 0.0 0 2.6 9 290 M M 0 M M
2 80 36 58 M 7 0 0.00 0.0 0 4.7 15 190 M M 0 20 190
3 73 53 63 M 2 0 0.00 0.0 0 10.9 22 200 M M 7 30 200
4 77 49 63 M 2 0 0.00 0.0 0 10.0 20 320 M M 8 24 340
5 48 34 41 M 24 0 0.03 M 0 14.2 20 330 M M 10 1 28 350
6 52 30 41 M 24 0 M M M 9.0 16 310 M M 3 23 300
7 72 30 51 M 14 0 0.00 0.0 0 5.4 15 250 M M 0 24 250
8 70 35 53 M 12 0 0.00 0.0 0 5.4 12 150 M M 4 18 150
9 73 58 66 M 0 1 0.10 0.0 0 8.8 14 160 M M 9 20 150
10 69 46 58 M 7 0 0.05 0.0 0 8.3 16 330 M M 10 13 24 320
11 49 43 46 M 19 0 0.37 0.0 0 8.4 16 340 M M 10 1 17 360
12 54 39 47 M 18 0 0.58 0.0 0 4.9 13 300 M M 7 1 M M
13 52 31 42 M 23 0 0.00 0.0 0 8.1 20 340 M M 4 1 27 360
14 59 30 45 M 20 0 0.00 0.0 0 2.5 7 350 M M 0 M M
15 66 37 52 M 13 0 0.00 0.0 0 3.5 10 160 M M 7 M M
16 76 55 66 M 0 1 0.00 0.0 0 5.8 12 170 M M 5 12 17 170
17 79 62 71 M 0 6 0.00 0.0 0 7.0 14 180 M M 7 1 17 170
18 72 51 62 M 3 0 0.04 0.0 0 7.4 22 350 M M 9 1 28 350
19 51 46 49 M 16 0 0.22 0.0 0 5.9 10 360 M M 10 1 M M
20 53 42 48 M 17 0 0.31 0.0 0 11.6 24 360 M M 9 1 31 360
21 54 32 43 M 22 0 0.00 0.0 0 5.8 13 350 M M 1 M M
22 62 34 48 M 17 0 0.00 0.0 0 4.0 9 150 M M 3 16 150
23 64 49 57 M 8 0 0.00 0.0 0 6.9 10 120 M M 10 1 18 120
24 69 46 58 M 7 0 0.01 0.0 0 5.2 14 310 M M 3 M M
25 65 40 53 M 12 0 0.00 0.0 0 8.7 16 340 M M 2 27 330
26 53 32 43 M 22 0 0.00 0.0 0 14.1 25 340 M M 4 35 330
27 61 24 43 M 22 0 0.00 0.0 0 0.9 6 240 M M 0 M M
28 70 31 51 M 14 0 0.00 0.0 0 1.7 7 160 M M 0 M M
29 74 40 57 M 8 0 0.00 0.0 0 7.4 18 170 M M 0 27 170
================================================================================
SM 1867 1166 367 8 1.71 0.0 199.1 M 142
================================================================================
AV 64.4 40.2 6.9 FASTST M M 5 MAX(MPH)
MISC ----> # 25 340 # 35 330
================================================================================
NOTES:
# LAST OF SEVERAL OCCURRENCES
COLUMN 17 PEAK WIND IN M.P.H.
PRELIMINARY LOCAL CLIMATOLOGICAL DATA (WS FORM: F-6) , PAGE 2
STATION: HEARNE
MONTH: FEBRUARY
YEAR: 2020
LATITUDE: 30 52 N
LONGITUDE: 96 36 W
[TEMPERATURE DATA] [PRECIPITATION DATA] SYMBOLS USED IN COLUMN 16
AVERAGE MONTHLY: 52.3 TOTAL FOR MONTH: 1.71 1 = FOG OR MIST
DPTR FM NORMAL: M DPTR FM NORMAL: M 2 = FOG REDUCING VISIBILITY
HIGHEST: 80 ON 2 GRTST 24HR 0.58 ON 12-12 TO 1/4 MILE OR LESS
LOWEST: 24 ON 27 3 = THUNDER
SNOW, ICE PELLETS, HAIL 4 = ICE PELLETS
TOTAL MONTH: 0.0 INCH 5 = HAIL
GRTST 24HR 0.0 6 = FREEZING RAIN OR DRIZZLE
GRTST DEPTH: 0 7 = DUSTSTORM OR SANDSTORM:
VSBY 1/2 MILE OR LESS
8 = SMOKE OR HAZE
[NO. OF DAYS WITH] [WEATHER - DAYS WITH] 9 = BLOWING SNOW
X = TORNADO
MAX 32 OR BELOW: 0 0.01 INCH OR MORE: 9
MAX 90 OR ABOVE: 0 0.10 INCH OR MORE: 5
MIN 32 OR BELOW: 9 0.50 INCH OR MORE: 1
MIN 0 OR BELOW: 0 1.00 INCH OR MORE: 0
[HDD (BASE 65) ]
TOTAL THIS MO. 367 CLEAR (SCALE 0-3) 12
DPTR FM NORMAL M PTCLDY (SCALE 4-7) 9
TOTAL FM JUL 1 1486 CLOUDY (SCALE 8-10) 8
DPTR FM NORMAL M
[CDD (BASE 65) ]
TOTAL THIS MO. 8
DPTR FM NORMAL M [PRESSURE DATA]
TOTAL FM JAN 1 21 HIGHEST SLP M ON M
DPTR FM NORMAL M LOWEST SLP M ON M
[REMARKS]
#FINAL-02-20#