806
CXUS55 KBOU 010900
CF6LIC
PRELIMINARY LOCAL CLIMATOLOGICAL DATA (WS FORM: F-6)
STATION: LIMON CO
MONTH: MARCH
YEAR: 2021
LATITUDE: 39 10 N
LONGITUDE: 103 42 W
TEMPERATURE IN F: :PCPN: SNOW: WIND :SUNSHINE: SKY :PK WND
================================================================================
1 2 3 4 5 6A 6B 7 8 9 10 11 12 13 14 15 16 17 18
12Z AVG MX 2MIN
DY MAX MIN AVG DEP HDD CDD WTR SNW DPTH SPD SPD DIR MIN PSBL S-S WX SPD DR
================================================================================
1 46 14 30 M 35 0 0.00 M M 7.0 17 190 M M 0 26 180
2 63 14 39 M 26 0 0.00 M M 7.0 18 60 M M 0 24 60
3 63 19 41 M 24 0 0.00 M M 7.2 17 150 M M 0 23 150
4 55 19 37 M 28 0 0.44 M M 10.4 28 130 M M 6 1 35 140
5 56 28 42 M 23 0 0.00 M M 6.2 21 320 M M 0 26 330
6 63 28 46 M 19 0 0.00 M M 11.8 28 190 M M 0 40 180
7 67 26 47 M 18 0 0.00 M M 6.9 17 170 M M 0 25 160
8 69 28 49 M 16 0 0.00 M M 7.1 24 230 M M 0 32 230
9 70 25 48 M 17 0 0.00 M M 6.7 20 320 M M 0 25 280
10 53 23 38 M 27 0 0.00 M M 10.4 25 360 M M 4 12 30 360
11 49 19 34 M 31 0 0.00 M M 11.4 25 150 M M 4 12 36 150
12 42 24 33 M 32 0 0.00 M M 10.1 21 130 M M 9 1 27 150
13 34 30 32 M 33 0 0.49 M M 12.3 36 40 M M 10 126 43 40
14 35 27 31 M 34 0 0.39 M M 19.0 33 40 M M 9 12 43 340
15 40 20 30 M 35 0 0.09 M M 11.8 33 330 M M 4 12 41 330
16 34 20 27 M 38 0 0.00 M M 11.5 22 350 M M 3 1 28 350
17 34 23 29 M 36 0 T M M 19.6 32 350 M M 6 18 41 340
18 47 16 32 M 33 0 0.00 M M 5.6 14 70 M M 0 16 80
19 57 24 41 M 24 0 0.00 M M 8.0 14 140 M M 0 1 M M
20 70 28 49 M 16 0 0.00 M M 9.6 29 200 M M 0 1 37 200
21 49 32 41 M 24 0 0.12 M M 16.1 29 20 M M 7 1 36 10
22 40 28 34 M 31 0 0.09 M M 11.0 21 360 M M 8 1 26 10
23 46 28 37 M 28 0 T M M 18.3 28 350 M M 3 18 34 10
24 41 27 34 M 31 0 0.00 M M 11.9 24 10 M M 8 31 360
25 51 20 36 M 29 0 0.00 M M 10.1 21 150 M M 3 1 27 150
26 52 32 42 M 23 0 0.09 M M 8.0 25 280 M M 7 3 37 310
27 51 22 37 M 28 0 0.00 M M 14.1 30 360 M M 2 39 10
28 67 20 44 M 21 0 0.00 M M 6.5 21 310 M M 0 28 290
29 79 24 52 M 13 0 0.00 M M 16.4 36 20 M M 0 63 20
30 37 20 29 M 36 0 0.04 M M 5.0 23 320 M M 7 1 29 320
31 52 10 31 M 34 0 T M M 6.1 16 10 M M 0 1 22 10
================================================================================
SM 1612 718 843 0 1.75 M 323.1 M 100
================================================================================
AV 52.0 23.2 10.4 FASTST M M 3 MAX(MPH)
MISC ----> 36 40 63 20
================================================================================
NOTES:
# LAST OF SEVERAL OCCURRENCES
COLUMN 17 PEAK WIND IN M.P.H.
PRELIMINARY LOCAL CLIMATOLOGICAL DATA (WS FORM: F-6) , PAGE 2
STATION: LIMON CO
MONTH: MARCH
YEAR: 2021
LATITUDE: 39 10 N
LONGITUDE: 103 42 W
[TEMPERATURE DATA] [PRECIPITATION DATA] SYMBOLS USED IN COLUMN 16
AVERAGE MONTHLY: 37.6 TOTAL FOR MONTH: 1.75 1 = FOG OR MIST
DPTR FM NORMAL: 1.2 DPTR FM NORMAL: 0.91 2 = FOG REDUCING VISIBILITY
HIGHEST: 79 ON 29 GRTST 24HR 0.66 ON 13-14 TO 1/4 MILE OR LESS
LOWEST: 10 ON 31 3 = THUNDER
SNOW, ICE PELLETS, HAIL 4 = ICE PELLETS
TOTAL MONTH: M 5 = HAIL
GRTST 24HR M ON M 6 = FREEZING RAIN OR DRIZZLE
GRTST DEPTH: M ON M 7 = DUSTSTORM OR SANDSTORM:
VSBY 1/2 MILE OR LESS
8 = SMOKE OR HAZE
[NO. OF DAYS WITH] [WEATHER - DAYS WITH] 9 = BLOWING SNOW
X = TORNADO
MAX 32 OR BELOW: 0 0.01 INCH OR MORE: 8
MAX 90 OR ABOVE: 0 0.10 INCH OR MORE: 4
MIN 32 OR BELOW: 31 0.50 INCH OR MORE: 0
MIN 0 OR BELOW: 0 1.00 INCH OR MORE: 0
[HDD (BASE 65) ]
TOTAL THIS MO. 843 CLEAR (SCALE 0-3) 16
DPTR FM NORMAL M PTCLDY (SCALE 4-7) 12
TOTAL FM JUL 1 5874 CLOUDY (SCALE 8-10) 3
DPTR FM NORMAL 5874
[CDD (BASE 65) ]
TOTAL THIS MO. 0
DPTR FM NORMAL M [PRESSURE DATA]
TOTAL FM JAN 1 0 HIGHEST SLP M ON M
DPTR FM NORMAL M LOWEST SLP 29.50 ON 14
[REMARKS]
#FINAL-03-21#