000
CXUS56 KMFR 010930
CF6LMT
PRELIMINARY LOCAL CLIMATOLOGICAL DATA (WS FORM: F-6)
STATION: KLAMATH FALLS OR
MONTH: JULY
YEAR: 2021
LATITUDE: 42 9 N
LONGITUDE: 121 44 W
TEMPERATURE IN F: :PCPN: SNOW: WIND :SUNSHINE: SKY :PK WND
================================================================================
1 2 3 4 5 6A 6B 7 8 9 10 11 12 13 14 15 16 17 18
12Z AVG MX 2MIN
DY MAX MIN AVG DEP HDD CDD WTR SNW DPTH SPD SPD DIR MIN PSBL S-S WX SPD DR
================================================================================
1 93 55 74 10 0 9 0.00 M M 5.4 18 330 M M 1 8 23 330
2 94 51 73 9 0 8 0.00 M M 5.4 20 330 M M 0 23 330
3 96 55 76 12 0 11 0.00 M M 5.8 22 330 M M 0 26 330
4 94 51 73 8 0 8 0.00 M M 5.9 21 270 M M 0 26 270
5 96 49 73 8 0 8 0.00 M M 5.3 22 340 M M 0 27 340
6 96 51 74 9 0 9 0.00 M M 5.4 21 320 M M 0 25 330
7 91 45 68 2 0 3 0.00 M M 6.2 21 330 M M 0 8 24 330
8 91 44 68 2 0 3 0.00 M M 6.4 23 340 M M 0 8 29 340
9 98 45 72 6 0 7 0.00 M M 4.6 21 340 M M 0 8 24 340
10 99 50 75 9 0 10 0.00 M M 6.5 23 330 M M 0 8 27 330
11 96 52 74 7 0 9 0.00 M M 7.1 21 330 M M 5 8 26 330
12 96 53 75 8 0 10 0.00 M M 7.8 24 340 M M 3 18 29 340
13 94 50 72 5 0 7 0.00 M M 7.2 20 330 M M 4 8 23 330
14 93 48 71 4 0 6 0.00 M M 6.1 22 330 M M 1 8 25 330
15 90 49 70 2 0 5 0.00 M M 6.5 23 330 M M 0 18 30 320
16 86 45 66 -2 0 1 0.00 M M 6.9 20 310 M M 0 8 30 300
17 90 44 67 -1 0 2 0.00 M M 5.1 21 330 M M 0 26 330
18 94 47 71 3 0 6 0.00 M M 5.3 21 330 M M 0 8 24 330
19 92 52 72 4 0 7 0.00 M M 5.3 18 340 M M 0 24 270
20 91 58 75 7 0 10 0.00 M M 6.9 21 290 M M 3 8 25 340
21 86 46 66 -2 0 1 0.00 M M 6.7 23 330 M M 0 8 27 330
22 89 41 65 -3 0 0 0.00 M M 6.4 24 340 M M 0 8 28 360
23 91 43 67 -1 0 2 0.00 M M 6.1 18 340 M M 0 8 23 340
24 92 50 71 3 0 6 0.00 M M 6.0 15 330 M M 3 8 18 340
25 95 49 72 4 0 7 0.00 M M 5.3 20 330 M M 0 8 23 320
26 94 56 75 7 0 10 0.00 M M 5.9 20 310 M M 1 23 320
27 70 57 64 -4 1 0 0.38 M M 3.3 9 80 M M 7 13 12 80
28 88 54 71 3 0 6 0.00 M M 2.5 15 330 M M 4 128 19 340
29 95 51 73 5 0 8 0.02 M M 4.9 23 330 M M 0 3 28 80
30 86 59 73 5 0 8 0.01 M M 4.5 16 200 M M 3 19 200
31 87 56 72 4 0 7 T M M 3.5 15 220 M M 3 3 20 170
================================================================================
SM 2843 1556 1 194 0.41 M 176.2 M 38
================================================================================
AV 91.7 50.2 5.7 FASTST M M 1 MAX(MPH)
MISC ----> # 24 340 # 30 320
================================================================================
NOTES:
# LAST OF SEVERAL OCCURRENCES
COLUMN 17 PEAK WIND IN M.P.H.
PRELIMINARY LOCAL CLIMATOLOGICAL DATA (WS FORM: F-6) , PAGE 2
STATION: KLAMATH FALLS OR
MONTH: JULY
YEAR: 2021
LATITUDE: 42 9 N
LONGITUDE: 121 44 W
[TEMPERATURE DATA] [PRECIPITATION DATA] SYMBOLS USED IN COLUMN 16
AVERAGE MONTHLY: 71.0 TOTAL FOR MONTH: 0.41 1 = FOG OR MIST
DPTR FM NORMAL: 3.9 DPTR FM NORMAL: 0.19 2 = FOG REDUCING VISIBILITY
HIGHEST: 99 ON 10 GRTST 24HR 0.38 ON 27-27 TO 1/4 MILE OR LESS
LOWEST: 41 ON 22 3 = THUNDER
SNOW, ICE PELLETS, HAIL 4 = ICE PELLETS
TOTAL MONTH: M 5 = HAIL
GRTST 24HR M ON M 6 = FREEZING RAIN OR DRIZZLE
GRTST DEPTH: M ON M 7 = DUSTSTORM OR SANDSTORM:
VSBY 1/2 MILE OR LESS
8 = SMOKE OR HAZE
[NO. OF DAYS WITH] [WEATHER - DAYS WITH] 9 = BLOWING SNOW
X = TORNADO
MAX 32 OR BELOW: 0 0.01 INCH OR MORE: 3
MAX 90 OR ABOVE: 24 0.10 INCH OR MORE: 1
MIN 32 OR BELOW: 0 0.50 INCH OR MORE: 0
MIN 0 OR BELOW: 0 1.00 INCH OR MORE: 0
[HDD (BASE 65) ]
TOTAL THIS MO. 1 CLEAR (SCALE 0-3) 26
DPTR FM NORMAL -40 PTCLDY (SCALE 4-7) 5
TOTAL FM JUL 1 1 CLOUDY (SCALE 8-10) 0
DPTR FM NORMAL -43
[CDD (BASE 65) ]
TOTAL THIS MO. 194
DPTR FM NORMAL 90 [PRESSURE DATA]
TOTAL FM JAN 1 319 HIGHEST SLP M ON M
DPTR FM NORMAL 191 LOWEST SLP 29.78 ON 1
[REMARKS]
#FINAL-07-21#