000
CXUS55 KRIW 011508
CF6LND
PRELIMINARY LOCAL CLIMATOLOGICAL DATA (WS FORM: F-6)
STATION: LANDER WY
MONTH: MARCH
YEAR: 2023
LATITUDE: 42 49 N
LONGITUDE: 108 44 W
TEMPERATURE IN F: :PCPN: SNOW: WIND :SUNSHINE: SKY :PK WND
================================================================================
1 2 3 4 5 6A 6B 7 8 9 10 11 12 13 14 15 16 17 18
12Z AVG MX 2MIN
DY MAX MIN AVG DEP HDD CDD WTR SNW DPTH SPD SPD DIR MIN PSBL S-S WX SPD DR
================================================================================
1 28 5 17 -13 48 0 0.00 0.0 19 4.9 17 290 M M 0 28 280
2 29 2 16 -14 49 0 0.00 0.0 17 3.6 10 300 M M 2 11 280
3 35 11 23 -8 42 0 0.00 0.0 17 8.6 32 260 M M 2 41 260
4 20 3 12 -19 53 0 0.00 0.0 17 3.5 12 290 M M 0 13 230
5 27 6 17 -15 48 0 0.00 0.0 17 5.3 20 320 M M 2 23 320
6 23 5 14 -18 51 0 0.13 1.9 18 3.7 10 190 M M 7 1 13 320
7 16 0 8 -25 57 0 0.00 0.0 18 3.0 8 260 M M 1 18 11 250
8 15 -2 7 -26 58 0 0.00 0.0 18 2.0 10 250 M M 2 13 250
9 21 5 13 -21 52 0 0.00 0.0 18 3.9 9 230 M M 3 128 12 280
10 46 5 26 -8 39 0 0.01 0.0 17 11.0 35 280 M M 5 128 55 220
11 35 19 27 -7 38 0 0.00 0.0 17 7.1 16 290 M M 0 25 290
12 26 10 18 -17 47 0 0.00 0.0 16 3.3 12 240 M M 1 14 240
13 29 6 18 -17 47 0 0.00 0.0 16 3.1 12 290 M M 0 13 290
14 46 13 30 -6 35 0 0.00 0.0 16 5.0 20 300 M M 1 32 320
15 49 25 37 1 28 0 0.03 M 15 14.8 46 210 M M 3 1 59 210
16 31 17 24 -12 41 0 0.02 0.7 15 3.7 14 240 M M 4 1 17 240
17 32 14 23 -14 42 0 0.00 0.0 15 5.3 16 220 M M 2 20 220
18 29 13 21 -16 44 0 0.00 0.0 15 2.0 10 320 M M 0 14 210
19 38 12 25 -13 40 0 0.00 0.0 14 2.3 9 250 M M 0 11 250
20 38 19 29 -9 36 0 0.00 0.0 14 2.6 13 250 M M 2 15 240
21 39 24 32 -6 33 0 0.00 0.0 13 7.5 21 220 M M 1 32 340
22 29 23 26 -12 39 0 0.08 0.8 12 6.2 16 340 M M 10 12 22 320
23 41 13 27 -12 38 0 0.00 0.0 11 3.6 10 10 M M 4 128 14 360
24 38 21 30 -9 35 0 0.00 0.0 10 5.1 22 320 M M 2 18 31 300
25 28 21 25 -14 40 0 0.31 2.5 11 7.2 21 160 M M 10 12 26 150
26 29 10 20 -19 45 0 0.00 0.0 12 3.9 12 250 M M 3 16 240
27 31 12 22 -18 43 0 T T 12 5.3 10 250 M M 4 8 15 230
28 31 6 19 -21 46 0 0.00 0.0 12 3.9 13 250 M M 0 15 260
29 34 19 27 -13 38 0 0.00 0.0 12 3.6 12 240 M M 0 13 240
30 37 18 28 -12 37 0 T T 12 5.8 20 340 M M 4 18 26 340
31 41 22 32 -8 33 0 0.00 0.0 11 5.9 20 250 M M 3 26 260
================================================================================
SM 991 377 1322 0 0.58 5.9 156.7 M 78
================================================================================
AV 32.0 12.2 5.1 FASTST M M 3 MAX(MPH)
MISC ----> 46 210 59 210
================================================================================
NOTES:
# LAST OF SEVERAL OCCURRENCES
COLUMN 17 PEAK WIND IN M.P.H.
PRELIMINARY LOCAL CLIMATOLOGICAL DATA (WS FORM: F-6) , PAGE 2
STATION: LANDER WY
MONTH: MARCH
YEAR: 2023
LATITUDE: 42 49 N
LONGITUDE: 108 44 W
[TEMPERATURE DATA] [PRECIPITATION DATA] SYMBOLS USED IN COLUMN 16
AVERAGE MONTHLY: 22.1 TOTAL FOR MONTH: 0.58 1 = FOG OR MIST
DPTR FM NORMAL: -13.9 DPTR FM NORMAL: -0.71 2 = FOG REDUCING VISIBILITY
HIGHEST: 49 ON 15 GRTST 24HR 0.31 ON 25-25 TO 1/4 MILE OR LESS
LOWEST: -2 ON 8 3 = THUNDER
SNOW, ICE PELLETS, HAIL 4 = ICE PELLETS
TOTAL MONTH: 5.9 INCHES 5 = HAIL
GRTST 24HR 2.5 ON 25-25 6 = FREEZING RAIN OR DRIZZLE
GRTST DEPTH: 19 ON 1 7 = DUSTSTORM OR SANDSTORM:
VSBY 1/2 MILE OR LESS
8 = SMOKE OR HAZE
[NO. OF DAYS WITH] [WEATHER - DAYS WITH] 9 = BLOWING SNOW
X = TORNADO
MAX 32 OR BELOW: 18 0.01 INCH OR MORE: 6
MAX 90 OR ABOVE: 0 0.10 INCH OR MORE: 2
MIN 32 OR BELOW: 31 0.50 INCH OR MORE: 0
MIN 0 OR BELOW: 2 1.00 INCH OR MORE: 0
[HDD (BASE 65) ]
TOTAL THIS MO. 1322 CLEAR (SCALE 0-3) 21
DPTR FM NORMAL 423 PTCLDY (SCALE 4-7) 8
TOTAL FM JUL 1 7591 CLOUDY (SCALE 8-10) 2
DPTR FM NORMAL 1041
[CDD (BASE 65) ]
TOTAL THIS MO. 0
DPTR FM NORMAL 0 [PRESSURE DATA]
TOTAL FM JAN 1 0 HIGHEST SLP 30.46 ON 18
DPTR FM NORMAL 0 LOWEST SLP 29.40 ON 10
[REMARKS]
#FINAL-03-23#