000
CXUS53 KMKX 010910
CF6LNR
PRELIMINARY LOCAL CLIMATOLOGICAL DATA (WS FORM: F-6)
STATION: LONE ROCK WI
MONTH: NOVEMBER
YEAR: 2020
LATITUDE: 43 12 N
LONGITUDE: 90 11 W
TEMPERATURE IN F: :PCPN: SNOW: WIND :SUNSHINE: SKY :PK WND
================================================================================
1 2 3 4 5 6A 6B 7 8 9 10 11 12 13 14 15 16 17 18
12Z AVG MX 2MIN
DY MAX MIN AVG DEP HDD CDD WTR SNW DPTH SPD SPD DIR MIN PSBL S-S WX SPD DR
================================================================================
1 43 26 35 -8 30 0 T M 0 16.1 33 280 M M 4 47 280
2 53 21 37 -6 28 0 0.00 0.0 0 4.8 18 270 M M 0 27 230
3 70 27 49 7 16 0 0.00 0.0 0 2.9 17 200 M M 0 8 26 250
4 69 42 56 14 9 0 0.00 0.0 0 3.4 15 210 M M 0 20 210
5 72 37 55 14 10 0 0.00 0.0 0 2.1 8 250 M M 0 8 11 250
6 72 35 54 13 11 0 0.00 0.0 0 4.5 16 220 M M 0 18 23 220
7 71 53 62 22 3 0 0.00 0.0 0 10.4 22 200 M M 0 8 29 200
8 75 51 63 23 2 0 0.00 0.0 0 8.6 22 200 M M 2 28 180
9 73 64 69 30 0 4 T 0.0 0 12.0 22 200 M M 5 32 200
10 66 33 50 11 15 0 1.12 M 0 11.2 30 250 M M 10 13 48 240
11 44 32 38 0 27 0 T M 0 8.2 24 270 M M 5 34 270
12 53 27 40 2 25 0 0.03 M 0 5.8 20 290 M M 5 12 26 290
13 36 25 31 -6 34 0 T M 0 7.0 17 290 M M 2 24 310
14 50 25 38 1 27 0 0.32 M 0 9.5 20 140 M M 6 1 29 120
15 50 31 41 5 24 0 0.11 M 0 20.9 32 270 M M 8 1 49 260
16 44 26 35 -1 30 0 T M M 6.9 22 300 M M 5 35 310
17 40 25 33 -2 32 0 0.00 M M 5.2 16 300 M M 3 21 300
18 51 31 41 6 24 0 0.00 M M 10.3 23 160 M M 1 30 190
19 63 46 55 21 10 0 0.00 M M 6.9 18 210 M M 0 28 220
20 52 32 42 8 23 0 0.00 0.0 0 8.1 18 300 M M 0 27 310
21 42 23 33 0 32 0 0.00 0.0 0 0.4 8 340 M M 0 1 11 10
22 44 20 32 0 33 0 0.00 0.0 0 4.0 15 280 M M 7 20 280
23 42 25 34 2 31 0 T M M 2.9 9 250 M M 2 1 13 250
24 37 31 34 3 31 0 0.38 M M 5.9 12 110 M M 10 1 16 100
25 39 37 38 7 27 0 0.00 M M 4.5 12 360 M M 10 12 17 350
26 44 36 40 10 25 0 0.00 M M 6.8 14 220 M M 10 1 22 220
27 41 26 34 4 31 0 0.00 M M 8.1 18 290 M M 5 25 280
28 51 24 38 9 27 0 0.00 M M 3.7 13 210 M M 0 19 200
29 44 25 35 6 30 0 0.00 M M 9.6 25 320 M M 5 35 320
30 33 20 27 -1 38 0 0.00 M M 9.2 20 330 M M 6 28 330
================================================================================
SM 1564 956 685 4 1.96 0.0 219.9 M 111
================================================================================
AV 52.1 31.9 7.3 FASTST M M 4 MAX(MPH)
MISC ----> 33 280 49 260
================================================================================
NOTES:
# LAST OF SEVERAL OCCURRENCES
COLUMN 17 PEAK WIND IN M.P.H.
PRELIMINARY LOCAL CLIMATOLOGICAL DATA (WS FORM: F-6) , PAGE 2
STATION: LONE ROCK WI
MONTH: NOVEMBER
YEAR: 2020
LATITUDE: 43 12 N
LONGITUDE: 90 11 W
[TEMPERATURE DATA] [PRECIPITATION DATA] SYMBOLS USED IN COLUMN 16
AVERAGE MONTHLY: 42.0 TOTAL FOR MONTH: 1.96 1 = FOG OR MIST
DPTR FM NORMAL: 6.1 DPTR FM NORMAL: -0.05 2 = FOG REDUCING VISIBILITY
HIGHEST: 75 ON 8 GRTST 24HR 1.12 ON 9-10 TO 1/4 MILE OR LESS
LOWEST: 20 ON 22,30 3 = THUNDER
SNOW, ICE PELLETS, HAIL 4 = ICE PELLETS
TOTAL MONTH: 0.0 INCH 5 = HAIL
GRTST 24HR 0.0 6 = FREEZING RAIN OR DRIZZLE
GRTST DEPTH: 0 7 = DUSTSTORM OR SANDSTORM:
VSBY 1/2 MILE OR LESS
8 = SMOKE OR HAZE
[NO. OF DAYS WITH] [WEATHER - DAYS WITH] 9 = BLOWING SNOW
X = TORNADO
MAX 32 OR BELOW: 0 0.01 INCH OR MORE: 5
MAX 90 OR ABOVE: 0 0.10 INCH OR MORE: 4
MIN 32 OR BELOW: 20 0.50 INCH OR MORE: 1
MIN 0 OR BELOW: 0 1.00 INCH OR MORE: 1
[HDD (BASE 65) ]
TOTAL THIS MO. 685 CLEAR (SCALE 0-3) 15
DPTR FM NORMAL -188 PTCLDY (SCALE 4-7) 10
TOTAL FM JUL 1 1477 CLOUDY (SCALE 8-10) 5
DPTR FM NORMAL -87
[CDD (BASE 65) ]
TOTAL THIS MO. 4
DPTR FM NORMAL 4 [PRESSURE DATA]
TOTAL FM JAN 1 722 HIGHEST SLP 30.60 ON 21
DPTR FM NORMAL 151 LOWEST SLP 29.24 ON 15
[REMARKS]
#FINAL-11-20#