732
CXUS53 KMKX 010910
CF6LNR
PRELIMINARY LOCAL CLIMATOLOGICAL DATA (WS FORM: F-6)
STATION: LONE ROCK WI
MONTH: SEPTEMBER
YEAR: 2020
LATITUDE: 43 12 N
LONGITUDE: 90 11 W
TEMPERATURE IN F: :PCPN: SNOW: WIND :SUNSHINE: SKY :PK WND
================================================================================
1 2 3 4 5 6A 6B 7 8 9 10 11 12 13 14 15 16 17 18
12Z AVG MX 2MIN
DY MAX MIN AVG DEP HDD CDD WTR SNW DPTH SPD SPD DIR MIN PSBL S-S WX SPD DR
================================================================================
1 74 48 61 -6 4 0 0.42 M 0 3.2 12 160 M M 8 12 16 170
2 81 54 68 2 0 3 0.00 0.0 0 5.8 20 290 M M 2 1 31 290
3 75 49 62 -4 3 0 0.00 0.0 0 9.9 26 280 M M 0 36 290
4 78 44 61 -5 4 0 0.00 0.0 0 4.6 23 280 M M 1 1 32 280
5 78 48 63 -3 2 0 0.00 0.0 0 3.7 14 280 M M 0 19 290
6 77 54 66 1 0 1 0.69 0.0 0 7.7 32 170 M M 5 13 46 160
7 68 54 61 -4 4 0 T 0.0 0 7.3 17 340 M M 3 25 360
8 54 47 51 -13 14 0 0.50 M 0 9.9 20 20 M M 10 1 27 30
9 51 47 49 -15 16 0 1.03 M 0 8.7 16 20 M M 10 1 26 10
10 54 48 51 -13 14 0 0.32 M M 3.0 9 40 M M 10 1 15 30
11 60 52 56 -7 9 0 0.47 0.0 0 7.7 15 100 M M 10 1 20 100
12 69 59 64 1 1 0 1.03 0.0 0 6.3 16 200 M M 10 1 24 170
13 74 53 64 2 1 0 0.00 0.0 0 4.0 12 310 M M 4 12 15 310
14 73 52 63 1 2 0 0.00 0.0 0 3.7 9 150 M M 6 12 13 170
15 79 55 67 5 0 2 0.00 0.0 0 4.9 17 200 M M 0 25 240
16 74 52 63 2 2 0 0.00 0.0 0 5.5 15 310 M M 2 21 270
17 68 46 57 -4 8 0 0.00 0.0 M 5.7 15 350 M M 1 20 350
18 63 42 53 -7 12 0 0.00 0.0 0 3.2 12 90 M M 2 16 100
19 67 37 52 -8 13 0 0.00 0.0 0 2.6 13 190 M M 0 1 19 180
20 71 43 57 -2 8 0 0.00 0.0 0 6.2 17 150 M M 0 24 150
21 74 44 59 0 6 0 0.00 0.0 0 5.8 16 180 M M 0 22 190
22 79 52 66 8 0 1 0.00 0.0 0 2.4 10 240 M M 0 1 14 200
23 79 48 64 6 1 0 0.00 0.0 0 2.9 14 200 M M 2 12 19 190
24 71 52 62 4 3 0 0.20 0.0 0 1.2 18 330 M M 6 1238 26 310
25 79 57 68 11 0 3 0.00 0.0 0 7.8 20 170 M M 1 1 28 200
26 76 62 69 12 0 4 0.00 0.0 0 7.5 22 190 M M 1 36 220
27 75 50 63 7 2 0 0.12 0.0 0 4.8 9 280 M M 3 16 230
28 59 45 52 -4 13 0 0.15 M 0 7.0 18 310 M M 8 1 29 320
29 59 43 51 -4 14 0 0.00 0.0 0 5.0 13 270 M M 6 20 240
30 63 40 52 -3 13 0 0.04 M 0 9.4 29 300 M M 4 1 40 300
================================================================================
SM 2102 1477 169 14 4.97 0.0 167.4 M 115
================================================================================
AV 70.1 49.2 5.6 FASTST M M 4 MAX(MPH)
MISC ----> # 32 170 # 46 160
================================================================================
NOTES:
# LAST OF SEVERAL OCCURRENCES
COLUMN 17 PEAK WIND IN M.P.H.
PRELIMINARY LOCAL CLIMATOLOGICAL DATA (WS FORM: F-6) , PAGE 2
STATION: LONE ROCK WI
MONTH: SEPTEMBER
YEAR: 2020
LATITUDE: 43 12 N
LONGITUDE: 90 11 W
[TEMPERATURE DATA] [PRECIPITATION DATA] SYMBOLS USED IN COLUMN 16
AVERAGE MONTHLY: 59.7 TOTAL FOR MONTH: 4.97 1 = FOG OR MIST
DPTR FM NORMAL: -1.5 DPTR FM NORMAL: 1.62 2 = FOG REDUCING VISIBILITY
HIGHEST: 81 ON 2 GRTST 24HR 1.03 ON 12-12 TO 1/4 MILE OR LESS
LOWEST: 37 ON 19 3 = THUNDER
SNOW, ICE PELLETS, HAIL 4 = ICE PELLETS
TOTAL MONTH: 0.0 INCH 5 = HAIL
GRTST 24HR 0.0 6 = FREEZING RAIN OR DRIZZLE
GRTST DEPTH: 0 7 = DUSTSTORM OR SANDSTORM:
VSBY 1/2 MILE OR LESS
8 = SMOKE OR HAZE
[NO. OF DAYS WITH] [WEATHER - DAYS WITH] 9 = BLOWING SNOW
X = TORNADO
MAX 32 OR BELOW: 0 0.01 INCH OR MORE: 11
MAX 90 OR ABOVE: 0 0.10 INCH OR MORE: 10
MIN 32 OR BELOW: 0 0.50 INCH OR MORE: 4
MIN 0 OR BELOW: 0 1.00 INCH OR MORE: 2
[HDD (BASE 65) ]
TOTAL THIS MO. 169 CLEAR (SCALE 0-3) 17
DPTR FM NORMAL 10 PTCLDY (SCALE 4-7) 8
TOTAL FM JUL 1 179 CLOUDY (SCALE 8-10) 5
DPTR FM NORMAL -10
[CDD (BASE 65) ]
TOTAL THIS MO. 14
DPTR FM NORMAL -31 [PRESSURE DATA]
TOTAL FM JAN 1 718 HIGHEST SLP 30.44 ON 10
DPTR FM NORMAL 153 LOWEST SLP 29.50 ON 30
[REMARKS]
#FINAL-09-20#