000
CXUS55 KLMK 011841
CLMLOU
CLIMATE REPORT
NATIONAL WEATHER SERVICE LOUISVILLE KY
141 PM EST MON JAN 01 2024
...................................
...THE LOUISVILLE BOWMAN KY CLIMATE SUMMARY FOR THE MONTH OF DECEMBER 2023...
CLIMATE NORMAL PERIOD 1991 TO 2020
CLIMATE RECORD PERIOD 9999 TO 9999
WEATHER OBSERVED NORMAL DEPART LAST YEAR`S
VALUE DATE(S) VALUE FROM VALUE DATE(S)
NORMAL
................................................................
TEMPERATURE (F)
RECORD
HIGH MM MM
LOW -7 12/23/2022
HIGHEST 65 12/24 MM MM 67 12/30
LOWEST 18 12/19 MM MM -7 12/23
AVG. MAXIMUM 51.3 46.4 4.9 45.3
AVG. MINIMUM 33.9 31.2 2.7 29.4
MEAN 42.6 38.8 3.8 37.4
DAYS MAX >= 90 0 0.0 0.0 0
DAYS MAX <= 32 0 3.7 -3.7 4
DAYS MIN <= 32 16 18.5 -2.5 19
DAYS MIN <= 0 0 0.0 0.0 1
PRECIPITATION (INCHES)
RECORD
MAXIMUM 3.81 2021
TOTALS 1.77R 3.88 -2.11 3.25
DAILY AVG. 0.06 0.13 -0.07 0.10
DAYS >= .01 13 11.6 1.4 13
DAYS >= .10 6 7.6 -1.6 6
DAYS >= .50 1 2.7 -1.7 2
DAYS >= 1.00 0 1.1 -1.1 1
GREATEST
24 HR. TOTAL 0.54 12/09 TO 12/09
DEGREE DAYS
HEATING TOTAL 690 812 -122 849
SINCE 7/1 1438 1614 -176 MM
COOLING TOTAL 0 0 0 0
SINCE 1/1 1260 1543 -283 MM
................................................................
WIND (MPH)
AVERAGE WIND SPEED 6.0
HIGHEST WIND SPEED/DIRECTION 30/200 DATE 12/01
HIGHEST GUST SPEED/DIRECTION 43/200 DATE 12/01
SKY COVER
POSSIBLE SUNSHINE (PERCENT) MM
AVERAGE SKY COVER 0.54
NUMBER OF DAYS FAIR 10
NUMBER OF DAYS PC 10
NUMBER OF DAYS CLOUDY 11
AVERAGE RH (PERCENT) 70
WEATHER CONDITIONS. NUMBER OF DAYS WITH
THUNDERSTORM 1 MIXED PRECIP 0
HEAVY RAIN 1 RAIN 6
LIGHT RAIN 14 FREEZING RAIN 0
LT FREEZING RAIN 0 HAIL 0
HEAVY SNOW 0 SNOW 0
LIGHT SNOW 2 SLEET 0
FOG 17 FOG W/VIS <= 1/4 MILE 3
HAZE 3
- INDICATES NEGATIVE NUMBERS.
R INDICATES RECORD WAS SET OR TIED.
MM INDICATES DATA IS MISSING.
T INDICATES TRACE AMOUNT.
$$