000
CXUS53 KJKL 011455
CLMLOZ
CLIMATE REPORT
NATIONAL WEATHER SERVICE JACKSON KY
1055 AM EDT WED NOV 01 2023
...................................
...THE LONDON KY CLIMATE SUMMARY FOR THE MONTH OF OCTOBER 2023...
CLIMATE NORMAL PERIOD 1991 TO 2020
CLIMATE RECORD PERIOD 1954 TO 2023
WEATHER OBSERVED NORMAL DEPART LAST YEAR`S
VALUE DATE(S) VALUE FROM VALUE DATE(S)
NORMAL
................................................................
TEMPERATURE (F)
RECORD
HIGH 94 10/03/2019
10/02/2019
10/01/2019
LOW 18 10/26/1962
HIGHEST 85 10/03 MM MM 77 10/24
10/25
LOWEST 32 10/31 MM MM 27 10/20
AVG. MAXIMUM 70.1 69.5 0.6 67.1
AVG. MINIMUM 46.9 45.4 1.5 40.6
MEAN 58.5 57.5 1.0 53.9
DAYS MAX >= 90 0 0.2 -0.2 0
DAYS MAX <= 32 0 0.0 0.0 0
DAYS MIN <= 32 1 2.4 -1.4 6
DAYS MIN <= 0 0 0.0 0.0 0
PRECIPITATION (INCHES)
RECORD
MAXIMUM 8.35 2014
MINIMUM 0.02 1963
TOTALS 1.27 3.29 -2.02 1.29
DAILY AVG. 0.04 0.11 -0.07 0.04
DAYS >= .01 9 9.0 0.0 7
DAYS >= .10 4 6.0 -2.0 5
DAYS >= .50 0 2.0 -2.0 0
DAYS >= 1.00 0 0.7 -0.7 0
GREATEST
24 HR. TOTAL 0.56 10/19 TO 10/20 0.47
SNOWFALL (INCHES)
RECORDS
TOTAL MM MM
TOTALS MM MM MM MM
SINCE 7/1 MM MM MM MM
SNOWDEPTH AVG. MM MM
DAYS >= 1.0 MM MM MM MM
GREATEST
SNOW DEPTH MM MM
24 HR TOTAL MM MM
DEGREE DAYS
HEATING TOTAL 223 257 -34 336
SINCE 7/1 226 295 -69 395
COOLING TOTAL 29 23 6 0
SINCE 1/1 1070 1215 -145 1285
................................................................
WIND (MPH)
AVERAGE WIND SPEED 4.0
HIGHEST WIND SPEED/DIRECTION 23/270 DATE 10/14
HIGHEST GUST SPEED/DIRECTION 34/280 DATE 10/20
SKY COVER
POSSIBLE SUNSHINE (PERCENT) MM
AVERAGE SKY COVER 0.44
NUMBER OF DAYS FAIR 13
NUMBER OF DAYS PC 11
NUMBER OF DAYS CLOUDY 7
AVERAGE RH (PERCENT) 73
WEATHER CONDITIONS. NUMBER OF DAYS WITH
THUNDERSTORM 0 MIXED PRECIP 0
HEAVY RAIN 2 RAIN 5
LIGHT RAIN 10 FREEZING RAIN 0
LT FREEZING RAIN 0 HAIL 0
HEAVY SNOW 0 SNOW 0
LIGHT SNOW 0 SLEET 0
FOG 21 FOG W/VIS <= 1/4 MILE 3
HAZE 0
- INDICATES NEGATIVE NUMBERS.
R INDICATES RECORD WAS SET OR TIED.
MM INDICATES DATA IS MISSING.
T INDICATES TRACE AMOUNT.
$$
CARICO