000
CXUS54 KCRP 052356
CF6LRD
PRELIMINARY LOCAL CLIMATOLOGICAL DATA (WS FORM: F-6)
STATION: LAREDO
MONTH: APRIL
YEAR: 2021
LATITUDE: 27 31 N
LONGITUDE: 99 28 W
TEMPERATURE IN F: :PCPN: SNOW: WIND :SUNSHINE: SKY :PK WND
================================================================================
1 2 3 4 5 6A 6B 7 8 9 10 11 12 13 14 15 16 17 18
12Z AVG MX 2MIN
DY MAX MIN AVG DEP HDD CDD WTR SNW DPTH SPD SPD DIR MIN PSBL S-S WX SPD DR
================================================================================
1 69 60 65 -9 0 0 T 0.0 0 M M M M M 10 M M
2 79 59 69 -5 0 4 0.00 0.0 0 M M M M M 9 M M
3 74 63 69 -5 0 4 T 0.0 0 M M M M M 10 3 M M
4 84 65 75 1 0 10 T 0.0 0 M M M M M 8 M M
5 88 65 77 2 0 12 T 0.0 0 M M M M M 7 M M
6 96 67 82 7 0 17 0.00 0.0 0 M M M M M 0 M M
7 96 68 82 7 0 17 0.00 0.0 0 M M M M M 0 1 M M
8 102 68 85 10 0 20 0.00 0.0 0 M M M M M 0 18 M M
9 102 70 86 11 0 21 0.00 0.0 0 M M M M M 0 18 M M
10 91 67 79 4 0 14 0.00 0.0 0 M M M M M 0 M M
11 95 61 78 2 0 13 0.00 0.0 0 M M M M M 1 M M
12 97 71 84 8 0 19 0.00 0.0 0 M M M M M 4 M M
13 88 73 81 5 0 16 0.00 0.0 0 M M M M M 8 M M
14 96 74 85 9 0 20 0.00 0.0 0 M M M M M 6 8 M M
15 89 74 82 6 0 17 0.00 0.0 0 M M M M M 9 1 M M
16 96 72 84 8 0 19 0.00 0.0 0 M M M M M 8 1 M M
17 72 57 65 -11 0 0 0.30 0.0 0 M M M M M 10 13 M M
18 73 57 65 -11 0 0 0.00 0.0 0 M M M M M 7 M M
19 76 57 67 -10 0 2 0.00 0.0 0 M M M M M 7 M M
20 89 55 72 -5 0 7 0.00 0.0 0 M M M M M 0 M M
21 80 55 68 -9 0 3 0.00 0.0 0 M M M M M 4 M M
22 82 63 73 -4 0 8 T 0.0 0 M M M M M 8 1 M M
23 97 73 85 8 0 20 T 0.0 0 M M M M M 5 M M
24 98 65 82 5 0 17 0.00 0.0 0 M M M M M 1 M M
25 98 63 81 4 0 16 0.00 0.0 0 M M M M M 0 M M
26 95 68 82 4 0 17 0.00 0.0 0 M M M M M 3 M M
27 96 76 86 8 0 21 0.00 0.0 0 M M M M M 2 8 M M
28 105 77 91 13 0 26 0.00 0.0 0 M M M M M 1 M M
29 88 70 79 1 0 14 T 0.0 0 M M M M M 5 M M
30 81 66 74 -4 0 9 0.15 0.0 0 M M M M M 9 18 M M
================================================================================
SM 2672 1979 0 383 0.45 0.0 M M 142
================================================================================
AV 89.1 66.0 M FASTST M M 5 MAX(MPH)
MISC ----> M M M M
================================================================================
NOTES:
# LAST OF SEVERAL OCCURRENCES
COLUMN 17 PEAK WIND IN M.P.H.
PRELIMINARY LOCAL CLIMATOLOGICAL DATA (WS FORM: F-6) , PAGE 2
STATION: LAREDO
MONTH: APRIL
YEAR: 2021
LATITUDE: 27 31 N
LONGITUDE: 99 28 W
[TEMPERATURE DATA] [PRECIPITATION DATA] SYMBOLS USED IN COLUMN 16
AVERAGE MONTHLY: 77.5 TOTAL FOR MONTH: 0.45 1 = FOG OR MIST
DPTR FM NORMAL: 1.4 DPTR FM NORMAL: -1.02 2 = FOG REDUCING VISIBILITY
HIGHEST: 105 ON 28 GRTST 24HR 0.38 ON 17-17 TO 1/4 MILE OR LESS
LOWEST: 55 ON 21,20 3 = THUNDER
SNOW, ICE PELLETS, HAIL 4 = ICE PELLETS
TOTAL MONTH: 0.0 INCH 5 = HAIL
GRTST 24HR 0.0 6 = FREEZING RAIN OR DRIZZLE
GRTST DEPTH: 0 7 = DUSTSTORM OR SANDSTORM:
VSBY 1/2 MILE OR LESS
8 = SMOKE OR HAZE
[NO. OF DAYS WITH] [WEATHER - DAYS WITH] 9 = BLOWING SNOW
X = TORNADO
MAX 32 OR BELOW: 0 0.01 INCH OR MORE: 2
MAX 90 OR ABOVE: 15 0.10 INCH OR MORE: 2
MIN 32 OR BELOW: 0 0.50 INCH OR MORE: 0
MIN 0 OR BELOW: 0 1.00 INCH OR MORE: 0
[HDD (BASE 65) ]
TOTAL THIS MO. 0 CLEAR (SCALE 0-3) 12
DPTR FM NORMAL -5 PTCLDY (SCALE 4-7) 10
TOTAL FM JUL 1 812 CLOUDY (SCALE 8-10) 8
DPTR FM NORMAL 5
[CDD (BASE 65) ]
TOTAL THIS MO. 383
DPTR FM NORMAL 46 [PRESSURE DATA]
TOTAL FM JAN 1 727 HIGHEST SLP 30.54 ON 1
DPTR FM NORMAL 99 LOWEST SLP 29.48 ON 28
[REMARKS]
#FINAL-04-21#