000
CXUS54 KCRP 011516
CF6LRD
PRELIMINARY LOCAL CLIMATOLOGICAL DATA (WS FORM: F-6)
STATION: LAREDO
MONTH: JANUARY
YEAR: 2021
LATITUDE: 27 31 N
LONGITUDE: 99 28 W
TEMPERATURE IN F: :PCPN: SNOW: WIND :SUNSHINE: SKY :PK WND
================================================================================
1 2 3 4 5 6A 6B 7 8 9 10 11 12 13 14 15 16 17 18
12Z AVG MX 2MIN
DY MAX MIN AVG DEP HDD CDD WTR SNW DPTH SPD SPD DIR MIN PSBL S-S WX SPD DR
================================================================================
1 64 30 47 -9 18 0 0.00 0.0 0 M M M M M 0 M M
2 64 36 50 -6 15 0 0.00 0.0 0 M M M M M 0 M M
3 76 39 58 2 7 0 0.00 0.0 0 M M M M M 0 M M
4 82 44 63 7 2 0 0.00 0.0 0 M M M M M 2 12 M M
5 78 42 60 4 5 0 0.00 0.0 0 M M M M M 0 M M
6 74 56 65 9 0 0 0.00 0.0 0 M M M M M 4 M M
7 72 43 58 2 7 0 0.00 0.0 0 M M M M M 0 M M
8 67 39 53 -3 12 0 0.00 0.0 0 M M M M M 0 M M
9 52 40 46 -10 19 0 0.01 0.0 0 M M M M M 8 1 M M
10 49 40 45 -11 20 0 0.16 0.0 0 M M M M M 10 1 M M
11 53 31 42 -14 23 0 0.00 0.0 0 M M M M M 2 M M
12 51 31 41 -15 24 0 0.00 0.0 0 M M M M M 5 M M
13 66 29 48 -8 17 0 0.00 0.0 0 M M M M M 0 M M
14 83 37 60 4 5 0 0.00 0.0 0 M M M M M 0 M M
15 64 38 51 -5 14 0 0.00 0.0 0 M M M M M 0 M M
16 73 31 52 -4 13 0 0.00 0.0 0 M M M M M 0 M M
17 72 44 58 2 7 0 0.00 0.0 0 M M M M M 0 M M
18 83 50 67 10 0 2 0.00 0.0 0 M M M M M 2 12 M M
19 73 57 65 8 0 0 0.14 0.0 0 M M M M M 7 1 M M
20 58 50 54 -3 11 0 0.15 0.0 0 M M M M M 10 1 M M
21 63 53 58 1 7 0 0.00 0.0 0 M M M M M 10 M M
22 82 52 67 10 0 2 0.00 0.0 0 M M M M M 1 M M
23 70 59 65 8 0 0 0.00 0.0 0 M M M M M 8 1 M M
24 81 66 74 17 0 9 0.00 0.0 0 M M M M M 7 1 M M
25 80 62 71 14 0 6 0.00 0.0 0 M M M M M 4 18 M M
26 85 58 72 14 0 7 0.00 0.0 0 M M M M M 3 M M
27 71 49 60 2 5 0 0.00 0.0 0 M M M M M 1 M M
28 69 42 56 -2 9 0 0.00 0.0 0 M M M M M 0 M M
29 75 46 61 3 4 0 0.00 0.0 0 M M M M M 5 M M
30 85 63 74 16 0 9 0.00 0.0 0 M M M M M 4 M M
31 81 51 66 8 0 1 0.00 0.0 0 M M M M M 0 M M
================================================================================
SM 2196 1408 244 36 0.46 0.0 M M 93
================================================================================
AV 70.8 45.4 M FASTST M M 3 MAX(MPH)
MISC ----> M M M M
================================================================================
NOTES:
# LAST OF SEVERAL OCCURRENCES
COLUMN 17 PEAK WIND IN M.P.H.
PRELIMINARY LOCAL CLIMATOLOGICAL DATA (WS FORM: F-6) , PAGE 2
STATION: LAREDO
MONTH: JANUARY
YEAR: 2021
LATITUDE: 27 31 N
LONGITUDE: 99 28 W
[TEMPERATURE DATA] [PRECIPITATION DATA] SYMBOLS USED IN COLUMN 16
AVERAGE MONTHLY: 58.1 TOTAL FOR MONTH: 0.46 1 = FOG OR MIST
DPTR FM NORMAL: 1.6 DPTR FM NORMAL: -0.44 2 = FOG REDUCING VISIBILITY
HIGHEST: 85 ON 30,26 GRTST 24HR 1.30 ON 10-10 TO 1/4 MILE OR LESS
LOWEST: 29 ON 13 3 = THUNDER
SNOW, ICE PELLETS, HAIL 4 = ICE PELLETS
TOTAL MONTH: 0.0 INCH 5 = HAIL
GRTST 24HR 0.0 6 = FREEZING RAIN OR DRIZZLE
GRTST DEPTH: 0 7 = DUSTSTORM OR SANDSTORM:
VSBY 1/2 MILE OR LESS
8 = SMOKE OR HAZE
[NO. OF DAYS WITH] [WEATHER - DAYS WITH] 9 = BLOWING SNOW
X = TORNADO
MAX 32 OR BELOW: 0 0.01 INCH OR MORE: 4
MAX 90 OR ABOVE: 0 0.10 INCH OR MORE: 3
MIN 32 OR BELOW: 5 0.50 INCH OR MORE: 0
MIN 0 OR BELOW: 0 1.00 INCH OR MORE: 0
[HDD (BASE 65) ]
TOTAL THIS MO. 244 CLEAR (SCALE 0-3) 19
DPTR FM NORMAL -45 PTCLDY (SCALE 4-7) 9
TOTAL FM JUL 1 507 CLOUDY (SCALE 8-10) 3
DPTR FM NORMAL -173
[CDD (BASE 65) ]
TOTAL THIS MO. 36
DPTR FM NORMAL 8 [PRESSURE DATA]
TOTAL FM JAN 1 36 HIGHEST SLP 30.56 ON 28
DPTR FM NORMAL 8 LOWEST SLP 29.61 ON 25
[REMARKS]
#FINAL-01-21#