313
CXUS54 KCRP 012213
CF6LRD
PRELIMINARY LOCAL CLIMATOLOGICAL DATA (WS FORM: F-6)
STATION: LAREDO
MONTH: AUGUST
YEAR: 2020
LATITUDE: 27 31 N
LONGITUDE: 99 28 W
TEMPERATURE IN F: :PCPN: SNOW: WIND :SUNSHINE: SKY :PK WND
================================================================================
1 2 3 4 5 6A 6B 7 8 9 10 11 12 13 14 15 16 17 18
12Z AVG MX 2MIN
DY MAX MIN AVG DEP HDD CDD WTR SNW DPTH SPD SPD DIR MIN PSBL S-S WX SPD DR
================================================================================
1 94 71 83 -6 0 18 0.89 0.0 0 M M M M M 3 3 M M
2 98 73 86 -3 0 21 0.00 0.0 0 M M M M M 2 M M
3 100 76 88 -1 0 23 0.00 0.0 0 M M M M M 0 M M
4 99 76 88 -1 0 23 0.00 0.0 0 M M M M M 0 M M
5 98 76 87 -2 0 22 0.00 0.0 0 M M M M M 3 M M
6 99 78 89 0 0 24 0.00 0.0 0 M M M M M 4 M M
7 99 78 89 0 0 24 0.00 0.0 0 M M M M M 4 M M
8 100 77 89 0 0 24 0.00 0.0 0 M M M M M 3 M M
9 99 77 88 -1 0 23 0.00 0.0 0 M M M M M 1 M M
10 100 77 89 0 0 24 0.00 0.0 0 M M M M M 0 M M
11 101 78 90 1 0 25 0.00 0.0 0 M M M M M 0 M M
12 102 78 90 1 0 25 0.00 0.0 0 M M M M M 0 M M
13 103 78 91 2 0 26 0.00 0.0 0 M M M M M 0 M M
14 103 77 90 1 0 25 0.00 0.0 0 M M M M M 0 M M
15 104 77 91 2 0 26 0.00 0.0 0 M M M M M 0 M M
16 103 76 90 1 0 25 0.00 0.0 0 M M M M M 1 M M
17 103 77 90 1 0 25 0.41 0.0 0 M M M M M 2 3 M M
18 95 75 85 -4 0 20 0.01 0.0 0 M M M M M 1 3 M M
19 100 73 87 -2 0 22 0.00 0.0 0 M M M M M 1 M M
20 101 75 88 -1 0 23 T 0.0 0 M M M M M 1 M M
21 102 77 90 2 0 25 0.00 0.0 0 M M M M M 0 M M
22 99 76 88 0 0 23 0.00 0.0 0 M M M M M 2 M M
23 98 75 87 -1 0 22 0.03 0.0 0 M M M M M 3 3 M M
24 96 74 85 -3 0 20 0.29 0.0 0 M M M M M 3 3 M M
25 98 74 86 -2 0 21 0.00 0.0 0 M M M M M 2 M M
26 101 78 90 2 0 25 0.00 0.0 0 M M M M M 1 M M
27 104 80 92 4 0 27 0.00 0.0 0 M M M M M 0 M M
28 104 81 93 6 0 28 0.00 0.0 0 M M M M M 0 M M
29 104 80 92 5 0 27 0.00 0.0 0 M M M M M 0 M M
30 104 79 92 5 0 27 0.00 0.0 0 M M M M M 1 M M
31 103 82 93 6 0 28 0.00 0.0 0 M M M M M 2 M M
================================================================================
SM 3114 2379 0 741 1.63 0.0 M M 40
================================================================================
AV100.5 76.7 M FASTST M M 1 MAX(MPH)
MISC ----> M M M M
================================================================================
NOTES:
# LAST OF SEVERAL OCCURRENCES
COLUMN 17 PEAK WIND IN M.P.H.
PRELIMINARY LOCAL CLIMATOLOGICAL DATA (WS FORM: F-6) , PAGE 2
STATION: LAREDO
MONTH: AUGUST
YEAR: 2020
LATITUDE: 27 31 N
LONGITUDE: 99 28 W
[TEMPERATURE DATA] [PRECIPITATION DATA] SYMBOLS USED IN COLUMN 16
AVERAGE MONTHLY: 88.6 TOTAL FOR MONTH: 1.63 1 = FOG OR MIST
DPTR FM NORMAL: 0.2 DPTR FM NORMAL: -0.25 2 = FOG REDUCING VISIBILITY
HIGHEST: 104 ON 30,29 GRTST 24HR 0.89 ON 1- 1 TO 1/4 MILE OR LESS
LOWEST: 71 ON 1 3 = THUNDER
SNOW, ICE PELLETS, HAIL 4 = ICE PELLETS
TOTAL MONTH: 0.0 INCH 5 = HAIL
GRTST 24HR 0.0 6 = FREEZING RAIN OR DRIZZLE
GRTST DEPTH: 0 7 = DUSTSTORM OR SANDSTORM:
VSBY 1/2 MILE OR LESS
8 = SMOKE OR HAZE
[NO. OF DAYS WITH] [WEATHER - DAYS WITH] 9 = BLOWING SNOW
X = TORNADO
MAX 32 OR BELOW: 0 0.01 INCH OR MORE: 5
MAX 90 OR ABOVE: 31 0.10 INCH OR MORE: 3
MIN 32 OR BELOW: 0 0.50 INCH OR MORE: 1
MIN 0 OR BELOW: 0 1.00 INCH OR MORE: 0
[HDD (BASE 65) ]
TOTAL THIS MO. 0 CLEAR (SCALE 0-3) 26
DPTR FM NORMAL 0 PTCLDY (SCALE 4-7) 5
TOTAL FM JUL 1 0 CLOUDY (SCALE 8-10) 0
DPTR FM NORMAL 0
[CDD (BASE 65) ]
TOTAL THIS MO. 741
DPTR FM NORMAL 14 [PRESSURE DATA]
TOTAL FM JAN 1 3550 HIGHEST SLP 30.09 ON 17
DPTR FM NORMAL 307 LOWEST SLP 29.63 ON 30
[REMARKS]
#FINAL-08-20#