000
CXUS53 KARX 012245
CF6LSE
PRELIMINARY LOCAL CLIMATOLOGICAL DATA (WS FORM: F-6)
STATION: LA CROSSE WI
MONTH: MAY
YEAR: 2023
LATITUDE: 43 52 N
LONGITUDE: 91 15 W
TEMPERATURE IN F: :PCPN: SNOW: WIND :SUNSHINE: SKY :PK WND
================================================================================
1 2 3 4 5 6A 6B 7 8 9 10 11 12 13 14 15 16 17 18
12Z AVG MX 2MIN
DY MAX MIN AVG DEP HDD CDD WTR SNW DPTH SPD SPD DIR MIN PSBL S-S WX SPD DR
================================================================================
1 55 42 49 -6 16 0 T 0.0 0 20.9 31 320 M M 9 44 330
2 63 41 52 -4 13 0 0.00 0.0 0 16.5 28 340 M M 3 38 310
3 68 35 52 -4 13 0 0.00 0.0 0 5.4 10 340 M M 0 16 300
4 82 46 64 7 1 0 0.00 0.0 0 8.4 20 220 M M 2 30 230
5 78 53 66 9 0 1 0.42 0.0 0 8.3 21 180 M M 6 13 29 170
6 67 58 63 6 2 0 0.11 0.0 0 7.9 17 110 M M 10 1 28 90
7 73 51 62 4 3 0 0.01 0.0 0 3.5 13 320 M M 5 128 17 320
8 63 55 59 1 6 0 0.03 0.0 0 5.4 15 130 M M 8 1 19 130
9 75 55 65 7 0 0 0.00 0.0 0 4.7 13 220 M M 3 16 220
10 80 54 67 8 0 2 0.00 0.0 0 7.0 16 190 M M 0 20 180
11 83 57 70 11 0 5 0.00 0.0 0 5.2 15 150 M M 1 20 150
12 69 62 66 6 0 1 0.35 0.0 0 4.5 13 100 M M 10 1 18 90
13 75 63 69 9 0 4 0.00 0.0 0 10.5 18 60 M M 7 30 90
14 66 47 57 -3 8 0 0.62 0.0 0 7.5 16 80 M M 8 1 29 60
15 74 44 59 -2 6 0 0.00 0.0 0 3.9 8 180 M M 2 12 12 260
16 80 51 66 5 0 1 0.00 0.0 0 7.2 16 330 M M 0 22 320
17 67 49 58 -4 7 0 0.00 0.0 0 7.0 16 140 M M 0 22 130
18 80 51 66 4 0 1 0.21 0.0 0 10.5 22 170 M M 4 138 30 170
19 62 46 54 -8 11 0 0.00 0.0 0 12.2 22 300 M M 5 18 29 290
20 74 44 59 -4 6 0 0.00 0.0 0 6.5 13 290 M M 0 17 300
21 80 47 64 1 1 0 0.00 0.0 0 4.3 9 130 M M 0 15 270
22 81 51 66 3 0 1 0.00 0.0 0 6.2 16 180 M M 0 21 190
23 83 53 68 4 0 3 0.00 0.0 0 6.2 14 170 M M 0 22 180
24 77 54 66 2 0 1 0.00 0.0 0 9.3 16 60 M M 2 22 80
25 75 54 65 1 0 0 0.00 0.0 0 7.6 14 120 M M 1 20 80
26 78 43 61 -4 4 0 0.00 0.0 0 5.7 10 330 M M 0 15 220
27 82 45 64 -1 1 0 0.00 0.0 0 5.9 14 210 M M 0 18 200
28 81 52 67 2 0 2 0.00 0.0 0 5.4 10 110 M M 0 15 110
29 85 56 71 5 0 6 0.00 0.0 0 5.9 13 160 M M 0 17 150
30 90 56 73 7 0 8 0.00 0.0 0 8.3 20 180 M M 1 26 170
31 91 61 76 10 0 11 0.00 0.0 0 7.1 15 170 M M 0 20 160
================================================================================
SM 2337 1576 98 47 1.75 0.0 234.9 M 87
================================================================================
AV 75.4 50.8 7.6 FASTST M M 3 MAX(MPH)
MISC ----> 31 320 44 330
================================================================================
NOTES:
# LAST OF SEVERAL OCCURRENCES
COLUMN 17 PEAK WIND IN M.P.H.
PRELIMINARY LOCAL CLIMATOLOGICAL DATA (WS FORM: F-6) , PAGE 2
STATION: LA CROSSE WI
MONTH: MAY
YEAR: 2023
LATITUDE: 43 52 N
LONGITUDE: 91 15 W
[TEMPERATURE DATA] [PRECIPITATION DATA] SYMBOLS USED IN COLUMN 16
AVERAGE MONTHLY: 63.1 TOTAL FOR MONTH: 1.75 1 = FOG OR MIST
DPTR FM NORMAL: 2.1 DPTR FM NORMAL: -2.58 2 = FOG REDUCING VISIBILITY
HIGHEST: 91 ON 31 GRTST 24HR 0.62 ON 14-14 TO 1/4 MILE OR LESS
LOWEST: 35 ON 3 3 = THUNDER
SNOW, ICE PELLETS, HAIL 4 = ICE PELLETS
TOTAL MONTH: T 5 = HAIL
GRTST 24HR 0.0 6 = FREEZING RAIN OR DRIZZLE
GRTST DEPTH: 0 7 = DUSTSTORM OR SANDSTORM:
VSBY 1/2 MILE OR LESS
8 = SMOKE OR HAZE
[NO. OF DAYS WITH] [WEATHER - DAYS WITH] 9 = BLOWING SNOW
X = TORNADO
MAX 32 OR BELOW: 0 0.01 INCH OR MORE: 7
MAX 90 OR ABOVE: 2 0.10 INCH OR MORE: 5
MIN 32 OR BELOW: 0 0.50 INCH OR MORE: 1
MIN 0 OR BELOW: 0 1.00 INCH OR MORE: 0
[HDD (BASE 65) ]
TOTAL THIS MO. 98 CLEAR (SCALE 0-3) 21
DPTR FM NORMAL -83 PTCLDY (SCALE 4-7) 7
TOTAL FM JUL 1 6580 CLOUDY (SCALE 8-10) 3
DPTR FM NORMAL -182
[CDD (BASE 65) ]
TOTAL THIS MO. 47
DPTR FM NORMAL -12 [PRESSURE DATA]
TOTAL FM JAN 1 79 HIGHEST SLP 30.47 ON 15
DPTR FM NORMAL 13 LOWEST SLP 29.56 ON 1
[REMARKS]
#FINAL-05-23#