000
CXUS53 KARX 041456
CF6LSE
PRELIMINARY LOCAL CLIMATOLOGICAL DATA (WS FORM: F-6)
STATION: LA CROSSE WI
MONTH: NOVEMBER
YEAR: 2021
LATITUDE: 43 52 N
LONGITUDE: 91 15 W
TEMPERATURE IN F: :PCPN: SNOW: WIND :SUNSHINE: SKY :PK WND
================================================================================
1 2 3 4 5 6A 6B 7 8 9 10 11 12 13 14 15 16 17 18
12Z AVG MX 2MIN
DY MAX MIN AVG DEP HDD CDD WTR SNW DPTH SPD SPD DIR MIN PSBL S-S WX SPD DR
================================================================================
1 46 33 40 -5 25 0 0.00 0.0 0 10.4 18 280 M M 5 23 290
2 45 29 37 -7 28 0 0.00 0.0 0 8.9 16 310 M M 4 23 320
3 46 26 36 -8 29 0 0.00 0.0 0 4.1 9 160 M M 2 14 150
4 54 33 44 1 21 0 T 0.0 0 6.0 12 160 M M 7 16 190
5 57 38 48 5 17 0 0.00 0.0 0 15.1 25 170 M M 1 35 160
6 65 43 54 12 11 0 0.00 0.0 0 9.4 22 190 M M 0 30 180
7 67 42 55 13 10 0 0.00 0.0 0 9.5 17 170 M M 0 24 160
8 67 42 55 14 10 0 0.00 0.0 0 7.3 18 350 M M 0 24 340
9 59 32 46 5 19 0 0.00 0.0 0 5.3 10 290 M M 1 13 290
10 58 31 45 5 20 0 0.73 0.0 0 7.2 20 150 M M 4 1 30 160
11 54 37 46 6 19 0 0.76 0.0 0 12.8 28 260 M M 10 1 36 270
12 42 36 39 0 26 0 0.02 0.0 0 11.6 24 310 M M 10 33 310
13 37 32 35 -4 30 0 0.06 0.7 0 11.6 22 320 M M 10 1 29 330
14 37 31 34 -4 31 0 0.01 0.1 T 14.1 29 320 M M 10 1 37 330
15 36 27 32 -6 33 0 0.00 0.0 0 3.7 8 90 M M 7 12 60
16 48 26 37 0 28 0 0.00 0.0 0 10.2 24 140 M M 0 34 140
17 48 33 41 4 24 0 0.00 0.0 0 13.7 30 290 M M 4 43 290
18 34 27 31 -5 34 0 T T 0 15.8 25 300 M M 8 36 310
19 40 21 31 -5 34 0 0.00 0.0 0 10.7 23 180 M M 1 29 180
20 50 29 40 4 25 0 0.00 0.0 0 6.9 23 190 M M 1 29 190
21 47 24 36 1 29 0 0.00 0.0 0 13.4 33 290 M M 5 46 300
22 34 19 27 -7 38 0 0.00 0.0 0 7.2 14 290 M M 4 18 310
23 49 26 38 4 27 0 0.00 0.0 0 15.0 30 190 M M 0 41 180
24 57 36 47 13 18 0 0.00 0.0 0 15.2 29 180 M M 1 37 180
25 36 14 25 -8 40 0 T T 0 14.6 23 330 M M 5 32 320
26 34 15 25 -8 40 0 0.00 0.0 0 7.7 15 160 M M 7 20 160
27 42 28 35 3 30 0 0.00 0.0 0 7.7 16 340 M M 4 22 300
28 40 26 33 1 32 0 0.00 0.0 0 9.6 22 320 M M 0 29 320
29 53 29 41 10 24 0 T 0.0 0 7.6 23 170 M M 6 31 170
30 47 25 36 5 29 0 T 0.0 0 5.2 16 310 M M 1 22 310
================================================================================
SM 1429 890 781 0 1.58 0.8 297.5 M 118
================================================================================
AV 47.6 29.7 9.9 FASTST M M 4 MAX(MPH)
MISC ----> 33 290 46 300
================================================================================
NOTES:
# LAST OF SEVERAL OCCURRENCES
COLUMN 17 PEAK WIND IN M.P.H.
PRELIMINARY LOCAL CLIMATOLOGICAL DATA (WS FORM: F-6) , PAGE 2
STATION: LA CROSSE WI
MONTH: NOVEMBER
YEAR: 2021
LATITUDE: 43 52 N
LONGITUDE: 91 15 W
[TEMPERATURE DATA] [PRECIPITATION DATA] SYMBOLS USED IN COLUMN 16
AVERAGE MONTHLY: 38.7 TOTAL FOR MONTH: 1.58 1 = FOG OR MIST
DPTR FM NORMAL: 1.1 DPTR FM NORMAL: -0.27 2 = FOG REDUCING VISIBILITY
HIGHEST: 67 ON 8, 7 GRTST 24HR 1.49 ON 10-11 TO 1/4 MILE OR LESS
LOWEST: 14 ON 25 3 = THUNDER
SNOW, ICE PELLETS, HAIL 4 = ICE PELLETS
TOTAL MONTH: 0.8 INCH 5 = HAIL
GRTST 24HR 0.7 ON 13-13 6 = FREEZING RAIN OR DRIZZLE
GRTST DEPTH: T 7 = DUSTSTORM OR SANDSTORM:
VSBY 1/2 MILE OR LESS
8 = SMOKE OR HAZE
[NO. OF DAYS WITH] [WEATHER - DAYS WITH] 9 = BLOWING SNOW
X = TORNADO
MAX 32 OR BELOW: 0 0.01 INCH OR MORE: 5
MAX 90 OR ABOVE: 0 0.10 INCH OR MORE: 2
MIN 32 OR BELOW: 20 0.50 INCH OR MORE: 2
MIN 0 OR BELOW: 0 1.00 INCH OR MORE: 0
[HDD (BASE 65) ]
TOTAL THIS MO. 781 CLEAR (SCALE 0-3) 13
DPTR FM NORMAL -40 PTCLDY (SCALE 4-7) 13
TOTAL FM JUL 1 1074 CLOUDY (SCALE 8-10) 4
DPTR FM NORMAL -284
[CDD (BASE 65) ]
TOTAL THIS MO. 0
DPTR FM NORMAL 0 [PRESSURE DATA]
TOTAL FM JAN 1 1227 HIGHEST SLP 30.48 ON 19
DPTR FM NORMAL 285 LOWEST SLP 29.37 ON 11
[REMARKS]
#FINAL-11-21#