000
CXUS53 KARX 010711
CLMLSE
CLIMATE REPORT
NATIONAL WEATHER SERVICE LA CROSSE WI
211 AM CDT SUN OCT 01 2023
...................................
...THE LA CROSSE WI CLIMATE SUMMARY FOR THE MONTH OF SEPTEMBER 2023...
CLIMATE NORMAL PERIOD 1991 TO 2020
CLIMATE RECORD PERIOD 1872 TO 2023
WEATHER OBSERVED NORMAL DEPART LAST YEAR`S
VALUE DATE(S) VALUE FROM VALUE DATE(S)
NORMAL
................................................................
TEMPERATURE (F)
RECORD
HIGH 101 09/06/1922
LOW 24 09/30/1899
HIGHEST 99 09/03 89 09/20
LOWEST 45 09/14 33 09/28
AVG. MAXIMUM 78.2 75.5 2.7 75.8
AVG. MINIMUM 59.1 54.1 5.0 54.6
MEAN 68.6 64.8 3.8 65.2
DAYS MAX >= 90 4 1.5 2.5 0
DAYS MAX <= 32 0 0.0 0.0 0
DAYS MIN <= 32 0 0.2 -0.2 0
DAYS MIN <= 0 0 0.0 0.0 0
PRECIPITATION (INCHES)
RECORD
MAXIMUM 10.87 1881
TOTALS 2.26 3.63 -1.37 1.66
DAYS >= .01 10 9.6 0.4 9
DAYS >= .10 7 6.1 0.9 3
DAYS >= .50 1 2.3 -1.3 1
DAYS >= 1.00 0 1.0 -1.0 0
GREATEST
24 HR. TOTAL 1.08 09/22 TO 09/23 0.87 09/10 TO 09/10
SNOWFALL (INCHES)
RECORDS
TOTAL 0.2 1942
SNOW DEPTH 0 09/30/2020
TOTALS 0.0 0.0 0.0 0.0
SINCE 7/1 0.0 0.0 0.0 MM
SNOWDEPTH AVG. 0 0
DAYS >= TRACE 0 0.0 0.0 0
DAYS >= 1.0 0 0.0 0.0 0
GREATEST
SNOW DEPTH 0 0 MM
DEGREE DAYS
HEATING TOTAL 24 105 -81 103
SINCE 7/1 26 116 -90 MM
COOLING TOTAL 140 99 41 118
SINCE 1/1 1017 930 87 MM
................................................................
WIND (MPH)
AVERAGE WIND SPEED 7.6
HIGHEST WIND SPEED/DIRECTION 23/180 DATE 09/05
HIGHEST GUST SPEED/DIRECTION 30/160 DATE 09/04
30/190 09/05
AVERAGE RH (PERCENT) 70
WEATHER CONDITIONS. NUMBER OF DAYS WITH
THUNDERSTORM 6 MIXED PRECIP 0
HEAVY RAIN 4 RAIN 3
LIGHT RAIN 11 FREEZING RAIN 0
LT FREEZING RAIN 0 HAIL 0
HEAVY SNOW 0 SNOW 0
LIGHT SNOW 0 SLEET 0
FOG 11 FOG W/VIS <= 1/4 MILE 3
HAZE 2
- INDICATES NEGATIVE NUMBERS.
R INDICATES RECORD WAS SET OR TIED.
MM INDICATES DATA IS MISSING.
T INDICATES TRACE AMOUNT.
$$