000
CXUS51 KRNK 010740
CF6LYH
PRELIMINARY LOCAL CLIMATOLOGICAL DATA (WS FORM: F-6)
STATION: LYNCHBURG VA
MONTH: APRIL
YEAR: 2022
LATITUDE: 37 19 N
LONGITUDE: 79 12 W
TEMPERATURE IN F: :PCPN: SNOW: WIND :SUNSHINE: SKY :PK WND
================================================================================
1 2 3 4 5 6A 6B 7 8 9 10 11 12 13 14 15 16 17 18
12Z AVG MX 2MIN
DY MAX MIN AVG DEP HDD CDD WTR SNW DPTH SPD SPD DIR MIN PSBL S-S WX SPD DR
================================================================================
1 59 37 48 -4 17 0 0.00 0.0 0 7.9 21 270 M M 4 34 270
2 63 28 46 -6 19 0 0.00 0.0 0 4.0 14 180 M M 1 19 230
3 62 43 53 1 12 0 0.00 0.0 0 5.7 16 280 M M 1 27 300
4 64 31 48 -4 17 0 0.00 0.0 0 3.2 15 180 M M 2 19 180
5 70 48 59 6 6 0 0.64 0.0 0 3.5 14 190 M M 9 1 23 130
6 76 54 65 12 0 0 0.06 0.0 0 4.9 12 70 M M 5 1 17 260
7 63 43 53 -1 12 0 0.34 0.0 0 6.0 15 30 M M 9 1 19 40
8 64 36 50 -4 15 0 0.02 0.0 0 5.7 22 260 M M 5 12 37 250
9 54 38 46 -8 19 0 T 0.0 0 6.0 14 270 M M 5 25 300
10 63 36 50 -4 15 0 0.00 0.0 0 5.5 16 260 M M 3 24 290
11 79 38 59 4 6 0 0.00 0.0 0 5.5 20 180 M M 1 24 180
12 78 63 71 16 0 6 T 0.0 0 4.4 10 300 M M 9 17 220
13 84 59 72 16 0 7 0.00 0.0 0 9.4 23 200 M M 1 31 210
14 81 51 66 10 0 1 0.00 0.0 0 9.4 20 200 M M 5 26 250
15 74 39 57 1 8 0 0.00 0.0 0 5.2 17 180 M M 0 22 180
16 80 51 66 10 0 1 0.00 0.0 0 9.5 20 220 M M 1 29 230
17 70 50 60 3 5 0 0.00 0.0 0 5.9 18 40 M M 1 25 40
18 50 37 44 -13 21 0 1.02 T 0 9.5 21 40 M M 8 14 27 40
19 55 37 46 -11 19 0 0.00 0.0 0 8.0 17 290 M M 4 26 260
20 65 30 48 -10 17 0 0.00 0.0 0 3.4 12 190 M M 0 16 150
21 72 43 58 0 7 0 T 0.0 0 6.3 18 200 M M 2 24 200
22 81 50 66 8 0 1 0.00 0.0 0 1.9 13 30 M M 1 16 40
23 85 51 68 10 0 3 0.00 0.0 0 5.9 16 180 M M 0 21 210
24 90 57 74 15 0 9 0.00 0.0 0 7.2 18 190 M M 0 22 180
25 89 54 72 13 0 7 0.00 0.0 0 4.0 13 190 M M 0 19 140
26 83 48 66 7 0 1 0.04 0.0 0 2.9 15 280 M M 3 13 25 270
27 69 37 53 -7 12 0 0.00 0.0 0 6.0 20 300 M M 0 30 310
28 72 38 55 -5 10 0 0.00 0.0 0 2.5 14 10 M M 0 19 360
29 65 48 57 -3 8 0 0.00 0.0 0 2.2 9 220 M M 8 12 200
30 59 48 54 -6 11 0 0.09 0.0 0 2.9 14 50 M M 7 1 17 50
================================================================================
SM 2119 1323 256 36 2.21 T 164.4 M 95
================================================================================
AV 70.6 44.1 5.5 FASTST M M 3 MAX(MPH)
MISC ----> 23 200 37 250
================================================================================
NOTES:
# LAST OF SEVERAL OCCURRENCES
COLUMN 17 PEAK WIND IN M.P.H.
PRELIMINARY LOCAL CLIMATOLOGICAL DATA (WS FORM: F-6) , PAGE 2
STATION: LYNCHBURG VA
MONTH: APRIL
YEAR: 2022
LATITUDE: 37 19 N
LONGITUDE: 79 12 W
[TEMPERATURE DATA] [PRECIPITATION DATA] SYMBOLS USED IN COLUMN 16
AVERAGE MONTHLY: 57.4 TOTAL FOR MONTH: 2.21 1 = FOG OR MIST
DPTR FM NORMAL: 1.3 DPTR FM NORMAL: -1.24 2 = FOG REDUCING VISIBILITY
HIGHEST: 90 ON 24 GRTST 24HR 1.02 ON 18-18 TO 1/4 MILE OR LESS
LOWEST: 28 ON 2 3 = THUNDER
SNOW, ICE PELLETS, HAIL 4 = ICE PELLETS
TOTAL MONTH: T 5 = HAIL
GRTST 24HR T ON 18-18 6 = FREEZING RAIN OR DRIZZLE
GRTST DEPTH: 0 7 = DUSTSTORM OR SANDSTORM:
VSBY 1/2 MILE OR LESS
8 = SMOKE OR HAZE
[NO. OF DAYS WITH] [WEATHER - DAYS WITH] 9 = BLOWING SNOW
X = TORNADO
MAX 32 OR BELOW: 0 0.01 INCH OR MORE: 7
MAX 90 OR ABOVE: 1 0.10 INCH OR MORE: 3
MIN 32 OR BELOW: 3 0.50 INCH OR MORE: 2
MIN 0 OR BELOW: 0 1.00 INCH OR MORE: 1
[HDD (BASE 65) ]
TOTAL THIS MO. 256 CLEAR (SCALE 0-3) 17
DPTR FM NORMAL -28 PTCLDY (SCALE 4-7) 9
TOTAL FM JUL 1 3419 CLOUDY (SCALE 8-10) 4
DPTR FM NORMAL -759
[CDD (BASE 65) ]
TOTAL THIS MO. 36
DPTR FM NORMAL 17 [PRESSURE DATA]
TOTAL FM JAN 1 44 HIGHEST SLP 30.47 ON 21
DPTR FM NORMAL 23 LOWEST SLP 29.55 ON 7
[REMARKS]
DUE TO EQUIPMENT FAILURE ON NOVEMBER 4, 2021, ALL HEATING
DEGREE DAY INFORMATION WILL BE CALCULATED WITHOUT DATA FROM THIS
DATE.
#FINAL-04-22#