000
CXUS51 KRNK 011214 RRA
CLMLYH
CLIMATE REPORT
NATIONAL WEATHER SERVICE BLACKSBURG, VA
814 AM EDT TUE AUG 01 2023
...................................
...THE LYNCHBURG VA CLIMATE SUMMARY FOR THE MONTH OF JULY 2023...
CLIMATE NORMAL PERIOD: 1991 TO 2020
CLIMATE RECORD PERIOD: 1893 TO 2023
WEATHER OBSERVED NORMAL DEPART LAST YEAR`S
VALUE DATE(S) VALUE FROM VALUE
NORMAL
..............................................................
TEMPERATURE (F)
RECORD
HIGH 106 07/10/1936
LOW 49 07/31/1997
07/02/1988
HIGHEST 95 07/28 97
LOWEST 61 07/12 58
AVG. MAXIMUM 88.6 86.9 1.7 90.1
AVG. MINIMUM 66.8 65.0 1.8 68.7
MEAN 77.7 76.0 1.7 79.4
DAYS MAX >= 90 10 11.1 -1.1 19
DAYS MAX <= 32 0 0.0 0.0 0
DAYS MIN <= 32 0 0.0 0.0 0
DAYS MIN <= 0 0 0.0 0.0 0
PRECIPITATION (INCHES)
RECORD
MAXIMUM 10.30 1984
MINIMUM 0.75 1932
TOTALS 10.39R 4.19 6.20 9.47
DAYS >= .01 14 11.8 2.2 15
DAYS >= .10 9 7.0 2.0 9
DAYS >= .50 6 2.7 3.3 4
DAYS >= 1.00 4 1.2 2.8 3
GREATEST
24 HR. TOTAL 5.35 4.44
SNOWFALL (INCHES)
TOTALS 0.0 0.0 0.0 0.0
DAYS >= TRACE 0 0.0 0.0 0
DAYS >= 1.0 0 0.0 0.0 0
GREATEST
24 HR TOTAL 0.0 0.0
DEGREE DAYS
HEATING TOTAL 0 0 0 0
COOLING TOTAL 401 340 61 454
..............................................................
WIND (MPH)
AVERAGE WIND SPEED 3.4
RESULTANT WIND SPEED/DIRECTION 1/180
HIGHEST WIND SPEED/DIRECTION 26/010 DATE 07/13
HIGHEST GUST SPEED/DIRECTION 36/010 DATE 07/13
SKY COVER
AVERAGE SKY COVER 0.23
AVERAGE RH (PERCENT) 75
WEATHER CONDITIONS. NUMBER OF DAYS WITH
THUNDERSTORM 15 MIXED PRECIP 0
HEAVY RAIN 8 RAIN 10
LIGHT RAIN 18 FREEZING RAIN 0
LT FREEZING RAIN 0 HAIL 0
HEAVY SNOW 0 SNOW 0
LIGHT SNOW 0 SLEET 0
FOG 23 FOG W/VIS <= 1/4 MILE 0
HAZE 1
- INDICATES NEGATIVE NUMBERS.
R INDICATES RECORD WAS SET OR TIED.
MM INDICATES DATA IS MISSING.
T INDICATES TRACE AMOUNT.
$$
PW