000
CXUS54 KLZK 011330
CF6M19
PRELIMINARY LOCAL CLIMATOLOGICAL DATA (WS FORM: F-6)
STATION: NEWPORT AIRPORT
MONTH: NOVEMBER
YEAR: 2022
LATITUDE: 35 35 N
LONGITUDE: 91 16 W
TEMPERATURE IN F: :PCPN: SNOW: WIND :SUNSHINE: SKY :PK WND
================================================================================
1 2 3 4 5 6A 6B 7 8 9 10 11 12 13 14 15 16 17 18
12Z AVG MX 2MIN
DY MAX MIN AVG DEP HDD CDD WTR SNW DPTH SPD SPD DIR MIN PSBL S-S WX SPD DR
================================================================================
1 75 47 61 5 4 0 0.00 M M 4.2 9 150 M M 0 M M
2 76 50 63 7 2 0 0.00 M M 6.0 10 180 M M 0 1 M M
3 79 50 65 10 0 0 0.00 M M 8.2 16 150 M M 1 18 M M
4 77 58 68 13 0 3 0.28 M M 16.9 29 160 M M 6 3 52 150
5 67 48 58 4 7 0 0.73 M M 13.1 29 190 M M 3 13 49 190
6 70 46 58 4 7 0 T M M 7.9 14 140 M M 2 18 M M
7 63 56 60 6 5 0 0.04 M M 11.9 20 30 M M 10 1 M M
8 71 55 63 10 2 0 0.00 M M 7.9 10 40 M M 6 8 M M
9 81 52 67 14 0 2 0.00 M M 6.9 12 140 M M 0 18 M M
10 71 49 60 8 5 0 0.00 M M 4.6 10 180 M M 0 18 M M
11 60 35 48 -4 17 0 0.09 M M 12.6 21 340 M M 6 14 30 330
12 42 26 34 -18 31 0 0.12 M M 12.7 22 330 M M 5 16 27 340
13 42 23 33 -18 32 0 0.00 M M 6.5 14 50 M M 1 16 30
14 46 27 37 -14 28 0 0.09 M M 7.9 17 80 M M 3 46 M M
15 48 36 42 -8 23 0 T M M 10.5 16 300 M M 9 1 20 300
16 52 29 41 -9 24 0 0.00 M M 9.5 21 310 M M 1 32 300
17 48 24 36 -14 29 0 0.00 M M 6.5 9 200 M M 0 M M
18 44 30 37 -12 28 0 T M M 9.0 20 340 M M 7 6 16 300
19 46 28 37 -12 28 0 0.00 M M 8.2 21 200 M M 4 25 200
20 41 22 32 -16 33 0 0.00 M M 4.6 10 70 M M 0 M M
21 52 21 37 -11 28 0 0.00 M M 6.3 12 170 M M 0 M M
22 60 27 44 -4 21 0 0.00 M M 4.6 9 150 M M 0 M M
23 63 31 47 0 18 0 T M M 3.7 10 170 M M 3 1 M M
24 50 47 49 2 16 0 0.78 M M 7.1 15 60 M M 9 1 M M
25 57 42 50 4 15 0 T M M 9.4 18 30 M M 6 1 M M
26 58 40 49 3 16 0 0.28 M M 10.0 27 220 M M 6 1 37 220
27 55 42 49 3 16 0 T M M 12.8 25 210 M M 7 33 210
28 58 37 48 3 17 0 T M M 5.3 12 170 M M 2 M M
29 63 45 54 9 11 0 0.19 M M 10.6 26 290 M M 6 1 38 310
30 47 30 39 -5 26 0 M M M 12.3 24 320 M M 0 38 320
================================================================================
SM 1762 1153 489 5 2.60 M 257.7 M 103
================================================================================
AV 58.7 38.4 8.6 FASTST M M 3 MAX(MPH)
MISC ----> 29 160 52 150
================================================================================
NOTES:
# LAST OF SEVERAL OCCURRENCES
COLUMN 17 PEAK WIND IN M.P.H.
PRELIMINARY LOCAL CLIMATOLOGICAL DATA (WS FORM: F-6) , PAGE 2
STATION: NEWPORT AIRPORT
MONTH: NOVEMBER
YEAR: 2022
LATITUDE: 35 35 N
LONGITUDE: 91 16 W
[TEMPERATURE DATA] [PRECIPITATION DATA] SYMBOLS USED IN COLUMN 16
AVERAGE MONTHLY: 48.6 TOTAL FOR MONTH: 2.60 1 = FOG OR MIST
DPTR FM NORMAL: -1.6 DPTR FM NORMAL: -2.75 2 = FOG REDUCING VISIBILITY
HIGHEST: 81 ON 9 GRTST 24HR 0.78 ON 24-24 TO 1/4 MILE OR LESS
LOWEST: 21 ON 21 3 = THUNDER
SNOW, ICE PELLETS, HAIL 4 = ICE PELLETS
TOTAL MONTH: M 5 = HAIL
GRTST 24HR M ON M 6 = FREEZING RAIN OR DRIZZLE
GRTST DEPTH: M ON M 7 = DUSTSTORM OR SANDSTORM:
VSBY 1/2 MILE OR LESS
8 = SMOKE OR HAZE
[NO. OF DAYS WITH] [WEATHER - DAYS WITH] 9 = BLOWING SNOW
X = TORNADO
MAX 32 OR BELOW: 0 0.01 INCH OR MORE: 9
MAX 90 OR ABOVE: 0 0.10 INCH OR MORE: 6
MIN 32 OR BELOW: 12 0.50 INCH OR MORE: 2
MIN 0 OR BELOW: 0 1.00 INCH OR MORE: 0
[HDD (BASE 65) ]
TOTAL THIS MO. 489 CLEAR (SCALE 0-3) 16
DPTR FM NORMAL 40 PTCLDY (SCALE 4-7) 11
TOTAL FM JUL 1 666 CLOUDY (SCALE 8-10) 3
DPTR FM NORMAL 23
[CDD (BASE 65) ]
TOTAL THIS MO. 5
DPTR FM NORMAL 0 [PRESSURE DATA]
TOTAL FM JAN 1 1966 HIGHEST SLP M ON M
DPTR FM NORMAL 85 LOWEST SLP M ON M
[REMARKS]
#FINAL-11-22#