000
CXUS54 KMAF 210404
CF6MAF
PRELIMINARY LOCAL CLIMATOLOGICAL DATA (WS FORM: F-6)
STATION: MIDLAND INTERNATIONAL AIRPORT
MONTH: APRIL
YEAR: 2023
LATITUDE: 31 57 N
LONGITUDE: 102 11 W
TEMPERATURE IN F: :PCPN: SNOW: WIND :SUNSHINE: SKY :PK WND
================================================================================
1 2 3 4 5 6A 6B 7 8 9 10 11 12 13 14 15 16 17 18
12Z AVG MX 2MIN
DY MAX MIN AVG DEP HDD CDD WTR SNW DPTH SPD SPD DIR MIN PSBL S-S WX SPD DR
================================================================================
1 79 37 58 -5 7 0 0.00 0.0 0 9.3 22 170 M M 0 28 180
2 85 53 69 6 0 4 0.00 0.0 0 13.9 31 240 M M 0 50 290
3 89 52 71 8 0 6 0.00 0.0 0 14.5 32 240 M M 0 8 43 250
4 87 59 73 10 0 8 0.00 0.0 0 18.2 37 240 M M 0 8 54 230
5 66 41 54 -10 11 0 0.00 0.0 0 11.7 29 320 M M 0 8 38 310
6 66 44 55 -9 10 0 0.00 0.0 0 15.0 24 60 M M 0 8 31 60
7 68 40 54 -10 11 0 0.00 0.0 0 9.9 17 70 M M 2 25 80
8 73 44 59 -5 6 0 0.00 0.0 0 7.0 15 130 M M 2 21 120
9 79 53 66 2 0 1 0.00 0.0 0 11.9 26 80 M M 3 8 36 70
10 81 54 68 3 0 3 0.00 0.0 0 9.4 21 90 M M 1 26 90
11 83 52 68 3 0 3 0.00 0.0 M 8.8 21 140 M M 0 18 27 130
12 84 53 69 4 0 4 0.00 0.0 M 12.1 21 170 M M 0 18 30 170
13 84 58 71 5 0 6 0.00 0.0 0 17.2 30 180 M M 0 8 40 180
14 84 58 71 5 0 6 0.00 0.0 0 14.6 32 240 M M 0 41 250
15 79 53 66 0 0 1 0.00 0.0 0 11.4 28 70 M M 0 8 37 70
16 73 44 59 -7 6 0 0.00 0.0 0 10.8 25 60 M M 0 33 60
17 79 49 64 -2 1 0 T 0.0 0 17.0 33 160 M M 2 38 41 160
18 90 58 74 7 0 9 0.00 0.0 0 15.3 29 250 M M 0 39 250
19 90 61 76 9 0 11 0.00 0.0 0 16.0 28 210 M M 0 18 40 240
20 80 59 70 3 0 5 0.00 0.0 0 10.4 25 10 M M 0 178 31 10
21 77 47 62 -5 3 0 0.00 0.0 0 9.2 20 250 M M 0 8 26 270
22 82 45 64 -4 1 0 0.00 0.0 0 14.1 36 40 M M 1 78 45 50
23 47 39 43 -25 22 0 T 0.0 0 12.5 24 50 M M 10 1 33 40
24 66 44 55 -13 10 0 0.00 0.0 0 12.2 20 150 M M 7 18 25 150
25 85 54 70 2 0 5 0.00 0.0 0 13.2 24 180 M M 4 18 34 180
26 83 54 69 0 0 4 0.00 0.0 0 14.5 32 340 M M 0 8 45 350
27 79 42 61 -8 4 0 0.00 0.0 0 8.2 18 220 M M 0 26 230
28 67 46 57 -12 8 0 0.00 0.0 0 19.9 37 10 M M 2 78 48 360
29 80 40 60 -10 5 0 0.00 0.0 0 9.1 22 330 M M 0 29 330
30 95 49 72 2 0 7 0.00 0.0 0 12.4 35 60 M M 0 8 43 60
================================================================================
SM 2360 1482 105 83 T 0.0 379.7 M 34
================================================================================
AV 78.7 49.4 12.7 FASTST M M 1 MAX(MPH)
MISC ----> # 37 240 54 230
================================================================================
NOTES:
# LAST OF SEVERAL OCCURRENCES
COLUMN 17 PEAK WIND IN M.P.H.
PRELIMINARY LOCAL CLIMATOLOGICAL DATA (WS FORM: F-6) , PAGE 2
STATION: MIDLAND INTERNATIONAL AIRPORT
MONTH: APRIL
YEAR: 2023
LATITUDE: 31 57 N
LONGITUDE: 102 11 W
[TEMPERATURE DATA] [PRECIPITATION DATA] SYMBOLS USED IN COLUMN 16
AVERAGE MONTHLY: 64.0 TOTAL FOR MONTH: T 1 = FOG OR MIST
DPTR FM NORMAL: -2.2 DPTR FM NORMAL: -0.70 2 = FOG REDUCING VISIBILITY
HIGHEST: 95 ON 30 GRTST 24HR T ON 17-17 TO 1/4 MILE OR LESS
LOWEST: 37 ON 1 3 = THUNDER
SNOW, ICE PELLETS, HAIL 4 = ICE PELLETS
TOTAL MONTH: 0.0 INCH 5 = HAIL
GRTST 24HR 0.0 6 = FREEZING RAIN OR DRIZZLE
GRTST DEPTH: 0 7 = DUSTSTORM OR SANDSTORM:
VSBY 1/2 MILE OR LESS
8 = SMOKE OR HAZE
[NO. OF DAYS WITH] [WEATHER - DAYS WITH] 9 = BLOWING SNOW
X = TORNADO
MAX 32 OR BELOW: 0 0.01 INCH OR MORE: 0
MAX 90 OR ABOVE: 3 0.10 INCH OR MORE: 0
MIN 32 OR BELOW: 0 0.50 INCH OR MORE: 0
MIN 0 OR BELOW: 0 1.00 INCH OR MORE: 0
[HDD (BASE 65) ]
TOTAL THIS MO. 105 CLEAR (SCALE 0-3) 27
DPTR FM NORMAL 20 PTCLDY (SCALE 4-7) 2
TOTAL FM JUL 1 2437 CLOUDY (SCALE 8-10) 1
DPTR FM NORMAL 80
[CDD (BASE 65) ]
TOTAL THIS MO. 83
DPTR FM NORMAL -37 [PRESSURE DATA]
TOTAL FM JAN 1 107 HIGHEST SLP 30.31 ON 16
DPTR FM NORMAL -50 LOWEST SLP 29.43 ON 4
[REMARKS]
#FINAL-04-23#