000
CXUS54 KMAF 040123
CF6MAF
PRELIMINARY LOCAL CLIMATOLOGICAL DATA (WS FORM: F-6)
STATION: MIDLAND INTERNATIONAL AIRPORT
MONTH: JULY
YEAR: 2021
LATITUDE: 31 57 N
LONGITUDE: 102 11 W
TEMPERATURE IN F: :PCPN: SNOW: WIND :SUNSHINE: SKY :PK WND
================================================================================
1 2 3 4 5 6A 6B 7 8 9 10 11 12 13 14 15 16 17 18
12Z AVG MX 2MIN
DY MAX MIN AVG DEP HDD CDD WTR SNW DPTH SPD SPD DIR MIN PSBL S-S WX SPD DR
================================================================================
1 88 69 79 -5 0 14 0.00 0.0 0 8.4 15 170 M M 3 20 160
2 87 65 76 -8 0 11 1.65 0.0 0 9.2 31 330 M M 3 13 37 330
3 83 66 75 -9 0 10 0.07 0.0 0 6.2 13 140 M M 6 13 16 120
4 90 70 80 -4 0 15 0.00 0.0 0 7.3 15 110 M M 1 18 110
5 85 68 77 -7 0 12 0.04 0.0 0 6.6 21 330 M M 3 13 26 340
6 84 69 77 -7 0 12 0.02 0.0 0 7.7 20 70 M M 4 1 25 80
7 85 68 77 -7 0 12 0.00 0.0 0 6.6 23 350 M M 4 1 27 350
8 88 67 78 -6 0 13 0.00 0.0 0 4.6 13 120 M M 1 18 16 130
9 87 67 77 -7 0 12 0.00 0.0 0 7.2 16 140 M M 0 20 140
10 87 70 79 -5 0 14 0.00 0.0 0 9.2 17 130 M M 4 24 180
11 84 68 76 -8 0 11 0.00 0.0 0 8.5 17 120 M M 2 3 20 120
12 87 65 76 -8 0 11 0.00 0.0 0 8.8 21 160 M M 2 31 110
13 89 66 78 -6 0 13 0.00 0.0 0 11.2 22 150 M M 1 18 27 150
14 89 65 77 -7 0 12 0.00 0.0 0 14.0 24 180 M M 1 30 150
15 94 70 82 -2 0 17 0.00 0.0 0 14.1 21 180 M M 0 25 160
16 94 72 83 -1 0 18 0.00 0.0 0 11.5 18 190 M M 1 24 180
17 93 71 82 -2 0 17 0.00 0.0 0 11.9 18 130 M M 0 23 120
18 90 70 80 -4 0 15 0.00 0.0 0 6.1 20 180 M M 1 24 180
19 89 71 80 -4 0 15 0.00 0.0 0 7.8 17 70 M M 1 22 70
20 86 65 76 -9 0 11 0.00 0.0 0 8.2 23 70 M M 1 138 28 60
21 87 60 74 -11 0 9 0.00 0.0 0 7.8 15 120 M M 1 18 20 120
22 90 67 79 -6 0 14 0.00 0.0 0 9.8 20 150 M M 2 23 150
23 96 70 83 -2 0 18 T 0.0 0 13.1 24 170 M M 2 3 35 330
24 98 71 85 0 0 20 0.02 0.0 0 8.7 26 130 M M 1 38 37 190
25 96 72 84 -1 0 19 0.14 0.0 0 6.5 31 130 M M 1 38 42 130
26 98 71 85 0 0 20 0.00 0.0 0 8.9 16 320 M M 0 24 320
27 97 67 82 -3 0 17 0.00 0.0 0 6.1 14 150 M M 0 17 120
28 86 65 76 -9 0 11 0.54 0.0 0 8.0 33 120 M M 3 13 43 160
29 89 66 78 -7 0 13 0.00 0.0 0 6.8 15 110 M M 0 8 22 120
30 92 71 82 -3 0 17 0.00 0.0 0 7.1 16 90 M M 1 22 130
31 95 71 83 -2 0 18 0.00 0.0 0 7.4 14 140 M M 0 19 120
================================================================================
SM 2783 2113 0 441 2.48 0.0 265.3 M 50
================================================================================
AV 89.8 68.2 8.6 FASTST M M 2 MAX(MPH)
MISC ----> 33 120 43 160
================================================================================
NOTES:
# LAST OF SEVERAL OCCURRENCES
COLUMN 17 PEAK WIND IN M.P.H.
PRELIMINARY LOCAL CLIMATOLOGICAL DATA (WS FORM: F-6) , PAGE 2
STATION: MIDLAND INTERNATIONAL AIRPORT
MONTH: JULY
YEAR: 2021
LATITUDE: 31 57 N
LONGITUDE: 102 11 W
[TEMPERATURE DATA] [PRECIPITATION DATA] SYMBOLS USED IN COLUMN 16
AVERAGE MONTHLY: 79.0 TOTAL FOR MONTH: 2.48 1 = FOG OR MIST
DPTR FM NORMAL: -5.4 DPTR FM NORMAL: 0.86 2 = FOG REDUCING VISIBILITY
HIGHEST: 98 ON 26,24 GRTST 24HR 1.72 ON 2- 3 TO 1/4 MILE OR LESS
LOWEST: 60 ON 21 3 = THUNDER
SNOW, ICE PELLETS, HAIL 4 = ICE PELLETS
TOTAL MONTH: 0.0 INCH 5 = HAIL
GRTST 24HR 0.0 6 = FREEZING RAIN OR DRIZZLE
GRTST DEPTH: 0 7 = DUSTSTORM OR SANDSTORM:
VSBY 1/2 MILE OR LESS
8 = SMOKE OR HAZE
[NO. OF DAYS WITH] [WEATHER - DAYS WITH] 9 = BLOWING SNOW
X = TORNADO
MAX 32 OR BELOW: 0 0.01 INCH OR MORE: 7
MAX 90 OR ABOVE: 13 0.10 INCH OR MORE: 3
MIN 32 OR BELOW: 0 0.50 INCH OR MORE: 2
MIN 0 OR BELOW: 0 1.00 INCH OR MORE: 1
[HDD (BASE 65) ]
TOTAL THIS MO. 0 CLEAR (SCALE 0-3) 25
DPTR FM NORMAL 0 PTCLDY (SCALE 4-7) 6
TOTAL FM JUL 1 0 CLOUDY (SCALE 8-10) 0
DPTR FM NORMAL 0
[CDD (BASE 65) ]
TOTAL THIS MO. 441
DPTR FM NORMAL -159 [PRESSURE DATA]
TOTAL FM JAN 1 1236 HIGHEST SLP 30.13 ON 28
DPTR FM NORMAL -385 LOWEST SLP 29.77 ON 16
[REMARKS]
#FINAL-07-21#