556
CXUS53 KABR 011404
CLAMBG
CLIMATE REPORT
NATIONAL WEATHER SERVICE ABERDEEN SD
717 AM CST FRI JAN 01 2021
...................................
...THE MOBRIDGE SD CLIMATE SUMMARY FOR THE YEAR OF 2020...
CLIMATE NORMAL PERIOD 1981 TO 2010
CLIMATE RECORD PERIOD 1911 TO 2020
WEATHER OBSERVED NORMAL DEPART LAST YEAR`S
VALUE DATE(S) VALUE FROM VALUE DATE(S)
NORMAL
................................................................
TEMPERATURE (F)
RECORD
HIGH 116 07/15/2006
07/16/1936
LOW -44 02/19/1929
HIGHEST 98 08/22 MM MM 95 06/29
08/23
08/25
LOWEST -19 01/16 MM MM -29 02/08
AVG. MAXIMUM 59.9 56.8 3.1 52.5
AVG. MINIMUM 34.9 33.1 1.8 32.2
MEAN 47.4 44.9 2.5 42.3
DAYS MAX >= 90 41 22.3 18.7 9
DAYS MAX <= 32 48 65.2 -17.2 96
DAYS MIN <= 32 184 172.0 12.0 180
DAYS MIN <= 0 17 30.2 -13.2 41
PRECIPITATION (INCHES)
RECORD
MAXIMUM 29.53 2019
MINIMUM 6.15 1934
TOTALS 13.32 17.87 -4.55 29.53
DAILY AVG. 0.04 0.05 -0.01 0.08
DAYS >= .01 83 MM MM 123
DAYS >= .10 30 MM MM 69
DAYS >= .50 7 MM MM 17
DAYS >= 1.00 1 MM MM 5
SNOWFALL (INCHES)
RECORDS
TOTAL 104.1 2019
TOTALS 31.2 31.1 +0.1 104.1
LIQUID EQUIV 3.10 MM MM 10.41
SINCE 7/1 14.3 MM MM MM
LIQUID 7/1 1.43 MM MM MM
DAYS >= TRACE 54 MM MM 76
DAYS >= 1.0 11 MM MM 28
DEGREE DAYS
HEATING TOTAL 7277 7960 -683 8758
SINCE 7/1 2758 3215 -457 MM
COOLING TOTAL 940 643 297 648
SINCE 1/1 940 644 296 648
................................................................
WIND (MPH)
AVERAGE WIND SPEED 9.9
HIGHEST WIND SPEED/DIRECTION 45/280 DATE 07/31
HIGHEST GUST SPEED/DIRECTION 68/270 DATE 07/31
- INDICATES NEGATIVE NUMBERS.
R INDICATES RECORD WAS SET OR TIED.
MM INDICATES DATA IS MISSING.
T INDICATES TRACE AMOUNT.
$$