000
CXUS56 KHNX 011207
CLMMCE
CLIMATE REPORT
NATIONAL WEATHER SERVICE
407 AM PST FRI DEC 01 2023
...................................
...THE MERCED CA AIRPORT CLIMATE SUMMARY FOR THE MONTH OF NOVEMBER 2023...
CLIMATE NORMAL PERIOD 1991 TO 2020
CLIMATE RECORD PERIOD 1928 TO 2023
WEATHER OBSERVED NORMAL DEPART LAST YEAR`S
VALUE DATE(S) VALUE FROM VALUE DATE(S)
NORMAL
................................................................
TEMPERATURE (F)
RECORD
HIGH 90 11/05/2010
LOW 21 11/30/1906
HIGHEST 81 11/04 MM 71 11/25
LOWEST 32 11/27 MM 30 11/22
11/30
MEAN 55.6 53.5 2.1 50.0
DAYS MAX >= 90 0 0.0 0.0 0
DAYS MIN <= 32 1 2.8 -1.8 4
PRECIPITATION (INCHES)
RECORD
MAXIMUM 4.91 1972
MINIMUM 0.00 1995
TOTALS 0.84 1.02 -0.18
DAYS >= .01 4 7.3 -3.3 5
DAYS >= .10 2 2.6 -0.6 3
DAYS >= .50 0 0.6 -0.6 0
DAYS >= 1.00 0 0.2 -0.2 0
SNOWFALL (INCHES)
RECORDS
TOTAL MM MM
TOTALS 0.0 MM
DEGREE DAYS
HEATING TOTAL 278 348 -70 441
SINCE 7/1 344 440 -96 MM
COOLING TOTAL 1 1 0 0
SINCE 1/1 1710 1583 127 MM
................................................................
WIND (MPH)
AVERAGE WIND SPEED 3.4
HIGHEST WIND SPEED/DIRECTION 26/330 DATE 11/19
HIGHEST GUST SPEED/DIRECTION 35/320 DATE 11/19
AVERAGE RH (PERCENT) 59
WEATHER CONDITIONS. NUMBER OF DAYS WITH
THUNDERSTORM 0 RAIN 2
HAIL 0 FOG 14
FOG W/VIS <= 1/4 MILE 2 HAZE 21
- INDICATES NEGATIVE NUMBERS.
R INDICATES RECORD WAS SET OR TIED.
MM INDICATES DATA IS MISSING.
T INDICATES TRACE AMOUNT.
$$