000
CXUS52 KMLB 010624
CF6MCO
PRELIMINARY LOCAL CLIMATOLOGICAL DATA (WS FORM: F-6)
STATION: ORLANDO INTL
MONTH: JUNE
YEAR: 2021
LATITUDE: 28 25 N
LONGITUDE: 81 19 W
TEMPERATURE IN F: :PCPN: SNOW: WIND :SUNSHINE: SKY :PK WND
================================================================================
1 2 3 4 5 6A 6B 7 8 9 10 11 12 13 14 15 16 17 18
12Z AVG MX 2MIN
DY MAX MIN AVG DEP HDD CDD WTR SNW DPTH SPD SPD DIR MIN PSBL S-S WX SPD DR
================================================================================
1 93 67 80 0 0 15 0.00 0.0 0 9.3 22 80 M M 3 25 100
2 89 71 80 0 0 15 T 0.0 0 8.3 21 100 M M 5 25 100
3 89 71 80 0 0 15 0.05 0.0 0 8.1 21 220 M M 6 25 110
4 90 72 81 1 0 16 0.20 0.0 0 5.4 17 100 M M 8 13 26 80
5 90 72 81 1 0 16 0.05 0.0 0 8.6 20 190 M M 7 13 24 200
6 93 74 84 4 0 19 T 0.0 0 10.0 20 100 M M 8 26 100
7 93 77 85 5 0 20 0.00 0.0 0 9.8 22 100 M M 9 27 110
8 94 74 84 3 0 19 0.00 0.0 0 10.1 18 90 M M 5 26 110
9 94 73 84 3 0 19 0.00 0.0 0 8.1 16 110 M M 3 22 110
10 94 72 83 2 0 18 0.00 0.0 0 5.8 16 120 M M 2 1 20 140
11 96 74 85 4 0 20 0.00 0.0 0 7.1 20 270 M M 4 3 25 250
12 96 74 85 4 0 20 0.09 0.0 0 7.6 25 270 M M 5 3 30 280
13 90 71 81 0 0 16 0.36 0.0 0 6.9 30 220 M M 7 13 37 220
14 91 72 82 1 0 17 0.94 0.0 0 8.0 22 220 M M 7 13 28 220
15 88 73 81 0 0 16 0.10 0.0 0 9.1 18 200 M M 8 138 27 100
16 89 73 81 0 0 16 0.11 0.0 0 9.2 22 230 M M 9 13 29 250
17 88 71 80 -1 0 15 0.00 0.0 0 6.8 15 190 M M 9 20 190
18 90 72 81 -1 0 16 T 0.0 0 4.6 13 170 M M 9 16 90
19 93 77 85 3 0 20 0.00 0.0 0 7.7 15 170 M M 9 20 170
20 94 77 86 4 0 21 T 0.0 0 8.5 16 240 M M 8 22 200
21 93 72 83 1 0 18 0.63 0.0 0 6.4 31 200 M M 10 13 39 200
22 93 72 83 1 0 18 1.12 0.0 0 9.5 29 250 M M 8 138 34 240
23 92 72 82 0 0 17 0.21 0.0 0 4.4 17 80 M M 9 13 22 60
24 88 71 80 -2 0 15 1.96 0.0 0 6.8 28 320 M M 9 13 34 320
25 86 73 80 -2 0 15 0.12 0.0 0 6.8 18 30 M M 10 138 22 30
26 87 73 80 -2 0 15 0.11 0.0 0 6.0 16 120 M M 7 13 21 130
27 90 74 82 0 0 17 T 0.0 0 8.8 20 60 M M 4 31 60
28 90 74 82 0 0 17 0.00 0.0 0 8.4 17 110 M M 5 23 110
29 87 73 80 -2 0 15 0.27 0.0 0 6.7 17 150 M M 8 13 23 170
30 87 74 81 -1 0 16 0.74 0.0 0 5.5 20 110 M M 7 13 24 110
================================================================================
SM 2727 2185 0 512 7.06 0.0 228.3 M 208
================================================================================
AV 90.9 72.8 7.6 FASTST M M 7 MAX(MPH)
MISC ----> 31 200 39 200
================================================================================
NOTES:
# LAST OF SEVERAL OCCURRENCES
COLUMN 17 PEAK WIND IN M.P.H.
PRELIMINARY LOCAL CLIMATOLOGICAL DATA (WS FORM: F-6) , PAGE 2
STATION: ORLANDO INTL
MONTH: JUNE
YEAR: 2021
LATITUDE: 28 25 N
LONGITUDE: 81 19 W
[TEMPERATURE DATA] [PRECIPITATION DATA] SYMBOLS USED IN COLUMN 16
AVERAGE MONTHLY: 81.9 TOTAL FOR MONTH: 7.06 1 = FOG OR MIST
DPTR FM NORMAL: 0.7 DPTR FM NORMAL: -0.99 2 = FOG REDUCING VISIBILITY
HIGHEST: 96 ON 12,11 GRTST 24HR 2.08 ON 24-25 TO 1/4 MILE OR LESS
LOWEST: 67 ON 1 3 = THUNDER
SNOW, ICE PELLETS, HAIL 4 = ICE PELLETS
TOTAL MONTH: 0.0 INCH 5 = HAIL
GRTST 24HR 0.0 6 = FREEZING RAIN OR DRIZZLE
GRTST DEPTH: 0 7 = DUSTSTORM OR SANDSTORM:
VSBY 1/2 MILE OR LESS
8 = SMOKE OR HAZE
[NO. OF DAYS WITH] [WEATHER - DAYS WITH] 9 = BLOWING SNOW
X = TORNADO
MAX 32 OR BELOW: 0 0.01 INCH OR MORE: 16
MAX 90 OR ABOVE: 20 0.10 INCH OR MORE: 13
MIN 32 OR BELOW: 0 0.50 INCH OR MORE: 5
MIN 0 OR BELOW: 0 1.00 INCH OR MORE: 2
[HDD (BASE 65) ]
TOTAL THIS MO. 0 CLEAR (SCALE 0-3) 3
DPTR FM NORMAL 0 PTCLDY (SCALE 4-7) 18
TOTAL FM JUL 1 487 CLOUDY (SCALE 8-10) 9
DPTR FM NORMAL -38
[CDD (BASE 65) ]
TOTAL THIS MO. 512
DPTR FM NORMAL 26 [PRESSURE DATA]
TOTAL FM JAN 1 1512 HIGHEST SLP M ON M
DPTR FM NORMAL 179 LOWEST SLP 29.82 ON 12
[REMARKS]
#FINAL-06-21#