000
CXUS52 KMLB 011354
CF6MCO
PRELIMINARY LOCAL CLIMATOLOGICAL DATA (WS FORM: F-6)
STATION: ORLANDO INTL
MONTH: FEBRUARY
YEAR: 2020
LATITUDE: 28 25 N
LONGITUDE: 81 19 W
TEMPERATURE IN F: :PCPN: SNOW: WIND :SUNSHINE: SKY :PK WND
================================================================================
1 2 3 4 5 6A 6B 7 8 9 10 11 12 13 14 15 16 17 18
12Z AVG MX 2MIN
DY MAX MIN AVG DEP HDD CDD WTR SNW DPTH SPD SPD DIR MIN PSBL S-S WX SPD DR
================================================================================
1 65 55 60 -1 5 0 0.16 0.0 0 7.8 22 300 M M 9 1 32 320
2 66 48 57 -4 8 0 0.00 0.0 0 9.8 20 310 M M 1 25 320
3 75 44 60 -2 5 0 0.00 0.0 0 2.5 10 150 M M 1 14 160
4 79 50 65 3 0 0 0.00 0.0 0 4.2 13 180 M M 6 1 17 250
5 82 57 70 8 0 5 0.00 0.0 0 6.9 17 160 M M 8 1 21 160
6 88 69 79 17 0 14 0.00 0.0 0 18.0 31 200 M M 7 42 210
7 79 50 65 3 0 0 0.72 0.0 0 13.3 36 260 M M 8 13 43 280
8 72 45 59 -3 6 0 0.00 0.0 0 8.1 16 50 M M 3 20 40
9 78 53 66 4 0 1 0.00 0.0 0 10.1 20 70 M M 2 27 100
10 84 57 71 9 0 6 0.00 0.0 0 8.8 16 130 M M 5 21 130
11 87 64 76 14 0 11 0.00 0.0 0 6.0 17 200 M M 7 12 21 190
12 88 66 77 14 0 12 0.00 0.0 0 7.4 18 160 M M 6 1 22 190
13 89 69 79 16 0 14 0.00 0.0 0 10.4 20 180 M M 6 1 25 220
14 76 59 68 5 0 3 0.02 0.0 0 9.7 22 10 M M 9 18 26 10
15 79 59 69 6 0 4 0.00 0.0 0 11.8 22 50 M M 7 27 50
16 84 60 72 9 0 7 0.09 0.0 0 7.3 20 290 M M 6 1 23 300
17 85 63 74 11 0 9 0.00 0.0 0 4.5 14 80 M M 7 1 16 100
18 87 65 76 12 0 11 0.00 0.0 0 6.3 15 180 M M 7 12 21 170
19 88 70 79 15 0 14 T 0.0 0 5.8 16 70 M M 8 22 40
20 86 68 77 13 0 12 0.00 0.0 0 9.1 20 260 M M 7 1 25 260
21 67 48 58 -6 7 0 0.03 0.0 0 18.3 29 360 M M 9 1 36 360
22 74 46 60 -4 5 0 0.00 0.0 0 14.4 23 20 M M 2 28 30
23 78 53 66 2 0 1 0.00 0.0 0 7.2 16 90 M M 6 18 100
24 81 54 68 4 0 3 0.00 0.0 0 7.4 18 160 M M 8 18 24 200
25 87 61 74 10 0 9 0.00 0.0 0 11.5 22 310 M M 7 27 200
26 81 64 73 8 0 8 0.54 0.0 0 9.9 29 330 M M 9 13 36 330
27 64 49 57 -8 8 0 0.01 0.0 0 12.5 26 290 M M 3 33 300
28 65 44 55 -10 10 0 0.00 0.0 0 9.6 18 270 M M 1 8 25 330
29 67 44 56 -9 9 0 T 0.0 0 10.2 23 320 M M 2 32 330
================================================================================
SM 2281 1634 63 144 1.57 0.0 268.8 M 167
================================================================================
AV 78.7 56.3 9.3 FASTST M M 6 MAX(MPH)
MISC ----> 36 260 43 280
================================================================================
NOTES:
# LAST OF SEVERAL OCCURRENCES
COLUMN 17 PEAK WIND IN M.P.H.
PRELIMINARY LOCAL CLIMATOLOGICAL DATA (WS FORM: F-6) , PAGE 2
STATION: ORLANDO INTL
MONTH: FEBRUARY
YEAR: 2020
LATITUDE: 28 25 N
LONGITUDE: 81 19 W
[TEMPERATURE DATA] [PRECIPITATION DATA] SYMBOLS USED IN COLUMN 16
AVERAGE MONTHLY: 67.5 TOTAL FOR MONTH: 1.57 1 = FOG OR MIST
DPTR FM NORMAL: 4.5 DPTR FM NORMAL: -0.81 2 = FOG REDUCING VISIBILITY
HIGHEST: 89 ON 13 GRTST 24HR 0.72 ON 7- 7 TO 1/4 MILE OR LESS
LOWEST: 44 ON 29,28 3 = THUNDER
SNOW, ICE PELLETS, HAIL 4 = ICE PELLETS
TOTAL MONTH: 0.0 INCH 5 = HAIL
GRTST 24HR 0.0 6 = FREEZING RAIN OR DRIZZLE
GRTST DEPTH: 0 7 = DUSTSTORM OR SANDSTORM:
VSBY 1/2 MILE OR LESS
8 = SMOKE OR HAZE
[NO. OF DAYS WITH] [WEATHER - DAYS WITH] 9 = BLOWING SNOW
X = TORNADO
MAX 32 OR BELOW: 0 0.01 INCH OR MORE: 7
MAX 90 OR ABOVE: 0 0.10 INCH OR MORE: 3
MIN 32 OR BELOW: 0 0.50 INCH OR MORE: 2
MIN 0 OR BELOW: 0 1.00 INCH OR MORE: 0
[HDD (BASE 65) ]
TOTAL THIS MO. 63 CLEAR (SCALE 0-3) 7
DPTR FM NORMAL -52 PTCLDY (SCALE 4-7) 18
TOTAL FM JUL 1 240 CLOUDY (SCALE 8-10) 4
DPTR FM NORMAL -265
[CDD (BASE 65) ]
TOTAL THIS MO. 144
DPTR FM NORMAL 85 [PRESSURE DATA]
TOTAL FM JAN 1 260 HIGHEST SLP 30.40 ON 9
DPTR FM NORMAL 156 LOWEST SLP 29.61 ON 7
[REMARKS]
#FINAL-02-20#