000
CXUS53 KDMX 021530
CF6MCW
PRELIMINARY LOCAL CLIMATOLOGICAL DATA (WS FORM: F-6)
STATION: MASON CITY IA
MONTH: NOVEMBER
YEAR: 2023
LATITUDE: 43 9 N
LONGITUDE: 93 20 W
TEMPERATURE IN F: :PCPN: SNOW: WIND :SUNSHINE: SKY :PK WND
================================================================================
1 2 3 4 5 6A 6B 7 8 9 10 11 12 13 14 15 16 17 18
12Z AVG MX 2MIN
DY MAX MIN AVG DEP HDD CDD WTR SNW DPTH SPD SPD DIR MIN PSBL S-S WX SPD DR
================================================================================
1 45 17 31 -10 34 0 0.00 0.0 0 10.8 24 210 M M 2 35 200
2 50 24 37 -3 28 0 0.00 0.0 0 6.9 13 210 M M 0 8 16 200
3 56 34 45 5 20 0 0.00 0.0 0 6.9 15 330 M M 5 19 320
4 55 29 42 3 23 0 0.00 0.0 0 4.9 12 250 M M 3 1 14 270
5 62 36 49 10 16 0 0.00 0.0 0 14.1 26 180 M M 2 38 180
6 63 36 50 12 15 0 0.00 0.0 0 15.2 26 290 M M 1 35 290
7 50 35 43 5 22 0 0.00 0.0 0 12.3 21 140 M M 4 30 140
8 54 36 45 8 20 0 0.00 0.0 0 11.8 33 310 M M M 42 310
9 51 31 41 4 24 0 0.00 0.0 0 13.7 24 290 M M 3 35 300
10 38 23 31 -5 34 0 0.00 0.0 0 6.7 17 320 M M 8 22 320
11 51 23 37 1 28 0 T T 0 14.8 26 180 M M 8 1 36 170
12 60 37 49 13 16 0 0.00 0.0 0 13.7 23 200 M M 1 30 200
13 61 29 45 10 20 0 0.00 0.0 0 7.9 13 290 M M 0 8 17 280
14 66 33 50 15 15 0 0.00 0.0 0 15.0 29 200 M M 1 45 200
15 63 31 47 13 18 0 0.00 0.0 0 8.0 16 220 M M 0 1 22 220
16 64 38 51 17 14 0 0.00 0.0 0 19.7 37 220 M M 2 51 210
17 45 21 33 0 32 0 0.00 0.0 0 7.9 25 340 M M 0 32 330
18 58 27 43 10 22 0 0.00 0.0 0 6.2 15 290 M M 0 19 270
19 58 24 41 9 24 0 0.00 0.0 0 8.3 18 150 M M 1 18 25 100
20 46 36 41 9 24 0 0.04 0.0 0 11.2 21 60 M M 8 26 50
21 39 24 32 1 33 0 T 0.0 0 13.2 26 330 M M 8 1 35 330
22 48 19 34 3 31 0 0.00 0.0 0 11.4 24 210 M M 0 18 32 190
23 38 20 29 -1 36 0 0.00 0.0 0 15.6 23 340 M M 0 29 340
24 29 9 19 -11 46 0 0.00 0.0 0 8.5 16 20 M M 1 22 10
25 30 19 25 -5 40 0 0.06 0.6 0 4.3 9 200 M M 10 1 13 200
26 35 18 27 -2 38 0 0.07 0.8 1 15.0 30 320 M M 9 1 40 320
27 21 7 14 -15 51 0 T T 1 14.6 25 320 M M 5 33 310
28 29 -1 14 -14 51 0 0.00 0.0 1 9.5 18 170 M M 1 23 200
29 47 25 36 8 29 0 0.00 0.0 1 10.0 18 250 M M 0 24 240
30 44 18 31 4 34 0 0.00 0.0 0 11.7 21 330 M M 0 25 320
================================================================================
SM 1456 758 838 0 0.17 1.4 329.8 M 83
================================================================================
AV 48.5 25.3 11.0 FASTST M M 3 MAX(MPH)
MISC ----> 37 220 51 210
================================================================================
NOTES:
# LAST OF SEVERAL OCCURRENCES
COLUMN 17 PEAK WIND IN M.P.H.
PRELIMINARY LOCAL CLIMATOLOGICAL DATA (WS FORM: F-6) , PAGE 2
STATION: MASON CITY IA
MONTH: NOVEMBER
YEAR: 2023
LATITUDE: 43 9 N
LONGITUDE: 93 20 W
[TEMPERATURE DATA] [PRECIPITATION DATA] SYMBOLS USED IN COLUMN 16
AVERAGE MONTHLY: 36.9 TOTAL FOR MONTH: 0.17 1 = FOG OR MIST
DPTR FM NORMAL: 3.0 DPTR FM NORMAL: -1.50 2 = FOG REDUCING VISIBILITY
HIGHEST: 66 ON 14 GRTST 24HR 0.07 ON 26-26 TO 1/4 MILE OR LESS
LOWEST: -1 ON 28 3 = THUNDER
SNOW, ICE PELLETS, HAIL 4 = ICE PELLETS
TOTAL MONTH: 1.4 INCHES 5 = HAIL
GRTST 24HR 0.8 ON 26-26 6 = FREEZING RAIN OR DRIZZLE
GRTST DEPTH: 1 ON 29,28 7 = DUSTSTORM OR SANDSTORM:
VSBY 1/2 MILE OR LESS
8 = SMOKE OR HAZE
[NO. OF DAYS WITH] [WEATHER - DAYS WITH] 9 = BLOWING SNOW
X = TORNADO
MAX 32 OR BELOW: 4 0.01 INCH OR MORE: 3
MAX 90 OR ABOVE: 0 0.10 INCH OR MORE: 0
MIN 32 OR BELOW: 21 0.50 INCH OR MORE: 0
MIN 0 OR BELOW: 1 1.00 INCH OR MORE: 0
[HDD (BASE 65) ]
TOTAL THIS MO. 838 CLEAR (SCALE 0-3) 19
DPTR FM NORMAL -94 PTCLDY (SCALE 4-7) 8
TOTAL FM JUL 1 1382 CLOUDY (SCALE 8-10) 3
DPTR FM NORMAL -275
[CDD (BASE 65) ]
TOTAL THIS MO. 0
DPTR FM NORMAL 0 [PRESSURE DATA]
TOTAL FM JAN 1 743 HIGHEST SLP 30.66 ON 24
DPTR FM NORMAL 141 LOWEST SLP 29.58 ON 6
[REMARKS]
#FINAL-11-23#