000
CXUS54 KMAF 011110
CF6MDD
PRELIMINARY LOCAL CLIMATOLOGICAL DATA (WS FORM: F-6)
STATION: MIDLAND AIRPARK
MONTH: APRIL
YEAR: 2023
LATITUDE: 32 2 N
LONGITUDE: 102 6 W
TEMPERATURE IN F: :PCPN: SNOW: WIND :SUNSHINE: SKY :PK WND
================================================================================
1 2 3 4 5 6A 6B 7 8 9 10 11 12 13 14 15 16 17 18
12Z AVG MX 2MIN
DY MAX MIN AVG DEP HDD CDD WTR SNW DPTH SPD SPD DIR MIN PSBL S-S WX SPD DR
================================================================================
1 81 39 60 M 5 0 M M M 7.8 14 140 M M 0 23 160
2 86 56 71 M 0 6 M M M 11.6 18 210 M M 0 37 270
3 90 55 73 M 0 8 M M M 12.9 25 220 M M 0 33 220
4 87 65 76 M 0 11 M M M 14.5 26 240 M M 0 39 230
5 68 43 56 M 9 0 M M M 10.4 21 360 M M 0 28 310
6 68 45 57 M 8 0 M M M 12.3 17 70 M M 0 23 90
7 69 40 55 M 10 0 M M M 9.4 13 80 M M 1 21 40
8 74 46 60 M 5 0 M M M 5.9 12 170 M M 2 17 130
9 81 56 69 M 0 4 M M M 10.5 15 120 M M 3 8 26 90
10 81 55 68 M 0 3 M M M 8.8 14 50 M M 1 22 100
11 84 53 69 M 0 4 M M M 8.2 17 140 M M 0 23 140
12 86 57 72 M 0 7 M M M 12.0 15 160 M M 0 21 170
13 86 58 72 M 0 7 M M M 15.6 24 170 M M 0 32 170
14 84 62 73 M 0 8 M M M 14.9 24 250 M M 0 31 240
15 79 56 68 M 0 3 M M M 9.7 16 360 M M 0 23 70
16 74 45 60 M 5 0 M M M 9.2 13 180 M M 0 22 60
17 80 54 67 M 0 2 M M M 15.6 28 170 M M 1 35 170
18 91 59 75 M 0 10 M M M 14.3 22 250 M M 0 30 180
19 91 63 77 M 0 12 M M M 15.5 22 210 M M 0 32 210
20 81 60 71 M 0 6 M M M 10.1 18 200 M M 0 8 25 190
21 78 49 64 M 1 0 M M M 7.6 15 280 M M 0 21 300
22 83 48 66 M 0 1 M M M 12.7 29 40 M M 0 8 40 40
23 48 40 44 M 21 0 M M M 12.9 20 50 M M 5 1 29 60
24 66 45 56 M 9 0 M M M 10.8 16 150 M M 4 1 23 150
25 85 56 71 M 0 6 M M M 11.1 20 140 M M 0 25 230
26 83 56 70 M 0 5 M M M 12.9 20 320 M M 0 8 31 340
27 81 46 64 M 1 0 M M M 8.9 14 200 M M 0 22 360
28 70 48 59 M 6 0 M M M 16.9 28 360 M M 0 37 10
29 80 42 61 M 4 0 M M M 9.0 15 340 M M 0 24 340
30 96 51 74 M 0 9 M M M 11.0 28 40 M M 0 8 36 40
================================================================================
SM 2391 1548 84 112 M M 342.8 M 17
================================================================================
AV 79.7 51.6 11.4 FASTST M M 1 MAX(MPH)
MISC ----> 29 40 40 40
================================================================================
NOTES:
# LAST OF SEVERAL OCCURRENCES
COLUMN 17 PEAK WIND IN M.P.H.
PRELIMINARY LOCAL CLIMATOLOGICAL DATA (WS FORM: F-6) , PAGE 2
STATION: MIDLAND AIRPARK
MONTH: APRIL
YEAR: 2023
LATITUDE: 32 2 N
LONGITUDE: 102 6 W
[TEMPERATURE DATA] [PRECIPITATION DATA] SYMBOLS USED IN COLUMN 16
AVERAGE MONTHLY: 65.6 TOTAL FOR MONTH: M 1 = FOG OR MIST
DPTR FM NORMAL: 0.0 DPTR FM NORMAL: M 2 = FOG REDUCING VISIBILITY
HIGHEST: 96 ON 30 GRTST 24HR M ON M TO 1/4 MILE OR LESS
LOWEST: 39 ON 1 3 = THUNDER
SNOW, ICE PELLETS, HAIL 4 = ICE PELLETS
TOTAL MONTH: M 5 = HAIL
GRTST 24HR M ON M 6 = FREEZING RAIN OR DRIZZLE
GRTST DEPTH: M ON M 7 = DUSTSTORM OR SANDSTORM:
VSBY 1/2 MILE OR LESS
8 = SMOKE OR HAZE
[NO. OF DAYS WITH] [WEATHER - DAYS WITH] 9 = BLOWING SNOW
X = TORNADO
MAX 32 OR BELOW: 0 0.01 INCH OR MORE: 0
MAX 90 OR ABOVE: 4 0.10 INCH OR MORE: 0
MIN 32 OR BELOW: 0 0.50 INCH OR MORE: 0
MIN 0 OR BELOW: 0 1.00 INCH OR MORE: 0
[HDD (BASE 65) ]
TOTAL THIS MO. 84 CLEAR (SCALE 0-3) 28
DPTR FM NORMAL M PTCLDY (SCALE 4-7) 2
TOTAL FM JUL 1 2191 CLOUDY (SCALE 8-10) 0
DPTR FM NORMAL M
[CDD (BASE 65) ]
TOTAL THIS MO. 112
DPTR FM NORMAL M [PRESSURE DATA]
TOTAL FM JAN 1 151 HIGHEST SLP M ON M
DPTR FM NORMAL M LOWEST SLP M ON M
[REMARKS]
#FINAL-04-23#