000
CXUS53 KPAH 010700
CF6MDH
PRELIMINARY LOCAL CLIMATOLOGICAL DATA (WS FORM: F-6)
STATION: CARBONDALE IL
MONTH: JULY
YEAR: 2022
LATITUDE: 37 46 N
LONGITUDE: 89 15 W
TEMPERATURE IN F: :PCPN: SNOW: WIND :SUNSHINE: SKY :PK WND
================================================================================
1 2 3 4 5 6A 6B 7 8 9 10 11 12 13 14 15 16 17 18
12Z AVG MX 2MIN
DY MAX MIN AVG DEP HDD CDD WTR SNW DPTH SPD SPD DIR MIN PSBL S-S WX SPD DR
================================================================================
1 94 72 83 5 0 18 0.00 M M 7.3 14 200 M M 1 21 230
2 81 72 77 -1 0 12 0.69 M M 4.0 22 360 M M 5 13 27 350
3 89 71 80 2 0 15 0.49 M M 4.6 12 100 M M 5 13 16 100
4 94 71 83 5 0 18 0.00 M M 5.6 15 180 M M 2 18 19 200
5 97 75 86 8 0 21 0.00 M M 5.9 13 200 M M 0 16 240
6 98 79 89 11 0 24 0.00 M M 6.3 14 350 M M 0 19 350
7 95 75 85 7 0 20 0.00 M M 6.0 21 20 M M 2 3 27 30
8 94 75 85 7 0 20 0.09 M M 6.7 26 320 M M 3 138 38 320
9 83 68 76 -2 0 11 T M M 5.4 15 360 M M 6 1 21 30
10 89 62 76 -2 0 11 0.00 M M 4.8 13 350 M M 0 1 19 10
11 92 60 76 -2 0 11 0.00 M M 5.7 14 230 M M 0 19 230
12 90 64 77 -1 0 12 T M M 6.4 14 350 M M 1 24 340
13 92 61 77 -1 0 12 0.00 M M 2.9 12 300 M M 1 16 300
14 95 64 80 2 0 15 0.00 M M 2.7 10 330 M M 1 1 16 230
15 93 65 79 1 0 14 0.00 M M 4.6 14 170 M M 0 1 21 190
16 97 74 86 8 0 21 T M M 11.3 21 200 M M 4 27 200
17 82 72 77 -1 0 12 M M M 6.6 24 310 M M 6 12 35 320
18 87 70 79 1 0 14 M M M 2.3 8 320 M M 3 1 12 330
19 90 68 79 1 0 14 0.00 M M 4.4 13 160 M M 3 12 17 180
20 96 74 85 7 0 20 0.00 M M 5.8 13 230 M M 1 19 210
21 92 67 80 2 0 15 0.00 M M 3.4 9 320 M M 0 18 13 310
22 93 69 81 3 0 16 0.00 M M 5.1 15 200 M M 0 18 20 210
23 93 75 84 6 0 19 0.00 M M 9.4 18 190 M M 0 26 180
24 95 75 85 7 0 20 T M M 10.2 21 200 M M 1 13 28 200
25 83 73 78 0 0 13 M M M 4.0 10 340 M M 6 13 15 330
26 87 66 77 -1 0 12 0.20 M M 7.1 15 180 M M 5 1 22 360
27 90 74 82 4 0 17 0.07 M M 5.3 24 340 M M 4 13 35 350
28 86 70 78 0 0 13 0.40 M M 5.4 16 350 M M 5 13 21 210
29 84 64 74 -4 0 9 0.00 M M 3.5 12 350 M M 3 1 18 350
30 81 64 73 -5 0 8 0.00 M M 3.2 10 110 M M 2 13 100
31 82 69 76 -2 0 11 T M M 6.3 14 210 M M 7 19 200
================================================================================
SM 2794 2158 0 468 1.94 M 172.2 M 77
================================================================================
AV 90.1 69.6 5.6 FASTST M M 2 MAX(MPH)
MISC ----> 26 320 38 320
================================================================================
NOTES:
# LAST OF SEVERAL OCCURRENCES
COLUMN 17 PEAK WIND IN M.P.H.
PRELIMINARY LOCAL CLIMATOLOGICAL DATA (WS FORM: F-6) , PAGE 2
STATION: CARBONDALE IL
MONTH: JULY
YEAR: 2022
LATITUDE: 37 46 N
LONGITUDE: 89 15 W
[TEMPERATURE DATA] [PRECIPITATION DATA] SYMBOLS USED IN COLUMN 16
AVERAGE MONTHLY: 79.9 TOTAL FOR MONTH: 1.94 1 = FOG OR MIST
DPTR FM NORMAL: 1.9 DPTR FM NORMAL: -1.67 2 = FOG REDUCING VISIBILITY
HIGHEST: 98 ON 6 GRTST 24HR 1.18 ON 2- 3 TO 1/4 MILE OR LESS
LOWEST: 60 ON 11 3 = THUNDER
SNOW, ICE PELLETS, HAIL 4 = ICE PELLETS
TOTAL MONTH: M 5 = HAIL
GRTST 24HR M ON M 6 = FREEZING RAIN OR DRIZZLE
GRTST DEPTH: M ON M 7 = DUSTSTORM OR SANDSTORM:
VSBY 1/2 MILE OR LESS
8 = SMOKE OR HAZE
[NO. OF DAYS WITH] [WEATHER - DAYS WITH] 9 = BLOWING SNOW
X = TORNADO
MAX 32 OR BELOW: 0 0.01 INCH OR MORE: 6
MAX 90 OR ABOVE: 19 0.10 INCH OR MORE: 4
MIN 32 OR BELOW: 0 0.50 INCH OR MORE: 1
MIN 0 OR BELOW: 0 1.00 INCH OR MORE: 0
[HDD (BASE 65) ]
TOTAL THIS MO. 0 CLEAR (SCALE 0-3) 20
DPTR FM NORMAL 0 PTCLDY (SCALE 4-7) 11
TOTAL FM JUL 1 0 CLOUDY (SCALE 8-10) 0
DPTR FM NORMAL 0
[CDD (BASE 65) ]
TOTAL THIS MO. 468
DPTR FM NORMAL 67 [PRESSURE DATA]
TOTAL FM JAN 1 1012 HIGHEST SLP M ON M
DPTR FM NORMAL 163 LOWEST SLP 29.68 ON 20
[REMARKS]
#FINAL-07-22#