000
CXUS51 KCTP 010800
CF6MDT
PRELIMINARY LOCAL CLIMATOLOGICAL DATA (WS FORM: F-6)
STATION: HARRISBURG PA
MONTH: AUGUST
YEAR: 2022
LATITUDE: 40 11 N
LONGITUDE: 76 46 W
TEMPERATURE IN F: :PCPN: SNOW: WIND :SUNSHINE: SKY :PK WND
================================================================================
1 2 3 4 5 6A 6B 7 8 9 10 11 12 13 14 15 16 17 18
12Z AVG MX 2MIN
DY MAX MIN AVG DEP HDD CDD WTR SNW DPTH SPD SPD DIR MIN PSBL S-S WX SPD DR
================================================================================
1 83 66 75 -2 0 10 0.02 0.0 0 5.5 20 210 M M 9 1 24 210
2 90 72 81 4 0 16 0.00 0.0 0 8.0 20 290 M M 4 23 290
3 90 68 79 2 0 14 0.00 0.0 0 5.3 13 170 M M 1 16 170
4 95 73 84 7 0 19 0.01 0.0 0 5.3 39 300 M M 4 3 50 300
5 91 72 82 6 0 17 T 0.0 0 5.5 22 190 M M 7 38 29 190
6 90 74 82 6 0 17 0.00 0.0 0 5.3 14 220 M M 8 18 230
7 92 76 84 8 0 19 T 0.0 0 6.6 25 300 M M 6 3 29 290
8 94 76 85 9 0 20 0.00 0.0 0 6.8 17 220 M M 3 24 220
9 95 78 87 11 0 22 0.51 0.0 0 5.2 30 310 M M 5 138 38 310
10 87 75 81 5 0 16 T 0.0 0 7.5 16 290 M M 8 38 20 290
11 89 73 81 5 0 16 T 0.0 0 10.7 17 300 M M 5 3 22 310
12 84 65 75 -1 0 10 0.00 0.0 0 7.1 16 340 M M 2 20 340
13 84 59 72 -4 0 7 0.00 0.0 0 4.1 9 210 M M 3 M M
14 86 63 75 -1 0 10 0.00 0.0 0 5.8 16 180 M M 7 21 150
15 78 67 73 -3 0 8 0.05 0.0 0 4.4 10 300 M M 10 12 310
16 86 65 76 1 0 11 0.00 0.0 0 5.2 16 160 M M 6 21 90
17 82 64 73 -2 0 8 0.03 0.0 0 4.3 24 100 M M 6 3 31 90
18 86 63 75 0 0 10 0.00 0.0 0 7.6 16 260 M M 2 19 260
19 91 63 77 2 0 12 0.00 0.0 0 4.1 13 140 M M 4 17 140
20 91 72 82 7 0 17 0.00 0.0 0 5.8 16 150 M M 5 19 150
21 86 71 79 4 0 14 0.18 0.0 0 6.5 18 160 M M 7 3 23 150
22 84 71 78 3 0 13 0.02 0.0 0 4.2 12 130 M M 8 3 14 290
23 84 68 76 2 0 11 0.00 0.0 0 7.8 18 290 M M 4 24 290
24 88 68 78 4 0 13 0.00 0.0 0 6.5 15 300 M M 2 19 320
25 92 67 80 6 0 15 0.00 0.0 0 4.9 17 190 M M 4 22 190
26 90 72 81 7 0 16 0.00 0.0 0 5.9 15 250 M M 6 17 250
27 88 71 80 6 0 15 0.00 0.0 0 4.3 12 290 M M 4 14 20
28 89 68 79 5 0 14 T 0.0 0 7.0 16 140 M M 3 20 140
29 92 74 83 10 0 18 0.00 0.0 0 7.7 16 160 M M 6 8 21 160
30 92 72 82 9 0 17 0.32 0.0 0 6.2 30 280 M M 6 3 41 290
31 83 67 75 2 0 10 0.00 0.0 0 9.5 21 310 M M 2 27 300
================================================================================
SM 2732 2153 0 435 1.14 0.0 190.6 M 157
================================================================================
AV 88.1 69.5 6.1 FASTST M M 5 MAX(MPH)
MISC ----> 39 300 50 300
================================================================================
NOTES:
# LAST OF SEVERAL OCCURRENCES
COLUMN 17 PEAK WIND IN M.P.H.
PRELIMINARY LOCAL CLIMATOLOGICAL DATA (WS FORM: F-6) , PAGE 2
STATION: HARRISBURG PA
MONTH: AUGUST
YEAR: 2022
LATITUDE: 40 11 N
LONGITUDE: 76 46 W
[TEMPERATURE DATA] [PRECIPITATION DATA] SYMBOLS USED IN COLUMN 16
AVERAGE MONTHLY: 78.8 TOTAL FOR MONTH: 1.14 1 = FOG OR MIST
DPTR FM NORMAL: 3.6 DPTR FM NORMAL: -2.63 2 = FOG REDUCING VISIBILITY
HIGHEST: 95 ON 4, 9 GRTST 24HR 0.54 ON 31- 1 TO 1/4 MILE OR LESS
LOWEST: 59 ON 13 3 = THUNDER
SNOW, ICE PELLETS, HAIL 4 = ICE PELLETS
TOTAL MONTH: 0.0 INCH 5 = HAIL
GRTST 24HR 0.0 6 = FREEZING RAIN OR DRIZZLE
GRTST DEPTH: 0 7 = DUSTSTORM OR SANDSTORM:
VSBY 1/2 MILE OR LESS
8 = SMOKE OR HAZE
[NO. OF DAYS WITH] [WEATHER - DAYS WITH] 9 = BLOWING SNOW
X = TORNADO
MAX 32 OR BELOW: 0 0.01 INCH OR MORE: 8
MAX 90 OR ABOVE: 14 0.10 INCH OR MORE: 3
MIN 32 OR BELOW: 0 0.50 INCH OR MORE: 1
MIN 0 OR BELOW: 0 1.00 INCH OR MORE: 0
[HDD (BASE 65) ]
TOTAL THIS MO. 0 CLEAR (SCALE 0-3) 8
DPTR FM NORMAL -1 PTCLDY (SCALE 4-7) 20
TOTAL FM JUL 1 0 CLOUDY (SCALE 8-10) 3
DPTR FM NORMAL 0
[CDD (BASE 65) ]
TOTAL THIS MO. 435
DPTR FM NORMAL 116 [PRESSURE DATA]
TOTAL FM JAN 1 1206 HIGHEST SLP 30.24 ON 6
DPTR FM NORMAL 185 LOWEST SLP 29.75 ON 30
[REMARKS]
#FINAL-08-22#