000
CXUS51 KCLE 010900
CF6MFD
PRELIMINARY LOCAL CLIMATOLOGICAL DATA (WS FORM: F-6)
STATION: MANSFIELD OH
MONTH: NOVEMBER
YEAR: 2022
LATITUDE: 40 49 N
LONGITUDE: 82 31 W
TEMPERATURE IN F: :PCPN: SNOW: WIND :SUNSHINE: SKY :PK WND
================================================================================
1 2 3 4 5 6A 6B 7 8 9 10 11 12 13 14 15 16 17 18
12Z AVG MX 2MIN
DY MAX MIN AVG DEP HDD CDD WTR SNW DPTH SPD SPD DIR MIN PSBL S-S WX SPD DR
================================================================================
1 62 46 54 7 11 0 0.06 0.0 0 6.0 14 230 M M 7 1 19 230
2 63 38 51 5 14 0 0.00 0.0 0 1.6 7 170 M M 2 128 9 180
3 68 38 53 7 12 0 0.00 0.0 0 5.8 12 160 M M 4 128 15 270
4 71 54 63 17 2 0 0.00 0.0 0 12.7 23 190 M M 0 30 170
5 75 60 68 23 0 3 0.00 0.0 0 19.9 41 180 M M 3 56 180
6 68 52 60 15 5 0 0.00 0.0 0 10.2 24 190 M M 3 29 200
7 60 43 52 7 13 0 0.00 0.0 0 8.1 16 310 M M 0 20 320
8 55 37 46 2 19 0 0.00 0.0 0 9.2 18 60 M M 0 24 60
9 68 43 56 12 9 0 0.00 0.0 0 12.7 21 160 M M 0 24 170
10 68 50 59 15 6 0 0.00 0.0 0 12.6 21 180 M M 0 24 180
11 60 45 53 10 12 0 1.21 0.0 0 7.5 20 310 M M 8 1 26 310
12 45 32 39 -4 26 0 0.07 T 0 8.4 16 270 M M 10 1 24 280
13 39 32 36 -6 29 0 T T T 8.5 15 270 M M 10 1 22 270
14 38 29 34 -8 31 0 0.00 0.0 0 5.4 10 40 M M 9 12 40
15 37 29 33 -9 32 0 0.04 T 0 8.3 14 90 M M 7 18 19 60
16 36 29 33 -8 32 0 0.09 T 0 10.8 18 230 M M 10 1 26 250
17 31 28 30 -11 35 0 T 0.3 T 12.2 23 210 M M 10 18 29 210
18 29 23 26 -14 39 0 0.03 0.3 T 12.9 23 230 M M 10 18 32 240
19 30 19 25 -15 40 0 0.02 T 1 16.4 29 200 M M 7 12 37 190
20 26 15 21 -19 44 0 0.00 0.0 1 10.4 18 250 M M 0 28 240
21 46 20 33 -6 32 0 0.00 0.0 T 14.6 28 200 M M 0 35 200
22 52 26 39 0 26 0 0.00 0.0 0 10.8 22 210 M M 0 29 220
23 56 33 45 6 20 0 0.00 0.0 0 7.5 15 210 M M 0 18 210
24 59 28 44 6 21 0 0.02 0.0 0 8.1 16 200 M M 2 22 230
25 50 38 44 6 21 0 0.04 0.0 0 9.7 20 320 M M 5 1 24 270
26 55 29 42 4 23 0 0.00 0.0 0 9.0 17 190 M M 0 1 21 190
27 58 40 49 12 16 0 0.51 0.0 0 15.3 31 210 M M 9 1 39 200
28 40 37 39 2 26 0 0.00 0.0 0 5.0 14 330 M M 10 1 17 330
29 54 39 47 10 18 0 0.00 0.0 0 13.0 22 150 M M 6 1 29 160
30 55 26 41 5 24 0 0.07 T 0 19.1 32 170 M M 9 1 40 250
================================================================================
SM 1554 1058 638 3 2.16 0.6 311.7 M 141
================================================================================
AV 51.8 35.3 10.4 FASTST M M 5 MAX(MPH)
MISC ----> 41 180 56 180
================================================================================
NOTES:
# LAST OF SEVERAL OCCURRENCES
COLUMN 17 PEAK WIND IN M.P.H.
PRELIMINARY LOCAL CLIMATOLOGICAL DATA (WS FORM: F-6) , PAGE 2
STATION: MANSFIELD OH
MONTH: NOVEMBER
YEAR: 2022
LATITUDE: 40 49 N
LONGITUDE: 82 31 W
[TEMPERATURE DATA] [PRECIPITATION DATA] SYMBOLS USED IN COLUMN 16
AVERAGE MONTHLY: 43.5 TOTAL FOR MONTH: 2.16 1 = FOG OR MIST
DPTR FM NORMAL: 2.0 DPTR FM NORMAL: -0.99 2 = FOG REDUCING VISIBILITY
HIGHEST: 75 ON 5 GRTST 24HR 1.21 ON 11-11 TO 1/4 MILE OR LESS
LOWEST: 15 ON 20 3 = THUNDER
SNOW, ICE PELLETS, HAIL 4 = ICE PELLETS
TOTAL MONTH: 0.6 INCH 5 = HAIL
GRTST 24HR 0.3 ON 17-17 6 = FREEZING RAIN OR DRIZZLE
GRTST DEPTH: 1 ON 20,19 7 = DUSTSTORM OR SANDSTORM:
VSBY 1/2 MILE OR LESS
8 = SMOKE OR HAZE
[NO. OF DAYS WITH] [WEATHER - DAYS WITH] 9 = BLOWING SNOW
X = TORNADO
MAX 32 OR BELOW: 4 0.01 INCH OR MORE: 11
MAX 90 OR ABOVE: 0 0.10 INCH OR MORE: 2
MIN 32 OR BELOW: 14 0.50 INCH OR MORE: 2
MIN 0 OR BELOW: 0 1.00 INCH OR MORE: 1
[HDD (BASE 65) ]
TOTAL THIS MO. 638 CLEAR (SCALE 0-3) 14
DPTR FM NORMAL -67 PTCLDY (SCALE 4-7) 6
TOTAL FM JUL 1 1137 CLOUDY (SCALE 8-10) 10
DPTR FM NORMAL -70
[CDD (BASE 65) ]
TOTAL THIS MO. 3
DPTR FM NORMAL 3 [PRESSURE DATA]
TOTAL FM JAN 1 811 HIGHEST SLP 30.69 ON 8
DPTR FM NORMAL 61 LOWEST SLP 29.32 ON 27
[REMARKS]
#FINAL-11-22#