000
CXUS54 KBRO 010900
CF6MFE
PRELIMINARY LOCAL CLIMATOLOGICAL DATA (WS FORM: F-6)
STATION: MCALLEN
MONTH: JANUARY
YEAR: 2024
LATITUDE: 26 10 N
LONGITUDE: 98 14 W
TEMPERATURE IN F: :PCPN: SNOW: WIND :SUNSHINE: SKY :PK WND
================================================================================
1 2 3 4 5 6A 6B 7 8 9 10 11 12 13 14 15 16 17 18
12Z AVG MX 2MIN
DY MAX MIN AVG DEP HDD CDD WTR SNW DPTH SPD SPD DIR MIN PSBL S-S WX SPD DR
================================================================================
1 76 58 67 5 0 2 0.00 0.0 0 4.8 18 360 M M 3 12 26 50
2 73 60 67 5 0 2 0.04 0.0 0 6.5 13 310 M M 9 1 17 30
3 72 50 61 -1 4 0 0.00 0.0 0 11.9 20 340 M M 5 27 50
4 72 46 59 -3 6 0 T 0.0 0 7.5 20 130 M M 4 26 130
5 74 49 62 0 3 0 0.20 0.0 0 8.1 20 340 M M 3 1 26 350
6 78 48 63 1 2 0 0.00 0.0 0 2.9 9 80 M M 2 12 140
7 75 54 65 3 0 0 0.00 0.0 0 10.7 26 150 M M 3 35 140
8 91 65 78 16 0 13 0.00 0.0 0 19.3 35 350 M M 6 54 350
9 69 47 58 -4 7 0 0.00 0.0 0 11.5 31 340 M M 1 45 350
10 76 43 60 -2 5 0 0.00 0.0 0 8.0 25 160 M M 0 36 180
11 83 54 69 7 0 4 0.00 0.0 0 10.6 22 150 M M 0 1 31 150
12 72 50 61 -1 4 0 0.00 0.0 0 11.3 33 340 M M 3 128 43 350
13 74 43 59 -3 6 0 0.00 0.0 0 6.6 18 140 M M 0 26 120
14 80 50 65 3 0 0 0.00 0.0 0 9.0 21 130 M M M 1 31 150
15 58 32 45 -17 20 0 0.03 0.0 0 13.1 23 340 M M 10 1 29 340
16 44 28 36 -26 29 0 T 0.0 0 13.9 31 350 M M 7 1 46 350
17 52 27 40 -22 25 0 0.00 0.0 0 3.2 12 340 M M 5 13 350
18 76 42 59 -4 6 0 0.00 0.0 0 2.9 13 170 M M 3 17 180
19 63 51 57 -6 8 0 0.01 0.0 0 9.2 21 10 M M 9 18 28 10
20 53 39 46 -17 19 0 0.07 0.0 0 12.5 20 360 M M 10 18 24 360
21 46 41 44 -19 21 0 0.31 0.0 0 6.7 14 260 M M 10 1 22 260
22 77 46 62 -1 3 0 0.06 0.0 0 10.2 23 120 M M 6 1 31 170
23 77 65 71 8 0 6 0.01 0.0 0 10.8 17 140 M M 8 1 24 150
24 71 64 68 5 0 3 0.00 0.0 0 5.2 14 320 M M 10 1 18 310
25 79 60 70 6 0 5 0.00 0.0 0 7.4 18 350 M M 4 1 24 340
26 81 63 72 8 0 7 0.01 0.0 0 5.1 16 10 M M 7 1 20 360
27 75 55 65 1 0 0 0.00 0.0 0 11.4 24 300 M M 4 35 340
28 75 46 61 -3 4 0 0.00 0.0 0 6.3 15 360 M M 0 26 40
29 75 42 59 -5 6 0 0.00 0.0 0 3.5 14 120 M M 0 17 110
30 76 54 65 1 0 0 0.00 0.0 0 4.3 15 100 M M 0 20 110
31 79 55 67 3 0 2 0.00 0.0 0 6.9 18 100 M M 2 24 100
================================================================================
SM 2222 1527 178 44 0.74 0.0 261.3 M 134
================================================================================
AV 71.7 49.3 8.4 FASTST M M 4 MAX(MPH)
MISC ----> 35 350 54 350
================================================================================
NOTES:
# LAST OF SEVERAL OCCURRENCES
COLUMN 17 PEAK WIND IN M.P.H.
PRELIMINARY LOCAL CLIMATOLOGICAL DATA (WS FORM: F-6) , PAGE 2
STATION: MCALLEN
MONTH: JANUARY
YEAR: 2024
LATITUDE: 26 10 N
LONGITUDE: 98 14 W
[TEMPERATURE DATA] [PRECIPITATION DATA] SYMBOLS USED IN COLUMN 16
AVERAGE MONTHLY: 60.5 TOTAL FOR MONTH: 0.74 1 = FOG OR MIST
DPTR FM NORMAL: -2.3 DPTR FM NORMAL: -0.03 2 = FOG REDUCING VISIBILITY
HIGHEST: 91 ON 8 GRTST 24HR 0.56 ON 4- 5 TO 1/4 MILE OR LESS
LOWEST: 27 ON 17 3 = THUNDER
SNOW, ICE PELLETS, HAIL 4 = ICE PELLETS
TOTAL MONTH: 0.0 INCH 5 = HAIL
GRTST 24HR 0.0 6 = FREEZING RAIN OR DRIZZLE
GRTST DEPTH: 0 7 = DUSTSTORM OR SANDSTORM:
VSBY 1/2 MILE OR LESS
8 = SMOKE OR HAZE
[NO. OF DAYS WITH] [WEATHER - DAYS WITH] 9 = BLOWING SNOW
X = TORNADO
MAX 32 OR BELOW: 0 0.01 INCH OR MORE: 9
MAX 90 OR ABOVE: 1 0.10 INCH OR MORE: 2
MIN 32 OR BELOW: 3 0.50 INCH OR MORE: 0
MIN 0 OR BELOW: 0 1.00 INCH OR MORE: 0
[HDD (BASE 65) ]
TOTAL THIS MO. 178 CLEAR (SCALE 0-3) 11
DPTR FM NORMAL 28 PTCLDY (SCALE 4-7) 13
TOTAL FM JUL 1 335 CLOUDY (SCALE 8-10) 7
DPTR FM NORMAL -7
[CDD (BASE 65) ]
TOTAL THIS MO. 44
DPTR FM NORMAL -37 [PRESSURE DATA]
TOTAL FM JAN 1 44 HIGHEST SLP 30.52 ON 16
DPTR FM NORMAL -37 LOWEST SLP 29.43 ON 8
[REMARKS]
#FINAL-01-24#